-- MySQL Administrator dump 1.4
--
-- ------------------------------------------------------





--
-- Create schema dpmdomaindealstv
--

CREATE DATABASE IF NOT EXISTS dpmdomaindealstv;
USE dpmdomaindealstv;

--
-- Definition of table `category`
--

CREATE TABLE `category` (
  `id` int(11) NOT NULL AUTO_INCREMENT,
  `name` varchar(50) NOT NULL,
  PRIMARY KEY (`id`)
) ENGINE=InnoDB AUTO_INCREMENT=31 DEFAULT CHARSET=utf8;

--
-- Dumping data for table `category`
--

INSERT INTO `category` (`id`,`name`) VALUES 
 (1,'Acronyms'),
 (2,'Arts'),
 (3,'Business'),
 (4,'Computers'),
 (5,'Education'),
 (6,'Family'),
 (7,'Games'),
 (8,'Health and Beauty'),
 (9,'Miscellaneous'),
 (10,'Recreation'),
 (11,'Science'),
 (12,'Shopping'),
 (13,'Society'),
 (14,'Sports'),
 (15,'Adult'),
 (16,'Entertainment'),
 (17,'Travel'),
 (18,'Internet'),
 (19,'Real Estate'),
 (20,'Names'),
 (21,'Services'),
 (22,'Products'),
 (23,'Home And Garden'),
 (24,'Food and Drink'),
 (25,'Fashion'),
 (26,'Single Words'),
 (27,'Pets'),
 (28,'Places'),
 (29,'Media'),
 (30,'Spanish Names');


--
-- Definition of table `config`
--

CREATE TABLE `config` (
  `id` int(11) NOT NULL AUTO_INCREMENT,
  `handle` varchar(30) NOT NULL,
  `label` varchar(30) NOT NULL,
  `value` text,
  PRIMARY KEY (`id`)
) ENGINE=InnoDB AUTO_INCREMENT=35 DEFAULT CHARSET=utf8;

--
-- Dumping data for table `config`
--

INSERT INTO `config` (`id`,`handle`,`label`,`value`) VALUES 
 (9,'host_name','Host Name','domaindeals.tv'),
 (10,'paypal_email','PayPal E-mail address','mark@kitcarson.net'),
 (11,'website_title','Website Title','DomainDeals.tv'),
 (13,'logo_filename','Right logo filename','greatdeals1.png'),
 (14,'mailer_host','Mailer Host Name','mail.domaindeals.tv'),
 (15,'mailer_port','Mailer Port Number','25'),
 (16,'mailer_username','Mailer Username','mark@domaindeals.tv'),
 (17,'mailer_password','Mailer Password','dd33mm3dx'),
 (18,'mailer_email','Mailer mailback E-mail address','mark@domaindeals.tv'),
 (19,'mailer_name','Mailer mailback Name','Mark'),
 (20,'meta_keywords','Meta data keywords','domains,domain names,tv,dot tv,dottv,tv names,domains for sale'),
 (21,'meta_description','Meta data description','Great Dot TV Domain Deals'),
 (22,'left_logo_filename','Top left logo filename','domaindeals50Trans.png'),
 (23,'skin','Website Skin','black'),
 (24,'no_left_logo','Disable Left hand side logo',NULL),
 (25,'no_right_logo','Disable Right hand side logo','on'),
 (26,'top_advert','Top advertasement space','<p>\r\n	<strong><a href=\"http://click.linksynergy.com/fs-bin/click?id=MpthJ20MSjg&amp;offerid=239754.10000022&amp;type=3&amp;subid=0\" target=\"new\"><span style=\"color:#ffffff;\">$9.99 .TV Domains</span></a><span style=\"color: rgb(255, 255, 255);\"><img border=\"0\" height=\"1\" src=\"http://ad.linksynergy.com/fs-bin/show?id=MpthJ20MSjg&amp;bids=239754.10000022&amp;type=3&amp;subid=0\" width=\"1\" /></span></strong></p>\r\n'),
 (27,'bottom_advert','Bottom advertasement space','<p>\r\n	<a href=\"http://click.linksynergy.com/fs-bin/click?id=MpthJ20MSjg&amp;offerid=239754.15&amp;type=4&amp;subid=0\" target=\"new\"><img alt=\"Dynadot - Register Domain\" border=\"0\" src=\"http://www.dynadot.com/community/help/image/321-1.jpg\" /></a><img border=\"0\" height=\"1\" src=\"http://ad.linksynergy.com/fs-bin/show?id=MpthJ20MSjg&amp;bids=239754.15&amp;type=4&amp;subid=0\" width=\"1\" /></p>\r\n<p>\r\n	&nbsp;</p>\r\n<p>\r\n	<a href=\"http://www.domaining.com/\" onfocus=\"if(this.getAttribute(\'replaced\')==null){this.setAttribute(\'replaced\', 1); this.href=\'http://partner.domaining.com/link/?id=11611\';} return(true);\"><img alt=\"I love domaining and support the domain industry\" border=\"0\" height=\"31\" src=\"http://partner.domaining.com/award/ilovedomaining-160x31.gif\" title=\"I love domaining and support the domain industry\" width=\"160\" /></a></p>\r\n'),
 (28,'left_advert','Left advertasement space','<p>\r\n	&nbsp;</p>\r\n<p>\r\n	&nbsp;</p>\r\n<p>\r\n	<a href=\"http://ref.name.com/aff_c?offer_id=3&amp;aff_id=1330&amp;url_id=10&amp;file_id=52\" target=\"_blank\"><img border=\"0\" height=\"125\" src=\"http://media.go2speed.org/brand/files/namecom/3/125x125.jpg\" width=\"125\" /></a><img height=\"1\" src=\"http://ref.name.com/aff_i?offer_id=3&amp;aff_id=1330&amp;url_id=10&amp;file_id=52\" width=\"1\" /></p>\r\n'),
 (29,'right_advert','Right advertasement space',''),
 (30,'copyright','Copyright area','<p>\r\n	Copyright &copy;2011 DomainDeals.tv and Vgrooves, Inc. All rights reserved.</p>\r\n'),
 (31,'website_folder','Website Folder','/'),
 (32,'linear_view','Linear Domains List View','on'),
 (33,'display_count_per_page','Display results per page','15'),
 (34,'reset_code','','39284939');


--
-- Definition of table `content`
--

CREATE TABLE `content` (
  `id` int(11) NOT NULL AUTO_INCREMENT,
  `created_at` datetime DEFAULT NULL,
  `handle` varchar(30) NOT NULL,
  `label` varchar(100) NOT NULL,
  `content` text,
  PRIMARY KEY (`id`)
) ENGINE=InnoDB AUTO_INCREMENT=3 DEFAULT CHARSET=utf8;

--
-- Dumping data for table `content`
--

INSERT INTO `content` (`id`,`created_at`,`handle`,`label`,`content`) VALUES 
 (1,NULL,'main_page_top','Main page top content','<p>\r\n	With the explosion of online video and the growing popularity of &quot;watching&quot; the Internet on your TV we believe a great Dot TV domain name makes a perfect web address.<br />\r\n	<br />\r\n	All domains have standard renewal rates / All prices subject to change without notice / All domains subject to prior sale</p>\r\n'),
 (2,NULL,'domain_sold','Domain sold content','');


--
-- Definition of table `domain`
--

CREATE TABLE `domain` (
  `id` int(11) NOT NULL AUTO_INCREMENT,
  `created_at` datetime DEFAULT NULL,
  `extension_id` int(11) NOT NULL DEFAULT '0',
  `sale_type_id` int(11) NOT NULL DEFAULT '0',
  `price` decimal(10,2) DEFAULT NULL,
  `description` text CHARACTER SET utf8 COLLATE utf8_unicode_ci,
  `name` varchar(255) CHARACTER SET utf8 COLLATE utf8_unicode_ci NOT NULL,
  `is_featured` tinyint(4) DEFAULT '0',
  `is_premium` tinyint(4) DEFAULT '0',
  `is_sold` tinyint(4) DEFAULT '0',
  `sold_at` datetime DEFAULT NULL,
  PRIMARY KEY (`id`),
  KEY `domain_FI_1` (`extension_id`),
  KEY `domain_FI_2` (`sale_type_id`),
  CONSTRAINT `domain_FK_1` FOREIGN KEY (`extension_id`) REFERENCES `extension` (`id`) ON DELETE CASCADE,
  CONSTRAINT `domain_FK_2` FOREIGN KEY (`sale_type_id`) REFERENCES `sale_type` (`id`) ON DELETE CASCADE
) ENGINE=InnoDB AUTO_INCREMENT=888 DEFAULT CHARSET=utf8;

--
-- Dumping data for table `domain`
--

INSERT INTO `domain` (`id`,`created_at`,`extension_id`,`sale_type_id`,`price`,`description`,`name`,`is_featured`,`is_premium`,`is_sold`,`sold_at`) VALUES 
 (1,'2011-09-24 21:36:37',6,2,NULL,'','NaturalRemedies',0,0,1,'2011-10-08 18:15:33'),
 (2,'2011-09-24 21:49:48',6,2,NULL,'','Rafting',0,1,0,NULL),
 (4,'2011-09-25 03:51:20',6,2,NULL,'','Climber',0,0,0,NULL),
 (5,'2011-09-25 04:03:25',6,2,NULL,'','Jacuzzi',0,1,0,NULL),
 (6,'2011-09-25 04:05:20',6,2,NULL,'','Muffins',0,0,0,NULL),
 (7,'2011-09-25 04:08:13',6,2,NULL,'','Bojan',0,0,0,NULL),
 (8,'2011-09-25 04:10:28',6,2,NULL,'','CostaVerde',0,0,0,NULL),
 (9,'2011-09-25 04:12:49',6,2,NULL,'','Mech',0,0,0,NULL),
 (10,'2011-09-25 04:14:21',6,2,NULL,'','Umberto',0,0,0,NULL),
 (12,'2011-09-25 04:21:36',6,2,NULL,'','Dario',0,0,0,NULL),
 (13,'2011-09-25 04:23:32',6,2,NULL,'','Dimitri',0,0,0,NULL),
 (14,'2011-09-25 04:24:51',6,2,NULL,'','Constantino',0,0,0,NULL),
 (15,'2011-09-25 04:26:25',6,2,NULL,'','Silvio',0,0,0,NULL),
 (16,'2011-09-25 04:28:06',6,2,NULL,'','Giuseppe',0,0,0,NULL),
 (17,'2011-09-25 04:29:43',6,2,NULL,'','Gennaro',0,0,0,NULL),
 (18,'2011-09-25 04:32:07',6,2,NULL,'','Satanic',0,0,0,NULL),
 (19,'2011-09-25 04:34:59',6,2,NULL,'','Wick',0,0,0,NULL),
 (20,'2011-09-25 04:37:21',6,2,NULL,'','Tragedy',0,0,0,NULL),
 (21,'2011-09-25 05:08:39',6,2,NULL,'','Coil',0,0,0,NULL),
 (22,'2011-09-25 05:12:13',6,2,NULL,'','Shredder',0,0,0,NULL),
 (23,'2011-09-25 05:33:52',6,2,NULL,'','Tube',1,1,0,NULL),
 (24,'2011-09-25 05:36:20',6,2,NULL,'','Mojo',1,1,0,NULL),
 (25,'2011-09-25 05:38:00',6,2,NULL,'','Society',1,1,0,NULL),
 (27,'2011-09-26 13:45:09',6,2,NULL,'','Tofu',0,1,0,NULL),
 (29,'2011-09-28 10:08:00',6,2,NULL,'','Premonition',0,1,0,NULL),
 (30,'2011-09-28 10:13:32',6,2,NULL,'','BigBand',0,0,0,NULL),
 (31,'2011-09-28 10:16:04',6,2,NULL,'','MixedMedia',0,0,0,NULL),
 (32,'2011-09-28 10:17:42',6,2,NULL,'','Surveyors',0,0,0,NULL),
 (33,'2011-09-28 10:19:30',6,2,NULL,'','Habitats',0,0,0,NULL),
 (34,'2011-09-28 10:26:48',6,2,NULL,'','PuppetShow',0,0,0,NULL),
 (35,'2011-09-28 10:30:35',6,2,NULL,'','DrumSets',0,0,0,NULL),
 (36,'2011-09-28 10:34:53',6,2,NULL,'','Baton',0,0,0,NULL),
 (37,'2011-09-28 10:39:31',6,2,NULL,'','Bowler',0,1,0,NULL),
 (38,'2011-09-28 10:43:04',6,2,NULL,'','Roadtrips',0,1,0,NULL),
 (39,'2011-09-28 10:44:32',6,2,NULL,'','MyMotor',0,0,1,'2012-01-05 18:54:01'),
 (40,'2011-09-28 10:46:09',6,2,NULL,'','Comforter',0,0,0,NULL),
 (41,'2011-09-28 10:48:11',6,2,NULL,'','Arabica',0,0,0,NULL),
 (42,'2011-09-28 10:49:52',6,2,NULL,'','AtlanticOcean',0,0,0,NULL),
 (43,'2011-09-28 10:54:14',6,2,NULL,'','Melodrama',0,1,0,NULL),
 (44,'2011-09-28 10:56:50',6,2,NULL,'','OnlineBook',0,0,0,NULL),
 (45,'2011-09-28 10:59:04',6,2,NULL,'','Pharm',0,1,0,NULL),
 (46,'2011-09-28 11:01:45',6,2,NULL,'','iTaxi',0,0,0,NULL),
 (47,'2011-09-28 11:04:13',6,2,NULL,'','Suites',0,1,0,NULL),
 (48,'2011-09-28 11:09:06',6,2,NULL,'','iCollege',0,0,0,NULL),
 (49,'2011-09-28 11:13:41',6,2,NULL,'','Renata',0,0,0,NULL),
 (53,'2011-09-28 11:27:50',6,2,NULL,'','Baja',1,1,1,'2011-09-28 11:31:34'),
 (54,'2011-09-28 11:29:20',6,2,NULL,'','3DX',0,0,1,'2011-09-28 11:32:35'),
 (55,'2011-09-28 11:34:58',6,2,NULL,'','BuckinghamPalace',0,0,0,NULL),
 (56,'2011-09-28 11:38:46',6,2,NULL,'','CleanFuel',0,0,0,NULL),
 (57,'2011-09-28 11:40:23',6,2,NULL,'','Foxtrot',0,0,0,NULL),
 (58,'2011-09-28 11:42:45',6,2,NULL,'','iBanking',0,0,0,NULL),
 (59,'2011-09-28 11:44:49',6,2,NULL,'','Breaking-News',0,0,0,NULL),
 (60,'2011-09-28 11:46:41',6,2,NULL,'','Damages',0,0,0,NULL),
 (61,'2011-09-28 11:56:40',6,2,NULL,'','Synthetic',0,1,0,NULL),
 (62,'2011-09-28 13:26:48',6,2,NULL,'','Gifting',0,1,0,NULL),
 (63,'2011-09-28 13:28:15',6,2,NULL,'','Fortress',0,1,0,NULL),
 (64,'2011-09-28 13:29:31',6,2,NULL,'','Decay',0,0,0,NULL),
 (65,'2011-09-28 13:31:00',6,2,NULL,'','Void',1,1,1,'2011-10-11 10:18:57'),
 (66,'2011-09-28 13:50:10',6,2,NULL,'','VideoRental',0,0,0,NULL),
 (67,'2011-09-28 13:51:47',6,2,NULL,'','Leigh',0,0,0,NULL),
 (68,'2011-09-28 13:53:20',6,2,NULL,'','NewsCoverage',0,0,0,NULL),
 (69,'2011-09-28 14:03:21',6,2,NULL,'','Feud',0,1,0,NULL),
 (70,'2011-09-28 14:05:01',6,2,NULL,'','Suma',0,1,0,NULL),
 (71,'2011-09-28 14:06:39',6,2,NULL,'','Castello',0,0,0,NULL),
 (72,'2011-09-28 14:11:13',6,2,NULL,'','LaPlaya',0,0,0,NULL),
 (73,'2011-09-28 14:13:44',6,2,NULL,'','Settings',0,0,0,NULL),
 (75,'2011-09-28 14:20:52',6,2,NULL,'','Campaigning',0,0,0,NULL),
 (77,'2011-09-28 14:31:56',6,2,NULL,'','MyLifestyle',0,0,0,NULL),
 (78,'2011-09-28 14:36:59',6,2,NULL,'','ParkAvenue',0,0,0,NULL),
 (79,'2011-09-28 14:40:14',6,2,NULL,'','Integrate',0,1,0,NULL),
 (81,'2011-09-28 14:58:28',6,2,NULL,'','Showman',0,1,0,NULL),
 (82,'2011-09-28 15:00:16',6,2,NULL,'','Trackers',0,0,0,NULL),
 (83,'2011-09-28 15:02:06',6,2,NULL,'','Vehicule',0,0,0,NULL),
 (85,'2011-09-28 16:13:58',6,2,NULL,'','Janine',0,0,0,NULL),
 (86,'2011-09-28 16:15:58',6,2,NULL,'','TrailerTrash',0,0,0,NULL),
 (87,'2011-09-28 16:18:16',6,2,NULL,'<p>\r\n	Amazon River</p>\r\n','AmazonRiver',0,0,0,NULL),
 (88,'2011-09-28 16:20:27',6,2,NULL,'','Payout',0,1,0,NULL),
 (89,'2011-09-28 16:22:37',6,2,NULL,'<p>\r\n	Black Magic</p>\r\n','BlackMagic',0,0,0,NULL),
 (90,'2011-09-28 16:24:15',6,2,NULL,'','GBN',0,0,0,NULL),
 (91,'2011-09-28 16:25:44',6,2,NULL,'','RMA',0,0,0,NULL),
 (92,'2011-09-28 16:27:31',6,2,NULL,'','Songbook',0,1,1,'2012-01-22 04:37:48'),
 (93,'2011-09-28 16:28:52',6,2,NULL,'','Caroline',0,0,0,NULL),
 (94,'2011-09-28 16:31:01',6,2,NULL,'','Debra',0,0,0,NULL),
 (95,'2011-09-28 16:33:18',6,2,NULL,'<p>\r\n	My Broadcast</p>\r\n','MyBroadcast',0,0,0,NULL),
 (96,'2011-09-28 16:35:35',6,2,NULL,'','Jester',0,1,0,NULL),
 (97,'2011-09-28 16:37:51',6,2,NULL,'<p>\r\n	Pina Colada</p>\r\n','PinaColada',0,0,0,NULL),
 (98,'2011-09-28 16:39:53',6,2,NULL,'<p>\r\n	My Book</p>\r\n','MyBook',0,0,0,NULL),
 (99,'2011-09-28 16:41:43',6,2,NULL,'','Cubana',0,1,0,NULL),
 (100,'2011-09-28 16:43:36',6,2,NULL,'','Hosted',0,0,0,NULL),
 (101,'2011-09-28 16:46:23',6,2,NULL,'<p>\r\n	Solar Systems</p>\r\n','SolarSystems',0,0,0,NULL),
 (102,'2011-09-28 16:48:15',6,2,NULL,'<p>\r\n	My Gene</p>\r\n','MyGene',0,0,0,NULL),
 (103,'2011-09-28 16:50:10',6,2,NULL,'','Shining',0,0,0,NULL),
 (104,'2011-09-28 16:52:15',6,2,NULL,'','Tip',1,1,0,NULL),
 (105,'2011-09-28 16:54:06',6,2,NULL,'','Bonkers',0,1,0,NULL),
 (106,'2011-09-28 16:56:03',6,2,NULL,'','Acupuncturist',0,0,0,NULL),
 (107,'2011-09-28 16:59:23',6,2,NULL,'','Appetite',0,1,0,NULL),
 (108,'2011-09-28 17:02:01',6,2,NULL,'','Placebo',0,1,0,NULL),
 (109,'2011-09-28 17:04:03',6,2,NULL,'<p>\r\n	Fun Land</p>\r\n','Funland',0,1,0,NULL),
 (110,'2011-09-28 17:07:16',6,2,NULL,'<p>\r\n	Gold Market</p>\r\n','GoldMarket',0,0,0,NULL),
 (111,'2011-09-28 17:09:40',6,2,NULL,'','Weirdo',0,1,1,'2012-03-13 00:36:16'),
 (112,'2011-09-28 17:11:56',6,2,NULL,'','Mamacita',0,0,0,NULL),
 (113,'2011-09-28 17:14:10',6,2,NULL,'','Taverns',0,1,0,NULL),
 (114,'2011-09-28 17:15:35',6,2,NULL,'','iBeauty',0,0,0,NULL),
 (115,'2011-09-28 17:16:59',6,2,NULL,'<p>\r\n	My Sex Cam</p>\r\n','MySexCam',0,0,0,NULL),
 (116,'2011-09-28 17:19:30',6,2,NULL,'','Deuce',0,1,0,NULL),
 (117,'2011-09-28 17:21:20',6,2,NULL,'','Mera',0,0,0,NULL),
 (118,'2011-09-28 17:23:42',6,2,NULL,'<p>\r\n	Gold Investing</p>\r\n','GoldInvesting',0,0,0,NULL),
 (119,'2011-09-28 17:26:12',6,2,NULL,'','Ageless',0,0,0,NULL),
 (120,'2011-09-28 17:28:38',6,2,NULL,'<p>\r\n	Scuba Cam</p>\r\n','ScubaCam',0,0,0,NULL),
 (121,'2011-09-28 17:31:25',6,2,NULL,'','Crimson',0,1,0,NULL),
 (122,'2011-09-28 17:34:56',6,2,NULL,'','Subatomic',0,1,0,NULL),
 (123,'2011-09-28 17:36:27',6,2,NULL,'<p>\r\n	Cartoon Sex</p>\r\n','CartoonSex',0,0,0,NULL),
 (124,'2011-09-28 17:38:13',6,2,NULL,'','Palisades',0,1,0,NULL),
 (125,'2011-09-28 17:40:00',6,2,NULL,'','Trilogy',0,1,0,NULL),
 (126,'2011-09-28 17:42:27',6,2,NULL,'','Piracy',0,1,0,NULL),
 (127,'2011-09-28 17:44:14',6,2,NULL,'','Metric',0,1,0,NULL),
 (128,'2011-09-28 17:45:47',6,2,NULL,'','Juliette',0,0,0,NULL),
 (129,'2011-09-28 17:47:58',6,2,NULL,'<p>\r\n	Energy Solutions</p>\r\n','EnergySolutions',0,0,0,NULL),
 (130,'2011-09-28 17:49:09',6,2,NULL,'','Linsey',0,0,0,NULL),
 (131,'2011-09-28 17:51:26',6,2,NULL,'','Explosions',0,1,0,NULL),
 (132,'2011-09-28 17:54:25',6,2,NULL,'','Pathways',0,1,0,NULL),
 (133,'2011-09-28 17:58:17',6,2,NULL,'','Ribbon',0,1,0,NULL),
 (134,'2011-09-28 18:01:27',6,2,NULL,'<p>\r\n	Golf Tips</p>\r\n','GolfTips',0,0,0,NULL),
 (135,'2011-09-28 18:07:14',6,2,NULL,'','Sexiest',0,1,0,NULL),
 (136,'2011-09-28 18:13:00',6,2,NULL,'','Saki',0,1,0,NULL),
 (137,'2011-09-28 18:15:31',6,2,NULL,'','Ignition',0,0,1,'2011-12-16 23:42:45'),
 (138,'2011-09-28 18:17:07',6,2,NULL,'','Camsluts',0,0,0,NULL),
 (139,'2011-09-28 18:18:38',6,2,NULL,'','eGames',0,0,0,NULL),
 (140,'2011-09-28 18:25:19',6,2,NULL,'','Glaucoma',0,0,0,NULL),
 (141,'2011-09-28 18:28:05',6,2,NULL,'','Sexier',0,1,0,NULL),
 (142,'2011-09-28 18:30:11',6,2,NULL,'<p>\r\n	Home Sale</p>\r\n','Homesale',0,0,0,NULL),
 (143,'2011-09-28 18:32:41',6,2,NULL,'','Venues',0,1,0,NULL),
 (144,'2011-09-28 18:34:40',6,2,NULL,'<p>\r\n	Anime Sex</p>\r\n','AnimeSex',0,0,0,NULL),
 (145,'2011-09-28 18:37:20',6,2,NULL,'','Catwalks',0,1,0,NULL),
 (146,'2011-09-28 18:40:10',6,2,NULL,'<p>\r\n	Car Pooling</p>\r\n','CarPooling',0,0,0,NULL),
 (147,'2011-09-28 18:42:07',6,2,NULL,'','Bonk',0,1,0,NULL),
 (148,'2011-09-29 09:38:09',6,2,NULL,'','Dem',0,1,0,NULL),
 (149,'2011-09-29 09:40:01',6,2,NULL,'','GOP',1,1,0,NULL),
 (150,'2011-09-30 11:11:46',6,2,NULL,'','Blackhole',0,1,0,NULL),
 (151,'2011-09-30 11:13:17',6,2,NULL,'','Aperitif',0,0,0,NULL),
 (152,'2011-09-30 11:16:50',6,2,NULL,'','Relic',0,1,0,NULL),
 (153,'2011-09-30 11:18:21',6,2,NULL,'','SurvivalGear',0,0,0,NULL),
 (154,'2011-09-30 11:19:50',6,2,NULL,'','iMovies',0,0,0,NULL),
 (155,'2011-09-30 11:23:52',6,2,NULL,'','Workplace',0,0,0,NULL),
 (156,'2011-09-30 11:25:29',6,2,NULL,'','Minerva',0,0,0,NULL),
 (157,'2011-09-30 11:27:13',6,2,NULL,'','Period',0,0,0,NULL),
 (158,'2011-09-30 11:28:41',6,2,NULL,'','Simi',0,1,0,NULL),
 (159,'2011-09-30 11:29:56',6,2,NULL,'','3dOn',0,0,0,NULL),
 (160,'2011-09-30 11:32:28',6,2,NULL,'','3dGame',0,0,0,NULL),
 (161,'2011-09-30 11:33:29',6,2,NULL,'','XPorn',0,0,0,NULL),
 (162,'2011-09-30 11:35:28',6,2,NULL,'','Canyoning',0,0,0,NULL),
 (163,'2011-09-30 11:36:45',6,2,NULL,'','Theatrical',0,1,0,NULL),
 (164,'2011-09-30 11:43:43',6,2,NULL,'','Aquatic',0,1,0,NULL),
 (165,'2011-09-30 11:45:15',6,2,NULL,'','MyReality',0,0,0,NULL),
 (166,'2011-09-30 11:46:53',6,2,NULL,'','Barley',0,0,0,NULL),
 (167,'2011-09-30 11:48:29',6,2,NULL,'','PoliticalNews',0,0,0,NULL),
 (168,'2011-09-30 11:50:37',6,2,NULL,'','Stationary',0,0,0,NULL),
 (169,'2011-09-30 11:52:39',6,2,NULL,'','Sauce',0,1,0,NULL),
 (170,'2011-09-30 12:03:04',6,2,NULL,'','Oops',1,1,0,NULL),
 (171,'2011-09-30 12:09:55',6,2,NULL,'','GroupSex',0,0,0,NULL),
 (172,'2011-09-30 12:13:10',6,2,NULL,'','LesbianSex',0,0,0,NULL),
 (173,'2011-09-30 12:16:01',6,2,NULL,'','Brazilian',0,1,0,NULL),
 (174,'2011-09-30 12:28:34',6,2,NULL,'','Astral',1,1,0,NULL),
 (175,'2011-09-30 12:31:23',6,2,NULL,'','Tex',1,1,0,NULL),
 (176,'2011-09-30 12:32:25',6,2,NULL,'','Kiki',0,1,0,NULL),
 (177,'2011-09-30 12:33:19',6,2,NULL,'','EbonySex',0,0,0,NULL),
 (178,'2011-09-30 12:34:50',6,2,NULL,'','Artworks',0,1,0,NULL),
 (179,'2011-09-30 12:37:06',6,2,NULL,'','Gymnastic',0,0,0,NULL),
 (180,'2011-09-30 12:54:41',6,2,NULL,'','CartoonPorn',0,0,0,NULL),
 (181,'2011-09-30 12:56:02',6,2,NULL,'','StarvingArtist',0,0,0,NULL),
 (182,'2011-09-30 12:59:00',6,2,NULL,'<p>\r\n	Hot Pursuit - Great name for a dating site. Also would make an excellent domain for a site that showed police pursuit videos ala OJ...</p>\r\n','HotPursuit',0,0,0,NULL),
 (183,'2011-09-30 13:14:54',6,2,NULL,'','3dXXX',0,0,0,NULL),
 (185,'2011-09-30 13:18:10',6,2,NULL,'','Brochure',0,1,0,NULL),
 (186,'2011-09-30 13:21:36',6,2,NULL,'','Artistry',0,1,0,NULL),
 (188,'2011-09-30 13:37:07',6,2,NULL,'','Rembrandt',0,1,0,'2011-10-14 22:04:41'),
 (194,'2011-09-30 18:16:55',6,2,NULL,'<p>\r\n	Open Book</p>\r\n','OpenBook',0,0,0,NULL),
 (196,'2011-09-30 18:21:07',6,2,NULL,'<p>\r\n	Love Cats</p>\r\n','LoveCats',0,0,0,NULL),
 (197,'2011-09-30 18:23:14',6,2,NULL,'','Thrillseekers',0,1,0,NULL),
 (198,'2011-09-30 18:28:01',6,2,NULL,'<p>\r\n	Shooting Star</p>\r\n','ShootingStar',0,0,0,NULL),
 (199,'2011-09-30 18:29:40',6,2,NULL,'','Roseanne',0,0,0,NULL),
 (200,'2011-09-30 18:32:04',6,2,NULL,'','Auctioneers',0,0,0,NULL),
 (201,'2011-09-30 18:34:10',6,2,NULL,'','Mercantile',0,0,0,NULL),
 (202,'2011-09-30 18:35:47',6,2,NULL,'<p>\r\n	Free Porn Video</p>\r\n','FreePornVideo',0,0,0,NULL),
 (203,'2011-09-30 18:37:31',6,2,NULL,'','Distortion',0,1,0,NULL),
 (204,'2011-09-30 18:39:44',6,2,NULL,'<p>\r\n	Swimsuit Models</p>\r\n','SwimsuitModels',0,0,0,NULL),
 (205,'2011-10-01 17:43:12',6,2,NULL,'','Frankenstein',0,0,0,NULL),
 (206,'2011-10-01 17:44:52',6,2,NULL,'','Titts',0,0,0,NULL),
 (207,'2011-10-01 17:47:16',6,2,NULL,'','Bridgette',0,0,0,NULL),
 (208,'2011-10-01 17:52:53',6,2,NULL,'<p>\r\n	G-String Bikinis and Panties. Great huge keyword domain where the dash really works.</p>\r\n','G-String',0,0,0,NULL),
 (209,'2011-10-01 18:21:27',6,2,NULL,'','Futuristic',0,1,0,NULL),
 (210,'2011-10-01 18:27:02',6,2,NULL,'','Judith',0,0,0,NULL),
 (211,'2011-10-01 18:29:11',6,2,NULL,'','Wrench',0,0,0,NULL),
 (212,'2011-10-01 18:31:13',6,2,NULL,'','Tornados',0,0,0,NULL),
 (213,'2011-10-01 18:33:30',6,2,NULL,'','Barnyard',0,0,0,NULL),
 (214,'2011-10-01 18:35:16',6,2,NULL,'','Anthology',0,0,0,NULL),
 (215,'2011-10-01 18:37:20',6,2,NULL,'<p>\r\n	Job Listing</p>\r\n','JobListing',0,0,0,NULL),
 (216,'2011-10-01 18:46:28',6,2,NULL,'<p>\r\n	Treasure Map</p>\r\n','TreasureMap',0,0,0,NULL),
 (217,'2011-10-01 18:49:01',6,2,NULL,'<p>\r\n	Bed and Bath</p>\r\n','BedAndBath',0,0,0,NULL),
 (218,'2011-10-01 18:51:08',6,2,NULL,'','Acrobat',0,1,0,NULL),
 (219,'2011-10-01 18:53:55',6,2,NULL,'<p>\r\n	Fashion Magazine</p>\r\n','FashionMagazine',0,0,0,NULL),
 (220,'2011-10-01 18:56:43',6,2,NULL,'<p>\r\n	Folk Rock</p>\r\n','FolkRock',0,0,0,NULL),
 (221,'2011-10-01 18:58:43',6,2,NULL,'','Sinatra',0,0,0,NULL),
 (222,'2011-10-01 19:02:00',6,2,NULL,'','Gunfighter',0,0,0,NULL),
 (223,'2011-10-01 19:04:05',6,2,NULL,'<p>\r\n	Electronic Music</p>\r\n','ElectronicMusic',0,0,0,NULL),
 (224,'2011-10-01 19:05:51',6,2,NULL,'<p>\r\n	Drum Circle</p>\r\n','DrumCircle',0,0,0,NULL),
 (225,'2011-10-01 19:07:55',6,2,NULL,'','Tramway',0,0,0,NULL),
 (226,'2011-10-01 19:10:02',6,2,NULL,'','Abalone',0,0,0,NULL),
 (227,'2011-10-01 19:11:32',6,2,NULL,'<p>\r\n	In Fashion</p>\r\n','InFashion',0,0,0,NULL),
 (228,'2011-10-01 19:32:46',6,2,NULL,'<p>\r\n	Sexy Models</p>\r\n','SexyModels',0,0,0,NULL),
 (229,'2011-10-01 19:57:34',6,2,NULL,'','Crook',0,0,0,NULL),
 (230,'2011-10-01 20:00:14',6,2,NULL,'<p>\r\n	Supervision or Super Vision. Ethier way a great domain name.</p>\r\n','Supervision',0,0,0,NULL),
 (231,'2011-10-01 20:03:22',6,2,NULL,'','Sleazy',0,0,0,NULL),
 (232,'2011-10-01 20:06:25',6,2,NULL,'','Styled',0,1,0,NULL),
 (233,'2011-10-01 20:08:58',6,2,NULL,'<p>\r\n	Travel Planet</p>\r\n','TravelPlanet',0,0,0,NULL),
 (234,'2011-10-01 20:11:03',6,2,NULL,'','Chum',0,0,0,NULL),
 (235,'2011-10-01 20:12:59',6,2,NULL,'<p>\r\n	Train Ride</p>\r\n','TrainRide',0,0,0,NULL),
 (236,'2011-10-01 20:15:00',6,2,NULL,'','Quaint',0,0,0,NULL),
 (237,'2011-10-01 20:17:10',6,2,NULL,'','Worldly',0,0,0,NULL),
 (238,'2011-10-01 20:19:09',6,2,NULL,'<p>\r\n	Mud Bog</p>\r\n','Mudbog',0,0,0,NULL),
 (239,'2011-10-02 09:05:31',6,2,NULL,'<p>\r\n	River Cruise</p>\r\n','RiverCruise',0,0,0,NULL),
 (240,'2011-10-02 09:07:07',6,2,NULL,'','Pristine',0,0,0,NULL),
 (241,'2011-10-02 09:08:49',6,2,NULL,'','3DV',0,0,0,NULL),
 (242,'2011-10-02 09:10:21',6,2,NULL,'','Rear',0,0,0,NULL),
 (243,'2011-10-02 09:12:47',6,2,NULL,'','iMix',0,0,0,NULL),
 (244,'2011-10-02 09:14:05',6,2,NULL,'','Cavalier',0,0,0,NULL),
 (245,'2011-10-02 09:16:06',6,2,NULL,'','Wasp',0,0,0,NULL),
 (246,'2011-10-02 09:17:52',6,2,NULL,'','Eyeliner',0,0,0,NULL),
 (247,'2011-10-02 09:19:40',6,2,NULL,'','Sleek',0,1,0,NULL),
 (248,'2011-10-02 09:21:45',6,2,NULL,'<p>\r\n	High Performance</p>\r\n','HighPerformance',0,0,0,NULL),
 (249,'2011-10-02 09:23:14',6,2,NULL,'<p>\r\n	Shaved Pussy</p>\r\n','ShavedPussy',0,0,0,NULL),
 (250,'2011-10-02 09:24:50',6,2,NULL,'<p>\r\n	Soul Music</p>\r\n','SoulMusic',0,0,0,NULL),
 (251,'2011-10-02 09:26:36',6,2,NULL,'<p>\r\n	Track Star</p>\r\n','Trackstar',0,0,0,NULL),
 (252,'2011-10-02 09:28:04',6,2,NULL,'','Poon',0,0,0,NULL),
 (253,'2011-10-02 09:29:19',6,2,NULL,'','Transexuals',0,0,0,NULL),
 (254,'2011-10-02 09:31:22',6,2,NULL,'','Sicko',0,0,0,NULL),
 (255,'2011-10-02 09:32:58',6,2,NULL,'','Morris',0,0,0,NULL),
 (256,'2011-10-02 09:34:51',6,2,NULL,'','Composers',0,1,0,NULL),
 (257,'2011-10-02 09:36:50',6,2,NULL,'','Plank',0,0,0,NULL),
 (258,'2011-10-02 09:38:23',6,2,NULL,'','Lass',0,0,0,NULL),
 (259,'2011-10-02 09:39:44',6,2,NULL,'','Daze',0,0,0,NULL),
 (260,'2011-10-02 09:41:42',6,2,NULL,'','Slides',0,0,0,NULL),
 (261,'2011-10-02 09:43:02',6,2,NULL,'','Crotch',0,0,0,NULL),
 (262,'2011-10-02 09:44:30',6,2,NULL,'','Mountaineering',0,0,0,NULL),
 (263,'2011-10-02 09:47:17',6,2,NULL,'','iRV',0,1,0,NULL),
 (264,'2011-10-02 09:49:16',6,2,NULL,'<p>\r\n	Recreational Vehicles</p>\r\n','RecreationalVehicles',0,0,0,NULL),
 (265,'2011-10-02 09:51:01',6,2,NULL,'','Devotion',0,0,0,NULL),
 (266,'2011-10-02 09:52:28',6,2,NULL,'<p>\r\n	Peeping Tom</p>\r\n','PeepingTom',0,0,0,NULL),
 (267,'2011-10-02 09:54:10',6,2,NULL,'<p>\r\n	The 60&#39;s</p>\r\n','The60s',0,0,0,NULL),
 (268,'2011-10-02 10:00:09',6,2,NULL,'<p>\r\n	Smart Stream</p>\r\n','SmartStream',0,0,0,NULL),
 (269,'2011-10-02 10:08:32',6,2,NULL,'','Raisin',0,0,0,NULL),
 (270,'2011-10-02 10:18:03',6,2,NULL,'','Decal',0,0,0,NULL),
 (271,'2011-10-02 10:23:54',6,2,NULL,'','Subwoofers',0,0,0,NULL),
 (272,'2011-10-02 10:27:40',6,2,NULL,'','Foxes',0,0,0,NULL),
 (273,'2011-10-02 10:31:37',6,2,NULL,'','Guacamole',0,0,0,NULL),
 (274,'2011-10-02 10:42:35',6,2,NULL,'','Catamaran',0,1,0,NULL),
 (275,'2011-10-02 10:46:23',6,1,'50.00','','Niches',0,0,0,NULL),
 (276,'2011-10-02 10:48:44',6,2,NULL,'<p>\r\n	Picture Perfect</p>\r\n','PicturePerfect',0,0,1,'2011-12-16 01:36:08'),
 (277,'2011-10-02 10:50:22',6,2,NULL,'<p>\r\n	Tight Pussy</p>\r\n','TightPussy',0,0,0,NULL),
 (278,'2011-10-02 10:55:15',6,2,NULL,'','Naturopathic',0,0,0,NULL),
 (279,'2011-10-02 10:59:32',6,2,NULL,'','Circular',0,0,0,NULL),
 (280,'2011-10-02 11:28:38',6,2,NULL,'','Buccaneer',0,0,0,NULL),
 (281,'2011-10-02 11:38:56',6,2,NULL,'<p>\r\n	Hot Spring</p>\r\n','HotSpring',0,0,0,NULL),
 (282,'2011-10-02 11:40:15',6,2,NULL,'','Katz',0,0,0,NULL),
 (283,'2011-10-02 11:42:19',6,2,NULL,'','Marcelo',0,0,0,NULL),
 (284,'2011-10-02 11:44:26',6,2,NULL,'','Grave',0,0,0,NULL),
 (285,'2011-10-02 11:52:22',6,2,NULL,'','Yale',0,1,0,NULL),
 (286,'2011-10-02 13:26:03',6,2,NULL,'','Storytelling',0,1,0,NULL),
 (287,'2011-10-02 13:28:02',6,2,NULL,'','Ballad',1,1,0,NULL),
 (288,'2011-10-02 13:30:10',6,2,NULL,'<p>\r\n	Date Me</p>\r\n','DateMe',0,0,0,NULL),
 (289,'2011-10-02 13:32:54',6,2,NULL,'','Zuni',0,0,0,NULL),
 (290,'2011-10-02 13:34:38',6,2,NULL,'<p>\r\n	Extreme Sex</p>\r\n','ExtremeSex',0,0,0,NULL),
 (291,'2011-10-02 13:36:07',6,2,NULL,'<p>\r\n	Extreme Porn</p>\r\n','ExtremePorn',0,0,0,NULL),
 (292,'2011-10-02 13:38:57',6,2,NULL,'<p>\r\n	Sing a Song</p>\r\n','SingaSong',0,0,0,NULL),
 (293,'2011-10-02 13:40:41',6,2,NULL,'<p>\r\n	Hot Fashion</p>\r\n','HotFashion',0,0,0,NULL),
 (294,'2011-10-02 13:42:31',6,2,NULL,'<p>\r\n	Fall Fashion</p>\r\n','FallFashion',0,0,0,NULL),
 (295,'2011-10-02 13:44:32',6,2,NULL,'','iTech',0,0,0,NULL),
 (296,'2011-10-02 13:46:06',6,2,NULL,'<p>\r\n	Hot XXX</p>\r\n','HotXXX',0,0,0,NULL),
 (297,'2011-10-02 13:48:12',6,2,NULL,'','Issue',0,1,0,NULL),
 (298,'2011-10-02 13:50:12',6,2,NULL,'<p>\r\n	DJ Mix</p>\r\n','DjMix',0,0,1,'2011-12-16 23:42:26'),
 (300,'2011-10-02 13:56:35',6,2,NULL,'<p>\r\n	Tits And Ass</p>\r\n','TitsAndAss',0,0,0,NULL),
 (301,'2011-10-02 13:59:46',6,2,NULL,'','iStrip',0,0,0,NULL),
 (302,'2011-10-02 14:03:49',6,2,NULL,'','Earthships',0,0,0,NULL),
 (303,'2011-10-02 14:07:05',6,2,NULL,'<p>\r\n	Indian Girls</p>\r\n','IndianGirls',0,0,0,NULL),
 (304,'2011-10-02 14:11:37',6,2,NULL,'<p>\r\n	Pink Pussy</p>\r\n','PinkPussy',0,0,0,NULL),
 (305,'2011-10-02 14:18:31',6,2,NULL,'<p>\r\n	Variety Show</p>\r\n','VarietyShow',0,0,0,NULL),
 (306,'2011-10-02 14:21:13',6,2,NULL,'<p>\r\n	Homemade Sex</p>\r\n','HomemadeSex',0,0,0,NULL),
 (307,'2011-10-02 14:23:46',6,2,NULL,'<p>\r\n	i Hip Hop</p>\r\n','iHipHop',0,0,0,NULL),
 (308,'2011-10-02 14:26:05',6,2,NULL,'<p>\r\n	Pet Me</p>\r\n','PetMe',0,0,0,NULL),
 (309,'2011-10-02 14:34:56',6,2,NULL,'<p>\r\n	Remember Me</p>\r\n','RememberMe',0,0,0,NULL),
 (310,'2011-10-02 14:36:38',6,2,NULL,'<p>\r\n	Latina Sex</p>\r\n','LatinaSex',0,0,0,NULL),
 (311,'2011-10-02 14:49:01',6,2,NULL,'<p>\r\n	Grand Prize</p>\r\n','GrandPrize',0,0,0,NULL),
 (312,'2011-10-02 14:56:54',6,2,NULL,'<p>\r\n	Outdoor Sex</p>\r\n','OutdoorSex',0,0,0,NULL),
 (313,'2011-10-02 14:58:11',6,2,NULL,'<p>\r\n	Shower Sex</p>\r\n','ShowerSex',0,0,0,NULL),
 (314,'2011-10-02 14:59:41',6,2,NULL,'<p>\r\n	Beach Sex</p>\r\n','BeachSex',0,0,0,NULL),
 (315,'2011-10-02 15:12:00',6,2,NULL,'<p>\r\n	Pussy Licking</p>\r\n','PussyLicking',0,0,0,NULL),
 (316,'2011-10-02 15:33:14',6,2,NULL,'','Appearance',0,1,0,NULL),
 (317,'2011-10-02 15:42:57',6,2,NULL,'<p>\r\n	Tit Fucking</p>\r\n','TitFucking',0,0,0,NULL),
 (318,'2011-10-02 16:06:41',6,2,NULL,'<p>\r\n	Lesbian Pussy</p>\r\n','LesbianPussy',0,0,0,NULL),
 (319,'2011-10-02 16:14:30',6,2,NULL,'<p>\r\n	Blonde Pussy</p>\r\n','BlondePussy',0,0,0,NULL),
 (320,'2011-10-02 16:19:57',6,2,NULL,'<p>\r\n	Ebony Pussy</p>\r\n','EbonyPussy',0,0,0,NULL),
 (321,'2011-10-02 16:27:04',6,2,NULL,'<p>\r\n	Indian Pussy</p>\r\n','IndianPussy',0,0,0,NULL),
 (322,'2011-10-02 17:11:12',6,2,NULL,'','HangGlider',0,0,0,NULL),
 (323,'2011-10-02 17:13:24',6,2,NULL,'','Tarantula',0,0,0,NULL),
 (325,'2011-10-02 17:17:43',6,2,NULL,'<p>\r\n	Ice Climbing</p>\r\n','IceClimbing',0,0,0,NULL),
 (326,'2011-10-02 17:20:00',6,2,NULL,'<p>\r\n	Drag Queen</p>\r\n','DragQueen',0,0,0,NULL),
 (327,'2011-10-02 17:22:30',6,2,NULL,'<p>\r\n	Hot Air Balloon</p>\r\n','HotAirBalloon',0,0,0,NULL),
 (328,'2011-10-02 17:24:55',6,2,NULL,'','Trex',0,0,0,NULL),
 (329,'2011-10-02 17:26:39',6,2,NULL,'','1040',0,0,0,NULL),
 (330,'2011-10-02 17:30:29',6,2,NULL,'<p>\r\n	Colorado River</p>\r\n','ColoradoRiver',0,0,0,NULL),
 (331,'2011-10-02 17:34:14',6,2,NULL,'<p>\r\n	Outdoor Activities</p>\r\n','OutdoorActivities',0,0,0,NULL),
 (332,'2011-10-02 17:36:07',6,2,NULL,'','Fiduciary',0,0,0,NULL),
 (333,'2011-10-02 17:38:05',6,2,NULL,'','Pewter',0,0,0,NULL),
 (334,'2011-10-02 17:39:59',6,2,NULL,'','Skim',0,0,0,NULL),
 (335,'2011-10-02 17:42:20',6,2,NULL,'','Revu',0,0,0,NULL),
 (336,'2011-10-02 17:44:52',6,2,NULL,'<p>\r\n	Vintage Fashion</p>\r\n','VintageFashion',0,0,0,NULL),
 (337,'2011-10-02 17:46:52',6,2,NULL,'<p>\r\n	My Vacation</p>\r\n','MyVacation',0,0,0,NULL),
 (338,'2011-10-02 17:51:49',6,2,NULL,'<p>\r\n	Ski Taos</p>\r\n','SkiTaos',0,0,0,NULL),
 (339,'2011-10-02 17:54:10',6,2,NULL,'<p>\r\n	Taos Ski Valley</p>\r\n','TaosSkiValley',0,0,0,NULL),
 (340,'2011-10-02 17:56:07',6,2,NULL,'<p>\r\n	3D Erotic TV</p>\r\n','3dErotic',0,0,0,NULL),
 (341,'2011-10-02 17:58:44',6,2,NULL,'<p>\r\n	Balloon Ride</p>\r\n','BalloonRide',0,0,0,NULL),
 (342,'2011-10-02 18:01:18',6,2,NULL,'<p>\r\n	Balloon Rides</p>\r\n','BalloonRides',0,0,0,NULL),
 (343,'2011-10-02 18:05:03',6,2,NULL,'<p>\r\n	Summer Vacation</p>\r\n','SummerVacation',0,0,0,NULL),
 (344,'2011-10-02 18:08:04',6,2,NULL,'<p>\r\n	European Business</p>\r\n','EuropeanBusiness',0,0,0,NULL),
 (345,'2011-10-02 18:11:42',6,2,NULL,'','Adventurous',0,1,0,NULL),
 (346,'2011-10-02 18:19:38',6,2,NULL,'<p>\r\n	Art Museum</p>\r\n','ArtMuseum',0,0,0,NULL),
 (347,'2011-10-02 18:22:53',6,2,NULL,'<p>\r\n	Tour Guide</p>\r\n','TourGuide',0,0,0,NULL),
 (348,'2011-10-02 18:24:53',6,2,NULL,'','Campground',0,1,0,NULL),
 (349,'2011-10-02 18:26:49',6,2,NULL,'','Carnival',0,1,0,NULL),
 (350,'2011-10-02 18:28:52',6,2,NULL,'','Playground',0,1,0,NULL),
 (351,'2011-10-02 18:31:17',6,2,NULL,'','Rollercoaster',0,1,1,'2012-04-01 18:52:41'),
 (352,'2011-10-02 18:33:25',6,2,NULL,'','Lowrider',0,0,0,NULL),
 (353,'2011-10-02 18:35:40',6,2,NULL,'','Anti',0,0,0,NULL),
 (354,'2011-10-02 18:37:37',6,2,NULL,'','Comedian',0,1,0,NULL),
 (355,'2011-10-02 18:40:03',6,2,NULL,'<p>\r\n	Atlanta Georgia</p>\r\n','AtlantaGeorgia',0,0,0,NULL),
 (356,'2011-10-02 18:42:35',6,2,NULL,'','Homeboy',0,0,0,NULL),
 (357,'2011-10-04 09:23:02',6,2,NULL,'','Paycheck',0,1,0,NULL),
 (358,'2011-10-04 09:32:53',6,2,NULL,'','Damage',0,0,0,NULL),
 (359,'2011-10-04 09:38:09',6,2,NULL,'','Hoodlum',0,0,0,NULL),
 (360,'2011-10-04 10:36:38',6,2,NULL,'','Honesty',0,0,0,NULL),
 (361,'2011-10-04 17:58:52',6,2,NULL,'<p>\r\n	247 Business</p>\r\n','247Business',0,0,0,NULL),
 (363,'2011-10-04 18:48:27',6,2,NULL,'<p>\r\n	Garage Band</p>\r\n','GarageBand',0,0,0,NULL),
 (364,'2011-10-04 18:51:01',6,2,NULL,'<p>\r\n	Country Western</p>\r\n','CountryWestern',0,0,0,NULL),
 (365,'2011-10-07 08:26:40',6,2,NULL,'','Cayman',0,1,0,NULL),
 (366,'2011-10-07 08:28:18',6,2,NULL,'','Moviestar',1,1,0,NULL),
 (367,'2011-10-07 08:30:22',6,2,NULL,'','Motherload',0,1,0,NULL),
 (368,'2011-10-07 08:31:52',6,2,NULL,'','Kitties',0,1,0,NULL),
 (369,'2011-10-07 08:34:14',6,2,NULL,'','Editorial',0,1,0,NULL),
 (370,'2011-10-07 08:36:04',6,2,NULL,'','Sculptor',0,1,0,NULL),
 (371,'2011-10-07 08:37:39',6,2,NULL,'','Boxer',0,1,0,NULL),
 (372,'2011-10-07 08:39:34',6,2,NULL,'','Stripping',0,0,0,NULL),
 (373,'2011-10-07 08:41:41',6,2,NULL,'','Performing',0,1,0,NULL),
 (375,'2011-10-07 08:45:32',6,2,NULL,'<p>\r\n	Ballroom Dancing</p>\r\n','BallroomDancing',0,0,0,NULL),
 (376,'2011-10-07 08:55:24',6,2,NULL,'<p>\r\n	Asian Business</p>\r\n','AsianBusiness',0,0,0,NULL),
 (377,'2011-10-07 08:58:22',6,2,NULL,'','Snoop',0,1,0,NULL),
 (378,'2011-10-07 09:14:27',6,2,NULL,'<p>\r\n	Vegas Vacations</p>\r\n','VegasVacations',0,0,0,NULL),
 (379,'2011-10-07 09:16:57',6,1,'35.00','','Puffers',0,0,0,NULL),
 (380,'2011-10-07 09:18:50',6,2,NULL,'<p>\r\n	Ski Colorado</p>\r\n','SkiColorado',0,0,0,NULL),
 (381,'2011-10-07 09:20:17',6,2,NULL,'<p>\r\n	Ski Utah</p>\r\n','SkiUtah',0,0,0,NULL),
 (382,'2011-10-07 09:21:45',6,2,NULL,'<p>\r\n	Motel Room</p>\r\n','MotelRoom',0,0,0,NULL),
 (383,'2011-10-07 09:23:54',6,2,NULL,'','Rockhound',0,1,0,NULL),
 (384,'2011-10-07 09:25:30',6,2,NULL,'','Paintbrush',0,0,0,NULL),
 (385,'2011-10-07 09:27:09',6,2,NULL,'','Pierced',0,0,0,NULL),
 (386,'2011-10-07 09:29:04',6,2,NULL,'<p>\r\n	3D Toon</p>\r\n','3dToon',0,0,0,NULL),
 (387,'2011-10-07 09:30:50',6,2,NULL,'<p>\r\n	3D Cartoon</p>\r\n','3dCartoon',0,0,0,NULL),
 (388,'2011-10-07 09:32:56',6,2,NULL,'<p>\r\n	Visual Tour</p>\r\n','VisualTour',0,0,0,NULL),
 (389,'2011-10-07 09:34:49',6,2,NULL,'','Rollable',0,0,0,NULL),
 (390,'2011-10-07 09:36:41',6,2,NULL,'<p>\r\n	Thrill Seeking</p>\r\n','ThrillSeeking',0,0,0,NULL),
 (391,'2011-10-07 09:38:34',6,2,NULL,'<p>\r\n	Thrill Rides</p>\r\n','ThrillRides',0,0,0,NULL),
 (392,'2011-10-07 09:40:27',6,2,NULL,'<p>\r\n	Action Adventure</p>\r\n','ActionAdventure',0,0,0,NULL),
 (393,'2011-10-07 09:42:37',6,2,NULL,'<p>\r\n	Flying Saucer</p>\r\n','FlyingSaucer',0,0,0,NULL),
 (394,'2011-10-07 09:44:09',6,2,NULL,'<p>\r\n	Flying Saucers</p>\r\n','FlyingSaucers',0,0,0,NULL),
 (395,'2011-10-07 09:46:26',6,2,NULL,'','Windjammer',0,0,0,NULL),
 (396,'2011-10-07 09:47:51',6,2,NULL,'','Fieldgoal',0,0,0,NULL),
 (397,'2011-10-07 09:49:48',6,2,NULL,'','Potus',0,0,0,NULL),
 (398,'2011-10-07 09:52:17',6,1,'35.00','','Jokester',0,0,0,NULL),
 (399,'2011-10-07 09:53:44',6,2,NULL,'<p>\r\n	Your News</p>\r\n','YourNews',0,0,0,NULL),
 (400,'2011-10-07 10:02:17',6,2,NULL,'','Me3',0,0,0,NULL),
 (401,'2011-10-07 10:04:18',6,2,NULL,'','Crossdresser',0,0,0,NULL),
 (402,'2011-10-07 12:52:20',6,2,NULL,'<p>\r\n	3D Anime</p>\r\n','3dAnime',0,0,0,NULL),
 (403,'2011-10-07 12:53:32',6,2,NULL,'<p>\r\n	3D Screen</p>\r\n','3dScreen',0,0,0,NULL),
 (404,'2011-10-07 12:54:36',6,2,NULL,'<p>\r\n	3D Display</p>\r\n','3dDisplay',0,0,0,NULL),
 (405,'2011-10-07 12:56:14',6,2,NULL,'<p>\r\n	4 Sale</p>\r\n','4Sale',0,0,0,NULL),
 (406,'2011-10-07 12:59:12',6,2,NULL,'<p>\r\n	Adult Chat</p>\r\n','AdultChat',0,0,0,NULL),
 (407,'2011-10-07 13:03:13',6,2,NULL,'','Amherst',0,0,0,NULL),
 (408,'2011-10-07 13:04:44',6,2,NULL,'','Anarchy',0,1,0,NULL),
 (409,'2011-10-07 13:35:37',6,2,NULL,'','Andes',0,0,0,NULL),
 (410,'2011-10-07 13:36:55',6,2,NULL,'','Appetizers',0,1,0,NULL),
 (411,'2011-10-07 13:38:44',6,2,NULL,'<p>\r\n	Auction Block</p>\r\n','AuctionBlock',0,0,0,NULL),
 (412,'2011-10-07 13:40:02',6,2,NULL,'<p>\r\n	Bayside</p>\r\n','Bayside',0,0,0,NULL),
 (413,'2011-10-07 13:41:44',6,2,NULL,'<p>\r\n	Beauty Pageant</p>\r\n','BeautyPageant',0,0,0,NULL),
 (414,'2011-10-07 13:43:04',6,2,NULL,'','Bimbo',0,0,0,NULL),
 (415,'2011-10-07 13:44:21',6,2,NULL,'','Browse',1,1,0,NULL),
 (416,'2011-10-07 13:45:32',6,2,NULL,'<p>\r\n	Business Card</p>\r\n','BusinessCard',0,0,0,NULL),
 (417,'2011-10-07 13:46:28',6,2,NULL,'','Cocksuckers',0,0,0,NULL),
 (418,'2011-10-07 13:47:45',6,2,NULL,'','Crack',0,1,0,NULL),
 (419,'2011-10-07 13:49:00',6,2,NULL,'<p>\r\n	Death Valley</p>\r\n','DeathValley',0,0,0,NULL),
 (420,'2011-10-07 13:50:33',6,2,NULL,'','Debut',0,1,0,NULL),
 (421,'2011-10-07 13:51:58',6,2,NULL,'<p>\r\n	Deep Sea</p>\r\n','DeepSea',0,0,0,NULL),
 (422,'2011-10-07 13:53:51',6,2,NULL,'','Fist',0,0,0,NULL),
 (423,'2011-10-07 13:55:11',6,2,NULL,'','Flesh',0,1,0,NULL),
 (424,'2011-10-07 13:56:20',6,2,NULL,'','Freaky',0,1,0,NULL),
 (425,'2011-10-07 14:44:13',6,2,NULL,'<p>\r\n	Free Cam</p>\r\n','FreeCam',0,0,0,NULL),
 (426,'2011-10-07 14:50:35',6,2,NULL,'<p>\r\n	Go Green</p>\r\n','GoGreen',0,0,0,NULL),
 (427,'2011-10-07 14:52:32',6,2,NULL,'<p>\r\n	Graphic Art</p>\r\n','GraphicArt',0,0,0,NULL),
 (428,'2011-10-07 17:35:54',6,2,NULL,'<p>\r\n	Health And Beauty</p>\r\n','HealthAndBeauty',0,0,0,NULL),
 (429,'2011-10-07 17:39:44',6,2,NULL,'','Historic',0,1,0,NULL),
 (430,'2011-10-07 17:42:52',6,2,NULL,'<p>\r\n	Home and Garden</p>\r\n','HomeAndGarden',0,0,0,NULL),
 (431,'2011-10-07 17:49:27',6,2,NULL,'','Hopi',0,0,0,NULL),
 (432,'2011-10-07 17:51:07',6,2,NULL,'<p>\r\n	Horseback Riding</p>\r\n','HorsebackRiding',0,0,0,NULL),
 (433,'2011-10-07 17:52:53',6,2,NULL,'<p>\r\n	Hot Babes</p>\r\n','HotBabes',0,0,0,NULL),
 (434,'2011-10-07 18:25:38',6,2,NULL,'','Houseboat',0,1,0,NULL),
 (435,'2011-10-08 10:49:21',6,2,NULL,'<p>\r\n	Hula Hoop</p>\r\n','HulaHoop',0,0,0,NULL),
 (436,'2011-10-08 10:51:21',6,2,NULL,'','Idol',1,1,0,NULL),
 (437,'2011-10-08 10:53:39',6,2,NULL,'<p>\r\n	Japanese Porn</p>\r\n','JapanesePorn',0,0,0,NULL),
 (438,'2011-10-08 11:04:22',6,2,NULL,'','Kaya',0,0,0,NULL),
 (439,'2011-10-08 11:06:08',6,2,NULL,'<p>\r\n	Kinky Sex</p>\r\n','KinkySex',0,0,0,NULL),
 (440,'2011-10-08 11:08:07',6,2,NULL,'','Marks',0,0,0,NULL),
 (441,'2011-10-08 11:15:48',6,2,NULL,'','Masterpiece',0,1,0,NULL),
 (442,'2011-10-08 11:17:31',6,2,NULL,'<p>\r\n	MILF Porn</p>\r\n','MilfPorn',0,0,0,NULL),
 (443,'2011-10-08 11:26:37',6,2,NULL,'','Naturopath',0,0,0,NULL),
 (444,'2011-10-08 11:28:54',6,2,NULL,'','Nurseries',0,0,0,NULL),
 (445,'2011-10-08 11:31:50',6,2,NULL,'<p>\r\n	Online Chat</p>\r\n','OnlineChat',0,0,0,NULL),
 (446,'2011-10-08 11:33:51',6,2,NULL,'','Phenomena',0,1,0,NULL),
 (447,'2011-10-08 11:36:02',6,2,NULL,'','Raceway',0,1,0,NULL),
 (448,'2011-10-08 11:37:50',6,2,NULL,'<p>\r\n	Russian Porn</p>\r\n','RussianPorn',0,0,0,NULL),
 (449,'2011-10-08 11:42:22',6,2,NULL,'','Singer',0,1,0,NULL),
 (450,'2011-10-08 11:44:36',6,2,NULL,'','Slender',0,1,0,NULL),
 (451,'2011-10-08 11:47:03',6,2,NULL,'<p>\r\n	Sports Club</p>\r\n','Sportsclub',0,0,0,NULL),
 (452,'2011-10-08 11:49:00',6,2,NULL,'','Squirt',0,0,0,NULL),
 (453,'2011-10-08 11:58:00',6,2,NULL,'','Stampede',0,0,0,NULL),
 (454,'2011-10-08 12:37:44',6,2,NULL,'<p>\r\n	Survival Guide</p>\r\n','SurvivalGuide',0,0,0,NULL),
 (455,'2011-10-08 12:39:36',6,2,NULL,'','Tempo',0,1,0,NULL),
 (456,'2011-10-08 12:59:20',6,2,NULL,'','Threads',0,1,0,NULL),
 (458,'2011-10-08 13:13:15',6,2,NULL,'<p>\r\n	Tow Truck</p>\r\n','TowTruck',0,0,0,NULL),
 (459,'2011-10-08 13:24:24',6,2,NULL,'','Truckers',0,1,0,NULL),
 (460,'2011-10-08 13:26:26',6,2,NULL,'<p>\r\n	Truck Stop</p>\r\n','TruckStop',0,0,0,NULL),
 (461,'2011-10-08 13:28:10',6,2,NULL,'','TSTV',0,0,0,NULL),
 (462,'2011-10-08 13:38:31',6,2,NULL,'','Wacky',0,1,0,NULL),
 (463,'2011-10-08 13:40:30',6,2,NULL,'','Whip',0,1,0,NULL),
 (464,'2011-10-08 13:42:50',6,2,NULL,'','Yarn',0,1,1,'2012-01-27 19:25:18'),
 (465,'2011-10-08 13:48:41',6,2,NULL,'','Infant',0,1,0,NULL),
 (466,'2011-10-08 13:50:47',6,2,NULL,'','Vocalists',0,1,0,NULL),
 (467,'2011-10-08 13:52:59',6,2,NULL,'<p>\r\n	Horse Race</p>\r\n','Horserace',0,1,0,NULL),
 (468,'2011-10-08 13:55:05',6,2,NULL,'','Rockstar',1,1,0,NULL),
 (469,'2011-10-08 13:57:39',6,2,NULL,'<p>\r\n	Great domain name for a Virtual 3D website</p>\r\n','V3D',0,0,0,NULL),
 (470,'2011-10-08 13:59:06',6,2,NULL,'','Erotico',0,0,0,NULL),
 (471,'2011-10-08 14:02:12',6,2,NULL,'<p>\r\n	Body Art</p>\r\n','BodyArt',0,0,0,NULL),
 (472,'2011-10-08 14:09:00',6,2,NULL,'','Audition',1,1,0,NULL),
 (474,'2011-10-08 14:15:51',6,2,NULL,'<p>\r\n	Just Kidding</p>\r\n','JustKidding',0,0,0,NULL),
 (475,'2011-10-08 14:17:36',6,2,NULL,'','Pear',0,0,0,NULL),
 (476,'2011-10-08 14:19:48',6,2,NULL,'<p>\r\n	Road Rage</p>\r\n','Roadrage',0,0,0,NULL),
 (477,'2011-10-08 14:26:20',6,2,NULL,'<p>\r\n	247 News</p>\r\n','247News',0,0,0,NULL),
 (478,'2011-10-08 14:32:34',6,2,NULL,'','Chase',0,1,0,NULL),
 (479,'2011-10-08 14:36:41',6,2,NULL,'','Crash',0,1,0,NULL),
 (480,'2011-10-08 14:44:19',6,2,NULL,'','Circus',1,1,0,NULL),
 (481,'2011-10-08 14:52:29',6,2,NULL,'','Cumshot',0,0,0,NULL),
 (482,'2011-10-08 14:55:00',6,2,NULL,'','Economic',0,1,0,NULL),
 (483,'2011-10-08 14:57:32',6,2,NULL,'','Electronic',0,1,0,NULL),
 (484,'2011-10-08 15:00:21',6,2,NULL,'','Escape',0,1,0,NULL),
 (485,'2011-10-08 15:05:41',6,2,NULL,'','Fad',1,1,0,NULL),
 (486,'2011-10-08 15:08:07',6,2,NULL,'','Geode',0,1,0,NULL),
 (487,'2011-10-08 15:10:35',6,2,NULL,'','Chatroom',1,1,0,NULL),
 (488,'2011-10-08 15:13:14',6,2,NULL,'','Goldmine',0,1,0,NULL),
 (489,'2011-10-08 15:15:50',6,2,NULL,'','Hoe',0,0,0,NULL),
 (490,'2011-10-08 15:18:46',6,2,NULL,'','Physical',0,1,0,NULL),
 (491,'2011-10-08 15:20:52',6,2,NULL,'<p>\r\n	Porn Video TV</p>\r\n','PornVideo',0,0,0,NULL),
 (492,'2011-10-08 15:26:18',6,2,NULL,'','Quake',0,1,0,NULL),
 (493,'2011-10-08 15:28:12',6,2,NULL,'','Schoolgirls',0,0,0,NULL),
 (494,'2011-10-08 15:30:21',6,2,NULL,'','Topic',0,1,0,NULL),
 (495,'2011-10-08 18:14:01',6,2,NULL,'<p>\r\n	Virtual Tour</p>\r\n','VirtualTour',0,0,0,NULL),
 (496,'2011-10-08 18:17:53',6,2,NULL,'<p>\r\n	Treasure Hunters</p>\r\n','TreasureHunters',0,0,0,NULL),
 (497,'2011-10-09 11:35:14',6,2,NULL,'<p>\r\n	247 Sports</p>\r\n','247Sports',0,0,0,NULL),
 (500,'2011-10-10 12:24:16',6,2,NULL,'','Muffin',0,1,1,'2012-02-22 19:14:31'),
 (501,'2011-10-10 12:29:26',6,2,NULL,'<p>\r\n	Adult Dating</p>\r\n','AdultDating',0,0,0,NULL),
 (502,'2011-10-10 12:31:35',6,2,NULL,'','Tailgate',0,1,0,NULL),
 (503,'2011-10-10 12:33:15',6,2,NULL,'','Peyote',0,0,0,NULL),
 (504,'2011-10-10 12:35:03',6,2,NULL,'<p>\r\n	24 Hour</p>\r\n','24Hour',0,0,0,NULL),
 (505,'2011-10-10 12:36:59',6,2,NULL,'<p>\r\n	Culinary Arts</p>\r\n','CulinaryArts',0,0,0,NULL),
 (506,'2011-10-10 12:38:33',6,2,NULL,'','Plea',0,1,0,NULL),
 (507,'2011-10-10 12:39:42',6,2,NULL,'','Shady',0,1,0,NULL),
 (508,'2011-10-10 12:40:56',6,2,NULL,'','Alhambra',0,0,0,NULL),
 (509,'2011-10-10 12:43:11',6,2,NULL,'<p>\r\n	Tour Bus</p>\r\n','Tourbus',0,1,0,NULL),
 (510,'2011-10-10 12:44:34',6,2,NULL,'','Perk',0,1,0,NULL),
 (511,'2011-10-10 12:46:06',6,2,NULL,'','Sponge',0,1,0,NULL),
 (512,'2011-10-10 12:47:29',6,2,NULL,'','Sled',0,0,1,'2011-10-10 12:48:18'),
 (513,'2011-10-10 12:49:45',6,2,NULL,'','Defense',0,0,1,'2011-10-10 12:51:03'),
 (514,'2011-10-10 12:52:14',6,2,NULL,'','Kites',0,1,0,NULL),
 (515,'2011-10-10 12:53:35',6,2,NULL,'','Continental',0,1,0,NULL),
 (516,'2011-10-10 12:55:18',6,2,NULL,'','Poet',0,1,0,NULL),
 (517,'2011-10-10 12:57:08',6,2,NULL,'','Flamingo',0,1,0,NULL),
 (518,'2011-10-10 12:59:03',6,2,NULL,'<p>\r\n	Factory Direct</p>\r\n','FactoryDirect',0,0,0,NULL),
 (519,'2011-10-10 13:00:43',6,2,NULL,'','Signature',0,1,0,NULL),
 (520,'2011-10-10 13:02:34',6,2,NULL,'<p>\r\n	Zoo Keeper</p>\r\n','Zookeeper',0,0,0,NULL),
 (521,'2011-10-10 13:07:46',6,2,NULL,'<p>\r\n	Baby Face</p>\r\n','Babyface',0,0,0,NULL),
 (522,'2011-10-10 13:09:32',6,2,NULL,'','Rockets',0,1,0,NULL),
 (523,'2011-10-10 13:11:44',6,2,NULL,'','Streak',0,0,1,'2011-10-10 13:19:05'),
 (524,'2011-10-10 13:16:17',6,2,NULL,'','Psych',0,0,1,'2011-10-10 13:17:41'),
 (525,'2011-10-10 13:21:42',6,2,NULL,'','Mob',0,1,1,'2011-10-10 13:22:37'),
 (526,'2011-10-10 13:24:12',6,2,NULL,'','Instrumentals',0,1,0,NULL),
 (527,'2011-10-10 13:26:45',6,2,NULL,'<p>\r\n	Old Time</p>\r\n','OldTime',0,0,0,NULL),
 (528,'2011-10-10 13:28:43',6,2,NULL,'<p>\r\n	Golf Tournament</p>\r\n','GolfTournament',0,0,0,NULL),
 (529,'2011-10-10 13:30:15',6,2,NULL,'<p>\r\n	Love Song</p>\r\n','LoveSong',0,0,0,NULL),
 (530,'2011-10-10 13:32:00',6,2,NULL,'<p>\r\n	Party Animal</p>\r\n','PartyAnimal',0,0,1,'2012-04-01 18:52:13'),
 (531,'2011-10-10 13:33:24',6,2,NULL,'','Waffle',0,1,0,NULL),
 (532,'2011-10-10 13:34:52',6,2,NULL,'<p>\r\n	Family Vacation</p>\r\n','FamilyVacation',0,0,0,NULL),
 (533,'2011-10-10 13:36:57',6,2,NULL,'<p>\r\n	Trading Post</p>\r\n','TradingPost',0,0,0,NULL),
 (534,'2011-10-10 13:38:49',6,2,NULL,'<p>\r\n	Acoustic Guitar</p>\r\n','AcousticGuitar',0,0,0,NULL),
 (535,'2011-10-10 13:40:00',6,2,NULL,'','Threesomes',0,0,0,NULL),
 (536,'2011-10-10 13:46:48',6,2,NULL,'','Whistle',0,1,0,NULL),
 (537,'2011-10-10 13:52:25',6,2,NULL,'<p>\r\n	Guitar Hero</p>\r\n','GuitarHero',0,0,0,NULL),
 (538,'2011-10-10 16:34:34',6,2,NULL,'<p>\r\n	Fear And Loathing</p>\r\n','FearAndLoathing',0,0,0,NULL),
 (539,'2011-10-10 16:43:52',6,2,NULL,'','Katy',0,0,0,NULL),
 (540,'2011-10-10 16:48:11',6,2,NULL,'<p>\r\n	Reality Porn</p>\r\n','RealityPorn',0,0,0,NULL),
 (541,'2011-10-10 16:54:09',6,2,NULL,'','Loca',0,0,0,NULL),
 (542,'2011-10-10 16:55:47',6,2,NULL,'<p>\r\n	Folk Art</p>\r\n','FolkArt',0,0,0,NULL),
 (543,'2011-10-10 16:57:53',6,2,NULL,'<p>\r\n	Key Largo</p>\r\n','KeyLargo',0,0,0,NULL),
 (544,'2011-10-10 17:00:13',6,2,NULL,'','Blowout',0,1,0,NULL),
 (545,'2011-10-10 17:02:25',6,2,NULL,'','Serengeti',0,0,0,NULL),
 (546,'2011-10-10 17:05:02',6,2,NULL,'','Trumpet',0,1,0,NULL),
 (547,'2011-10-10 17:08:20',6,2,NULL,'<p>\r\n	Mash Up</p>\r\n','MashUp',0,0,0,NULL),
 (548,'2011-10-10 17:11:27',6,2,NULL,'','Cookbooks',0,1,0,NULL),
 (549,'2011-10-10 17:13:21',6,2,NULL,'','Asshole',0,0,0,NULL),
 (550,'2011-10-11 10:07:44',6,2,NULL,'<p>\r\n	Mobile Video</p>\r\n','MobileVideo',0,0,1,'2011-10-11 10:17:37'),
 (551,'2011-10-11 10:10:41',6,2,NULL,'','Filmizle',0,0,1,'2011-10-11 10:15:57'),
 (552,'2011-10-11 10:12:47',6,2,NULL,'<p>\r\n	Mobile Videos</p>\r\n','MobileVideos',0,0,0,NULL),
 (553,'2011-10-12 19:58:29',6,2,NULL,'','Hazardous',0,1,0,NULL),
 (554,'2011-10-12 20:00:22',6,2,NULL,'<p>\r\n	Beach Party</p>\r\n','BeachParty',0,0,0,NULL),
 (555,'2011-10-12 20:01:25',6,2,NULL,'<p>\r\n	Eat Out</p>\r\n','EatOut',0,0,0,NULL),
 (556,'2011-10-14 18:48:36',6,2,NULL,'<p>\r\n	Catalina Island</p>\r\n','CatalinaIsland',0,0,0,NULL),
 (558,'2011-10-15 04:46:08',6,2,NULL,'','Schnapps',0,0,0,NULL),
 (559,'2011-10-15 04:47:24',6,2,NULL,'','Shareholders',0,1,0,NULL),
 (560,'2011-10-15 04:49:00',6,2,NULL,'','Looter',0,0,0,NULL),
 (561,'2011-10-15 04:50:12',6,2,NULL,'','Looters',0,0,0,NULL),
 (562,'2011-10-15 05:53:19',6,2,NULL,'','Occupy',1,1,0,NULL),
 (563,'2011-10-15 05:54:56',6,2,NULL,'<p>\r\n	Lotto Results</p>\r\n','LottoResults',0,0,0,NULL),
 (564,'2011-10-15 05:56:10',6,2,NULL,'<p>\r\n	Post Traumatic Stress Syndrom</p>\r\n','PTSD',0,0,0,NULL),
 (565,'2011-10-15 06:03:35',6,2,NULL,'','PVC',0,1,0,NULL),
 (566,'2011-10-15 06:07:39',6,2,NULL,'<p>\r\n	Legal Aid</p>\r\n','LegalAid',0,0,0,NULL),
 (567,'2011-10-15 06:11:22',6,2,NULL,'','Toothpaste',0,1,0,NULL),
 (568,'2011-10-19 00:55:25',6,2,NULL,'','Queso',0,1,0,NULL),
 (569,'2011-10-19 00:58:13',6,2,NULL,'<p>\r\n	My Product</p>\r\n','MyProduct',0,0,0,NULL),
 (571,'2011-10-19 01:04:32',6,2,NULL,'<p>\r\n	Green Hotel</p>\r\n','GreenHotel',0,0,0,NULL),
 (572,'2011-10-19 01:05:26',6,2,NULL,'<p>\r\n	Mexican Restaurant</p>\r\n','MexicanRestaurant',0,0,0,NULL),
 (573,'2011-10-19 01:06:16',6,2,NULL,'','Picante',0,1,0,NULL),
 (574,'2011-10-19 01:07:03',6,2,NULL,'','Foreigner',0,1,0,NULL),
 (575,'2011-10-19 01:08:18',6,2,NULL,'<p>\r\n	Beauty Studio</p>\r\n','BeautyStudio',0,0,0,NULL),
 (576,'2011-10-19 01:09:01',6,2,NULL,'','Electropop',0,0,0,NULL),
 (577,'2011-10-19 01:09:41',6,2,NULL,'<p>\r\n	Online Deals</p>\r\n','OnlineDeals',0,0,0,NULL),
 (578,'2011-10-19 01:10:36',6,2,NULL,'','Fits',0,1,0,NULL),
 (579,'2011-10-19 01:11:26',6,2,NULL,'','Coconuts',0,1,0,NULL),
 (580,'2011-10-19 01:13:05',6,2,NULL,'','Airships',0,1,0,NULL),
 (581,'2011-10-19 01:13:59',6,2,NULL,'','Belts',0,1,0,NULL),
 (583,'2011-10-19 01:20:57',6,2,NULL,'<p>\r\n	Movie Rental</p>\r\n','MovieRental',0,0,0,NULL),
 (584,'2011-10-19 03:07:29',6,2,NULL,'<p>\r\n	Comedy Movie</p>\r\n','ComedyMovie',0,0,0,NULL),
 (585,'2011-10-19 03:08:31',6,2,NULL,'','Mistral',0,1,0,NULL),
 (586,'2011-10-19 03:10:17',6,2,NULL,'','Gunz',0,1,0,NULL),
 (587,'2011-10-19 03:12:33',6,2,NULL,'','Laps',0,1,0,NULL),
 (588,'2011-10-19 03:14:22',6,2,NULL,'','Blimps',0,1,0,NULL),
 (589,'2011-10-19 03:15:31',6,2,NULL,'','Uses',0,1,0,NULL),
 (591,'2011-10-19 03:18:08',6,2,NULL,'','Polygraph',0,1,0,NULL),
 (592,'2011-10-19 03:19:21',6,2,NULL,'','Manana',0,1,0,NULL),
 (593,'2011-10-19 03:21:16',6,2,NULL,'<p>\r\n	Golf Zone</p>\r\n','GolfZone',0,0,0,NULL),
 (594,'2011-10-19 03:23:19',6,2,NULL,'<p>\r\n	Auto Rental</p>\r\n','AutoRental',0,0,0,NULL),
 (595,'2011-10-19 03:24:25',6,2,NULL,'<p>\r\n	Golf Caddy</p>\r\n','GolfCaddy',0,0,0,NULL),
 (596,'2011-10-19 03:25:19',6,2,NULL,'<p>\r\n	Love Me</p>\r\n','LoveMe',0,0,0,NULL),
 (597,'2011-10-19 03:26:24',6,2,NULL,'<p>\r\n	Soccer Ball</p>\r\n','SoccerBall',0,0,0,NULL),
 (598,'2011-10-19 03:47:23',6,2,NULL,'','Contraception',0,1,0,NULL),
 (599,'2011-10-19 03:48:35',6,2,NULL,'','Quartets',0,1,0,NULL),
 (600,'2011-10-19 03:56:21',6,2,NULL,'','Critique',0,1,0,NULL),
 (601,'2011-10-19 03:57:43',6,2,NULL,'','Expatriate',0,1,0,NULL),
 (602,'2011-10-19 03:59:30',6,2,NULL,'<p>\r\n	Health Spas</p>\r\n','HealthSpas',0,0,0,NULL),
 (603,'2011-10-19 04:01:49',6,2,NULL,'<p>\r\n	National Parks</p>\r\n','NationalParks',0,0,0,NULL),
 (605,'2011-10-25 02:54:45',6,2,NULL,'<p>\r\n	Gay Bar</p>\r\n','Gaybar',0,0,0,NULL),
 (606,'2011-10-25 02:56:10',6,2,NULL,'','Firmware',0,1,1,'2011-11-23 00:08:10'),
 (607,'2011-10-25 02:57:00',6,2,NULL,'<p>\r\n	Girl Cams</p>\r\n','GirlCams',0,0,0,NULL),
 (608,'2011-10-25 02:58:14',6,2,NULL,'','Framing',0,1,0,NULL),
 (609,'2011-10-25 03:01:13',6,2,NULL,'','Implanting',0,1,0,NULL),
 (610,'2011-10-25 03:04:33',6,2,NULL,'','Recitals',0,1,0,NULL),
 (611,'2011-10-25 03:07:15',6,2,NULL,'','Alpacas',0,1,0,NULL),
 (612,'2011-10-25 03:09:43',6,2,NULL,'','Prognosis',0,1,0,NULL),
 (613,'2011-10-25 03:11:27',6,2,NULL,'','Girlie',0,1,0,NULL),
 (614,'2011-10-25 03:12:47',6,2,NULL,'<p>\r\n	Lake Arrowhead</p>\r\n','LakeArrowhead',0,0,0,NULL),
 (615,'2011-10-25 03:15:46',6,2,NULL,'','Tankini',0,1,0,NULL),
 (617,'2011-10-25 03:20:05',6,2,NULL,'','Prisoner',0,1,0,NULL),
 (618,'2011-10-25 03:21:00',6,2,NULL,'','Survivalist',0,1,0,NULL),
 (619,'2011-10-25 03:22:09',6,2,NULL,'','Epicure',0,1,0,NULL),
 (620,'2011-10-25 03:23:07',6,2,NULL,'','Kayaker',0,1,0,NULL),
 (621,'2011-10-25 03:24:23',6,2,NULL,'','Chickens',0,1,0,NULL),
 (622,'2011-10-25 03:25:26',6,2,NULL,'','Saxaphone',0,1,0,NULL),
 (623,'2011-10-25 03:26:30',6,2,NULL,'<p>\r\n	Kick Boxer</p>\r\n','Kickboxer',0,1,0,NULL),
 (624,'2011-10-25 03:27:25',6,2,NULL,'','Downhill',0,1,0,NULL),
 (625,'2011-10-25 03:29:40',6,2,NULL,'<p>\r\n	Pow Wows</p>\r\n','PowWows',0,1,1,'2011-10-25 03:30:08'),
 (626,'2011-10-26 23:23:17',6,2,NULL,'<p>\r\n	Holy Bible</p>\r\n','HolyBible',0,0,0,NULL),
 (627,'2011-10-26 23:34:50',6,2,NULL,'','Taffy',0,1,0,NULL),
 (628,'2011-10-26 23:38:47',6,2,NULL,'','Rough',0,1,0,NULL),
 (629,'2011-10-26 23:40:21',6,2,NULL,'','Yoom',0,1,0,NULL),
 (630,'2011-10-26 23:42:14',6,2,NULL,'','Alchemist',0,1,0,NULL),
 (631,'2011-10-26 23:43:03',6,2,NULL,'<p>\r\n	Couch Surfing</p>\r\n','CouchSurfing',0,0,0,NULL),
 (632,'2011-10-26 23:44:03',6,2,NULL,'','Dreamy',0,1,0,NULL),
 (633,'2011-10-26 23:46:00',6,2,NULL,'','Ponds',0,1,0,NULL),
 (634,'2011-10-28 02:27:08',6,2,NULL,'','Prayers',0,1,1,'2012-02-22 19:14:04'),
 (635,'2011-10-28 02:33:37',6,2,NULL,'<p>\r\n	B Movies</p>\r\n','BMovies',0,0,0,NULL),
 (636,'2011-10-28 02:58:09',6,2,NULL,'','Mustangs',0,1,0,NULL),
 (637,'2011-10-30 01:33:55',6,2,NULL,'<p>\r\n	Pet Zone</p>\r\n','PetZone',0,0,0,NULL),
 (638,'2011-10-30 01:38:57',6,2,NULL,'','Arty',0,1,0,NULL),
 (639,'2011-10-30 01:45:24',6,2,NULL,'','Isotope',0,1,0,NULL),
 (640,'2011-10-30 01:48:15',6,2,NULL,'<p>\r\n	After World</p>\r\n','AfterWorld',0,0,0,NULL),
 (641,'2011-10-30 01:50:57',6,2,NULL,'<p>\r\n	Home Delivery</p>\r\n','HomeDelivery',0,0,0,NULL),
 (642,'2011-10-30 01:51:56',6,2,NULL,'','Morph',0,1,0,NULL),
 (643,'2011-10-30 01:53:25',6,2,NULL,'','Graphite',0,1,0,NULL),
 (644,'2011-10-30 01:56:01',6,2,NULL,'','Lymphoma',0,1,0,NULL),
 (645,'2011-10-30 06:55:45',6,1,'5000.00','','Clouds',1,1,0,NULL),
 (646,'2011-10-30 23:31:44',6,2,NULL,'','Agnes',0,0,0,NULL),
 (647,'2011-10-30 23:50:40',6,2,NULL,'<p>\r\n	Pre Paid Card</p>\r\n','PrepaidCard',0,0,0,NULL),
 (648,'2011-10-30 23:52:38',6,2,NULL,'','Zoologist',0,1,0,NULL),
 (649,'2011-10-31 23:07:34',6,2,NULL,'','Grandmother',0,1,0,NULL),
 (650,'2011-10-31 23:08:21',6,2,NULL,'<p>\r\n	Time Traveler</p>\r\n','TimeTraveler',0,0,0,NULL),
 (651,'2011-10-31 23:09:23',6,2,NULL,'','eSet',0,1,0,NULL),
 (652,'2011-11-01 18:28:07',6,2,NULL,'<p>\r\n	Fine Wine</p>\r\n','FineWine',0,0,0,NULL),
 (653,'2011-11-01 18:29:05',6,2,NULL,'','Caddie',0,1,0,NULL),
 (654,'2011-11-03 22:07:55',6,2,NULL,'<p>\r\n	Bounty Hunters</p>\r\n','BountyHunters',0,0,0,NULL),
 (655,'2011-11-03 22:08:59',6,2,NULL,'<p>\r\n	Plan B</p>\r\n','PlanB',0,0,0,NULL),
 (656,'2011-11-03 22:09:49',6,2,NULL,'','Cosmic',1,1,0,NULL),
 (657,'2011-11-04 07:16:31',6,2,NULL,'','Forensics',1,1,0,NULL),
 (659,'2011-11-04 20:20:54',6,2,NULL,'','Shrubs',0,1,0,NULL),
 (660,'2011-11-07 23:36:13',6,2,NULL,'','Azeri',0,0,1,'2011-11-07 23:36:34'),
 (661,'2011-11-07 23:38:02',6,2,NULL,'<p>\r\n	Golf Academy</p>\r\n','GolfAcademy',0,0,1,'2011-11-07 23:42:33'),
 (662,'2011-11-07 23:39:08',6,2,NULL,'<p>\r\n	Golf School</p>\r\n','GolfSchool',0,0,1,'2011-11-07 23:42:33'),
 (663,'2011-11-07 23:39:53',6,2,NULL,'','Canary',0,0,1,'2011-11-07 23:42:33'),
 (664,'2011-11-07 23:40:20',6,2,NULL,'','Soraya',0,0,1,'2011-11-07 23:42:33'),
 (665,'2011-11-07 23:40:43',6,2,NULL,'','Norden',0,0,1,'2011-11-07 23:42:33'),
 (666,'2011-11-07 23:41:10',6,2,NULL,'','Ox',0,0,1,'2011-11-07 23:41:52'),
 (667,'2011-11-08 20:14:55',6,2,NULL,'<p>\r\n	Smart Energy</p>\r\n','SmartEnergy',0,0,0,NULL),
 (668,'2011-11-08 20:16:02',6,2,NULL,'','Govt',0,1,0,NULL),
 (669,'2011-11-08 20:16:44',6,2,NULL,'','Cigs',0,1,0,NULL),
 (670,'2011-11-08 20:17:29',6,2,NULL,'','Samosa',0,1,0,NULL),
 (671,'2011-11-08 20:18:14',6,2,NULL,'','Tempura',0,1,0,NULL),
 (673,'2011-11-08 20:20:23',6,2,NULL,'','Armadillo',0,1,0,NULL),
 (674,'2011-11-08 20:21:40',6,2,NULL,'','eTour',0,1,0,NULL),
 (675,'2011-11-08 20:22:42',6,2,NULL,'','Amino',0,1,0,NULL),
 (676,'2011-11-08 20:24:36',6,2,NULL,'','Slideshows',0,0,0,NULL),
 (677,'2011-11-08 20:25:29',6,2,NULL,'','Menus',0,1,0,NULL),
 (678,'2011-11-08 20:26:40',6,2,NULL,'','Bottle',1,1,0,NULL),
 (679,'2011-11-08 20:28:19',6,2,NULL,'','Slideshow',1,1,0,NULL),
 (680,'2011-11-08 20:29:12',6,2,NULL,'','Menu',1,1,0,NULL),
 (681,'2011-11-08 20:30:31',6,2,NULL,'<p>\r\n	Southern California</p>\r\n','SouthernCalifornia',0,0,0,NULL),
 (682,'2011-11-12 07:48:56',6,2,NULL,'','Hoodie',0,1,0,NULL),
 (683,'2011-11-12 07:49:59',6,2,NULL,'','Gimmick',0,1,0,NULL),
 (684,'2011-11-12 07:51:24',6,2,NULL,'','Payless',1,1,0,NULL),
 (685,'2011-11-12 07:52:31',6,2,NULL,'','Survival',1,1,0,NULL),
 (686,'2011-11-13 20:13:33',6,2,NULL,'<p>\r\n	Hot Air Balloons</p>\r\n','HotAirBalloons',0,0,0,NULL),
 (687,'2011-11-13 20:15:00',6,2,NULL,'','Outdoorsman',0,1,0,NULL),
 (688,'2011-11-13 20:18:53',6,2,NULL,'<p>\r\n	Exotic Dancer</p>\r\n','ExoticDancer',0,0,0,NULL),
 (689,'2011-11-13 20:20:04',6,2,NULL,'','Bypass',0,1,0,NULL),
 (690,'2011-11-13 20:24:28',6,2,NULL,'','Pina',0,1,0,NULL),
 (691,'2011-11-13 20:26:23',6,2,NULL,'<p>\r\n	Trouble Shooting</p>\r\n','TroubleShooting',0,0,0,NULL),
 (692,'2011-11-13 20:38:32',6,2,NULL,'<p>\r\n	Personal Stories</p>\r\n','PersonalStories',0,0,0,NULL),
 (693,'2011-11-14 00:51:56',6,2,NULL,'<p>\r\n	Party Cam</p>\r\n','PartyCam',0,0,0,NULL),
 (694,'2011-11-14 00:55:05',6,2,NULL,'','Hippopotamus',0,1,0,NULL),
 (695,'2011-11-14 01:16:24',6,2,NULL,'','Menou',0,1,0,NULL),
 (696,'2011-11-14 01:18:16',6,2,NULL,'','CIE',0,0,0,NULL),
 (697,'2011-11-14 01:21:43',6,2,NULL,'','Fastball',0,1,0,NULL),
 (698,'2011-11-14 03:34:59',6,2,NULL,'','666',0,0,1,'2011-11-14 03:36:07'),
 (699,'2011-11-14 19:49:08',6,2,NULL,'','Cameroun',0,1,0,NULL),
 (700,'2011-11-14 19:51:05',6,2,NULL,'','Lupus',0,1,0,NULL),
 (701,'2011-11-14 19:51:57',6,2,NULL,'','Column',0,1,0,NULL),
 (702,'2011-11-14 19:53:00',6,2,NULL,'','Accreditation',0,0,0,NULL),
 (703,'2011-11-14 19:53:49',6,2,NULL,'','Submissions',0,1,0,NULL),
 (704,'2011-11-14 19:54:42',6,2,NULL,'<p>\r\n	F1 Race</p>\r\n','F1Race',0,0,0,NULL),
 (705,'2011-11-14 19:55:52',6,2,NULL,'','Structures',0,0,0,NULL),
 (706,'2011-11-14 19:56:43',6,2,NULL,'','Patterns',0,0,0,NULL),
 (707,'2011-11-14 19:57:33',6,2,NULL,'','Victim',0,0,0,NULL),
 (708,'2011-11-14 19:58:28',6,2,NULL,'','Rhymes',0,0,0,NULL),
 (709,'2011-11-14 19:59:08',6,2,NULL,'','Tumor',0,1,0,NULL),
 (710,'2011-11-14 19:59:55',6,2,NULL,'','Sparkles',0,0,0,NULL),
 (711,'2011-11-14 20:00:52',6,2,NULL,'','Contributions',0,0,0,NULL),
 (712,'2011-11-14 20:01:42',6,2,NULL,'','Contribution',0,1,0,NULL),
 (713,'2011-11-14 20:02:20',6,2,NULL,'<p>\r\n	World Football</p>\r\n','WorldFootball',0,0,0,NULL),
 (714,'2011-11-14 20:03:10',6,2,NULL,'<p>\r\n	Gold Ring</p>\r\n','GoldRing',0,0,0,NULL),
 (715,'2011-11-14 20:03:56',6,2,NULL,'<p>\r\n	Free Songs</p>\r\n','FreeSongs',0,0,0,NULL),
 (716,'2011-11-14 20:04:36',6,2,NULL,'<p>\r\n	Music Bands</p>\r\n','MusicBands',0,0,0,NULL),
 (717,'2011-11-14 20:05:14',6,2,NULL,'<p>\r\n	Music Band</p>\r\n','MusicBand',0,0,0,NULL),
 (718,'2011-11-14 20:06:13',6,2,NULL,'','Conditioners',0,0,0,NULL),
 (719,'2011-11-14 20:06:58',6,2,NULL,'','Enhancement',0,1,0,NULL),
 (720,'2011-11-14 20:08:03',6,2,NULL,'','Goals',0,1,0,NULL),
 (721,'2011-11-14 20:08:49',6,2,NULL,'','Erotics',0,0,0,NULL),
 (722,'2011-11-14 20:09:34',6,2,NULL,'','Smiling',0,1,0,NULL),
 (723,'2011-11-14 20:10:30',6,2,NULL,'','Crackpot',0,1,0,NULL),
 (724,'2011-11-14 20:11:18',6,2,NULL,'<p>\r\n	Magic Trick</p>\r\n','MagicTrick',0,0,0,NULL),
 (725,'2011-11-16 21:11:58',6,2,NULL,'','Croissant',0,1,0,NULL),
 (726,'2011-11-16 21:12:53',6,2,NULL,'<p>\r\n	Golf Games</p>\r\n','GolfGames',0,0,0,NULL),
 (727,'2011-11-18 14:59:40',6,2,NULL,'','ventas',0,0,0,NULL),
 (728,'2011-11-18 15:00:16',6,2,NULL,'','primero',0,0,0,NULL),
 (729,'2011-11-18 15:00:52',6,2,NULL,'','instrumentos',0,0,0,NULL),
 (730,'2011-11-18 15:01:31',6,2,NULL,'','canasta',0,0,0,NULL),
 (731,'2011-11-18 15:03:04',6,2,NULL,'','caja',0,0,0,NULL),
 (732,'2011-11-18 15:03:31',6,2,NULL,'','baila',0,0,0,NULL),
 (733,'2011-11-18 15:04:00',6,2,NULL,'','armada',0,0,0,NULL),
 (734,'2011-11-18 15:05:09',6,2,NULL,'','agente',0,0,0,NULL),
 (735,'2011-11-18 15:05:30',6,2,NULL,'','terrassa',0,0,0,NULL),
 (736,'2011-11-18 15:05:54',6,2,NULL,'','sondeo',0,0,0,NULL),
 (737,'2011-11-18 15:07:04',6,2,NULL,'','portada',0,0,0,NULL),
 (738,'2011-11-18 15:07:25',6,2,NULL,'','plata',0,0,0,NULL),
 (739,'2011-11-18 15:07:47',6,2,NULL,'','pino',0,0,0,NULL),
 (741,'2011-11-18 15:09:13',6,2,NULL,'','merca',0,0,0,NULL),
 (742,'2011-11-18 15:09:41',6,2,NULL,'','hablar',0,0,0,NULL),
 (743,'2011-11-18 15:10:52',6,2,NULL,'','habla',0,0,0,NULL),
 (744,'2011-11-18 15:17:00',6,2,NULL,'','eventos',0,0,0,NULL),
 (745,'2011-11-18 15:17:34',6,2,NULL,'','derecho',0,0,0,NULL),
 (746,'2011-11-18 15:18:11',6,2,NULL,'','competicion',0,0,0,NULL),
 (747,'2011-11-18 19:21:27',6,2,NULL,'<p>\r\n	Film Casting</p>\r\n','FilmCasting',0,0,1,'2011-11-18 19:21:58'),
 (748,'2011-11-19 22:43:43',6,2,NULL,'','Yate',0,0,1,'2011-11-19 22:44:17'),
 (749,'2011-11-19 22:46:52',6,2,NULL,'','Antidote',0,1,0,NULL),
 (750,'2011-11-19 22:48:28',6,2,NULL,'','Protesters',0,1,0,NULL),
 (752,'2011-11-19 22:50:43',6,2,NULL,'','Gringo',0,1,0,NULL),
 (753,'2011-11-19 22:52:07',6,2,NULL,'<p>\r\n	Body Jewelry</p>\r\n','BodyJewelry',0,0,0,NULL),
 (754,'2011-11-19 22:53:14',6,2,NULL,'<p>\r\n	Food Processors</p>\r\n','FoodProcessors',0,0,0,NULL),
 (755,'2011-11-22 21:46:54',6,2,NULL,'<p>\r\n	Pet Insurance</p>\r\n','PetInsurance',0,0,0,NULL),
 (756,'2011-11-22 21:48:01',6,2,NULL,'','Compare',0,1,0,NULL),
 (757,'2011-11-22 21:49:19',6,2,NULL,'','MCV',0,0,0,NULL),
 (758,'2011-11-22 21:49:45',6,2,NULL,'','ECB',0,0,0,NULL),
 (759,'2011-11-22 21:51:08',6,2,NULL,'','Sociedad',0,1,0,NULL),
 (760,'2011-11-22 21:54:22',6,2,NULL,'','Orangutan',0,1,0,NULL),
 (761,'2011-11-24 04:04:48',6,2,NULL,'','Hitchhiking',0,1,0,NULL),
 (762,'2011-11-24 04:05:31',6,2,NULL,'<p>\r\n	Fine Food</p>\r\n','FineFood',0,0,0,NULL),
 (763,'2011-11-24 04:06:22',6,2,NULL,'<p>\r\n	Fine Dining</p>\r\n','FineDining',0,0,0,NULL),
 (764,'2011-11-27 03:26:58',6,2,NULL,'','Botanicals',0,1,0,NULL),
 (765,'2011-11-27 04:06:24',6,2,NULL,'','Tarantella',0,1,0,NULL),
 (766,'2011-11-27 04:07:59',6,2,NULL,'<p>\r\n	Call Me</p>\r\n','CallMe',0,0,0,NULL),
 (767,'2011-11-27 04:09:39',6,2,NULL,'','Preggo',0,0,0,NULL),
 (768,'2011-11-27 04:10:25',6,2,NULL,'<p>\r\n	Porn Show</p>\r\n','PornShow',0,0,0,NULL),
 (769,'2011-11-27 04:11:31',6,2,NULL,'','Robbery',0,1,0,NULL),
 (770,'2011-11-27 04:14:13',6,2,NULL,'','Nellie',0,1,0,NULL),
 (771,'2011-11-27 04:19:54',6,2,NULL,'<p>\r\n	Gold Prospecting</p>\r\n','GoldProspecting',0,0,0,NULL),
 (772,'2011-11-27 04:20:42',6,2,NULL,'','Smitty',0,1,0,NULL),
 (773,'2011-11-27 04:22:12',6,2,NULL,'<p>\r\n	Green Zone</p>\r\n','GreenZone',0,0,0,NULL),
 (774,'2011-11-27 04:23:45',6,2,NULL,'','Innovator',0,1,0,NULL),
 (775,'2011-11-27 04:25:34',6,2,NULL,'','Messenger',0,1,0,NULL),
 (776,'2011-11-27 04:26:54',6,2,NULL,'','Bull',0,1,0,NULL),
 (779,'2011-11-30 18:40:08',6,2,NULL,'','Hermosa',0,1,0,NULL),
 (780,'2011-11-30 18:44:00',6,2,NULL,'','Zapper',0,1,0,NULL),
 (781,'2011-12-01 19:30:00',6,2,NULL,'<p>\r\n	Glass Blowing</p>\r\n','GlassBlowing',0,0,0,NULL),
 (782,'2011-12-01 19:31:07',6,2,NULL,'','iToy',0,0,0,NULL),
 (783,'2011-12-01 19:32:45',6,2,NULL,'<p>\r\n	Internet Provider</p>\r\n','InternetProvider',0,0,0,NULL),
 (784,'2011-12-01 22:53:13',6,2,NULL,'','Sketchup',0,0,0,NULL),
 (785,'2011-12-05 00:20:37',6,2,NULL,'<p>\r\n	Eco World</p>\r\n','EcoWorld',0,0,0,NULL),
 (786,'2011-12-05 00:21:18',6,2,NULL,'','X-Rated',0,0,0,NULL),
 (787,'2011-12-05 00:22:29',6,2,NULL,'','iWorld',0,0,0,NULL),
 (788,'2011-12-05 00:23:49',6,2,NULL,'','Scenes',0,1,0,NULL),
 (789,'2011-12-07 23:46:09',6,2,NULL,'','Clouded',0,1,0,NULL),
 (790,'2011-12-07 23:47:05',6,2,NULL,'<p>\r\n	247 Media</p>\r\n','247Media',0,0,0,NULL),
 (791,'2011-12-07 23:47:47',6,2,NULL,'','Gourmand',0,1,0,NULL),
 (792,'2011-12-07 23:48:35',6,2,NULL,'','Largo',0,1,0,NULL),
 (794,'2011-12-07 23:50:44',6,2,NULL,'','iPet',0,0,0,NULL),
 (795,'2011-12-15 22:00:37',6,2,NULL,'','Brigantine',0,0,0,NULL),
 (796,'2011-12-15 22:01:32',6,2,NULL,'','Sweepstake.tv',0,1,0,NULL),
 (797,'2011-12-15 22:02:48',6,2,NULL,'','Taze',0,1,0,NULL),
 (798,'2011-12-15 22:04:08',6,2,NULL,'<p>\r\n	Self Service</p>\r\n','SelfService',0,0,0,NULL),
 (799,'2011-12-15 22:05:07',6,2,NULL,'','Informative',0,1,0,NULL),
 (802,'2011-12-15 22:08:36',6,2,NULL,'','Coroner',0,1,0,NULL),
 (803,'2011-12-15 22:09:52',6,2,NULL,'','Hooping',0,1,0,NULL),
 (805,'2011-12-15 22:12:11',6,2,NULL,'','Earthship',0,1,0,NULL),
 (806,'2011-12-15 22:13:29',6,2,NULL,'<p>\r\n	Fiber Optic</p>\r\n','FiberOptic',0,0,0,NULL),
 (807,'2011-12-15 22:14:32',6,2,NULL,'','Directing',0,1,0,NULL),
 (808,'2011-12-15 22:15:31',6,2,NULL,'<p>\r\n	High Fashion</p>\r\n','HighFashion',0,0,0,NULL),
 (809,'2011-12-15 23:01:37',6,2,NULL,'<p>\r\n	Jewelry Shop</p>\r\n','JewelryShop',0,0,0,NULL),
 (810,'2011-12-18 00:46:25',6,2,NULL,'<p>\r\n	Hard Disk</p>\r\n','HardDisk',0,0,0,NULL),
 (811,'2011-12-18 00:55:07',6,2,NULL,'<p>\r\n	Shark Fishing</p>\r\n','SharkFishing',0,0,0,NULL),
 (812,'2011-12-18 01:01:17',6,2,NULL,'','iStyle',0,0,0,NULL),
 (813,'2011-12-18 01:07:01',6,2,NULL,'','Activo',0,1,0,NULL),
 (814,'2012-01-01 22:05:15',6,2,NULL,'<p>\r\n	Art Wall</p>\r\n','ArtWall',0,0,0,NULL),
 (815,'2012-01-01 22:08:28',6,2,NULL,'<p>\r\n	Resort Hotel</p>\r\n','ResortHotel',0,0,0,NULL),
 (816,'2012-01-01 22:10:48',6,2,NULL,'','Immortality',0,1,0,NULL),
 (817,'2012-01-01 22:16:15',6,2,NULL,'<p>\r\n	Computer Tips</p>\r\n','ComputerTips',0,0,0,NULL),
 (818,'2012-01-01 22:17:32',6,2,NULL,'','Biosphere',0,1,0,NULL),
 (819,'2012-01-01 22:18:51',6,2,NULL,'','Seeking',0,1,0,NULL),
 (820,'2012-01-01 22:44:22',6,2,NULL,'','Treble',0,1,0,NULL),
 (821,'2012-01-01 22:46:08',6,2,NULL,'','Processing',0,1,0,NULL),
 (822,'2012-01-01 22:47:20',6,2,NULL,'<p>\r\n	Sexy Body</p>\r\n','SexyBody',0,0,0,NULL),
 (823,'2012-01-01 22:48:17',6,2,NULL,'','eBanking',0,0,0,NULL),
 (824,'2012-01-01 22:50:39',6,2,NULL,'','Napoleon',0,1,0,NULL),
 (825,'2012-01-01 22:52:07',6,2,NULL,'<p>\r\n	Nude Videos</p>\r\n','NudeVideos',0,0,0,NULL),
 (826,'2012-01-01 22:59:39',6,2,NULL,'','Cybernetic',0,1,0,NULL),
 (827,'2012-01-01 23:01:00',6,2,NULL,'<p>\r\n	Strap Ons</p>\r\n','StrapOns',0,0,0,NULL),
 (828,'2012-01-01 23:01:59',6,2,NULL,'<p>\r\n	Sex Position</p>\r\n','SexPosition',0,0,0,NULL),
 (829,'2012-01-01 23:03:26',6,2,NULL,'<p>\r\n	3D FX</p>\r\n','3DFX',0,0,0,NULL),
 (830,'2012-01-01 23:04:51',6,2,NULL,'','Trophies',0,1,0,NULL),
 (831,'2012-01-01 23:06:02',6,2,NULL,'','Planning',0,1,0,NULL),
 (832,'2012-01-01 23:07:43',6,2,NULL,'<p>\r\n	Exotic Car</p>\r\n','ExoticCar',0,0,0,NULL),
 (833,'2012-01-01 23:08:56',6,2,NULL,'<p>\r\n	Rap Music</p>\r\n','RapMusic',0,0,0,NULL),
 (834,'2012-01-01 23:09:57',6,2,NULL,'','Herbals',0,1,0,NULL),
 (835,'2012-01-01 23:11:04',6,2,NULL,'','Columbian',0,1,0,NULL),
 (836,'2012-01-01 23:12:46',6,2,NULL,'','Composting',0,1,0,NULL),
 (837,'2012-01-01 23:14:08',6,2,NULL,'','Suburb',0,1,0,NULL),
 (838,'2012-01-11 01:00:12',6,2,NULL,'','Johnnie',0,1,0,NULL),
 (839,'2012-01-11 01:01:54',6,2,NULL,'','Polite',0,1,0,NULL),
 (840,'2012-01-11 01:03:23',6,2,NULL,'<p>\r\n	Perfect Girls</p>\r\n','PerfectGirls',0,0,0,NULL),
 (841,'2012-01-11 01:06:42',6,2,NULL,'','Mammal',0,1,0,NULL),
 (842,'2012-01-11 01:07:32',6,2,NULL,'','Cataclysm',0,1,0,NULL),
 (843,'2012-01-11 01:08:57',6,2,NULL,'<p>\r\n	Barber Shop</p>\r\n','BarberShop',0,0,0,NULL),
 (844,'2012-01-11 01:09:40',6,2,NULL,'','LaBomba',0,0,0,NULL),
 (845,'2012-01-11 01:11:05',6,2,NULL,'','Trippy',0,1,0,NULL),
 (846,'2012-01-11 01:11:32',6,2,NULL,'','IPA',0,1,0,NULL),
 (847,'2012-01-12 18:21:33',6,2,NULL,'<p>\r\n	My Way</p>\r\n','MyWay',0,1,0,NULL),
 (848,'2012-01-20 19:52:55',6,2,NULL,'','Melina',0,1,0,NULL),
 (849,'2012-01-20 19:54:36',6,2,NULL,'','Esteban',0,1,0,NULL),
 (850,'2012-01-20 19:55:43',6,2,NULL,'','IZU',0,1,0,NULL),
 (851,'2012-01-20 19:56:53',6,2,NULL,'','Amphibian',0,1,0,NULL),
 (852,'2012-01-20 19:57:47',6,2,NULL,'','Scoring',0,1,0,NULL),
 (853,'2012-01-20 20:00:39',6,2,NULL,'','Corrupt',0,1,0,NULL),
 (854,'2012-01-20 20:02:05',6,2,NULL,'','Ottoman',0,1,0,NULL),
 (855,'2012-01-20 20:05:02',6,2,NULL,'','Kyla',0,1,0,NULL),
 (856,'2012-01-20 20:06:10',6,2,NULL,'','Glamrock',0,1,0,NULL),
 (857,'2012-01-20 20:07:00',6,2,NULL,'','Sentimental',0,1,0,NULL),
 (858,'2012-01-20 20:07:36',6,2,NULL,'','Fernanda',0,1,0,NULL),
 (859,'2012-01-20 20:09:00',6,2,NULL,'<p>\r\n	Scuba Dive</p>\r\n','ScubaDive',0,0,0,NULL),
 (860,'2012-01-20 20:10:53',6,2,NULL,'','Thien',0,1,0,NULL),
 (861,'2012-01-20 20:11:54',6,2,NULL,'','Jacques',0,1,0,NULL),
 (862,'2012-01-20 20:14:04',6,2,NULL,'','Uploading',0,1,0,NULL),
 (863,'2012-01-20 20:15:01',6,2,NULL,'<p>\r\n	Mini Shop</p>\r\n','MiniShop',0,0,0,NULL),
 (864,'2012-01-20 20:16:25',6,2,NULL,'','Tetatet',0,1,0,NULL),
 (865,'2012-01-20 20:17:16',6,2,NULL,'','Jule',0,1,0,NULL),
 (866,'2012-01-20 20:18:46',6,2,NULL,'','Medals',0,1,0,NULL),
 (867,'2012-01-20 20:19:24',6,2,NULL,'','Kaylee',0,1,0,NULL),
 (868,'2012-01-20 20:20:06',6,2,NULL,'','FUV',0,1,0,NULL),
 (869,'2012-01-20 20:20:55',6,2,NULL,'<p>\r\n	Personal Channel</p>\r\n','PersonalChannel',0,0,0,NULL),
 (870,'2012-01-20 20:22:13',6,2,NULL,'<p>\r\n	Image Hosting</p>\r\n','ImageHosting',0,0,0,NULL),
 (871,'2012-01-20 20:23:10',6,2,NULL,'','Cryptic',0,1,0,NULL),
 (872,'2012-01-20 20:42:04',6,2,NULL,'','Melina',0,1,0,NULL),
 (873,'2012-01-20 20:43:39',6,2,NULL,'','Barf',0,1,0,NULL),
 (874,'2012-01-25 19:42:21',6,2,NULL,'<p>\r\n	Sex Positions</p>\r\n','SexPositions',0,0,0,NULL),
 (875,'2012-01-25 19:43:34',6,2,NULL,'','Revision',0,1,0,NULL),
 (876,'2012-01-25 19:45:59',6,2,NULL,'','Pais',0,1,0,NULL),
 (877,'2012-01-25 19:47:24',6,2,NULL,'<p>\r\n	Bird Watchers</p>\r\n','BirdWatchers',0,0,0,NULL),
 (878,'2012-01-25 19:48:19',6,2,NULL,'','Hilary',0,1,0,NULL),
 (879,'2012-01-25 19:49:14',6,2,NULL,'','Posing',0,1,0,NULL),
 (880,'2012-01-25 19:50:27',6,2,NULL,'','Improving',0,1,0,NULL),
 (881,'2012-01-25 19:51:46',6,2,NULL,'','Pentathalon',0,1,0,NULL),
 (882,'2012-01-30 20:16:47',6,2,NULL,'','Bobbie',0,1,0,NULL),
 (883,'2012-01-30 20:18:09',6,2,NULL,'','Artifacts',0,1,0,NULL),
 (884,'2012-01-30 20:19:19',6,2,NULL,'<p>\r\n	Live Models</p>\r\n','LiveModels',0,0,0,NULL),
 (885,'2012-01-30 20:20:34',6,2,NULL,'<p>\r\n	Fashion Design</p>\r\n','FashionDesign',0,0,0,NULL),
 (886,'2012-01-30 20:21:44',6,2,NULL,'','Streamy',0,1,0,NULL),
 (887,'2012-04-02 19:00:25',6,2,NULL,'','Xray',0,1,1,'2012-04-02 19:01:00');


--
-- Definition of table `domain_category`
--

CREATE TABLE `domain_category` (
  `domain_id` int(11) NOT NULL,
  `category_id` int(11) NOT NULL,
  PRIMARY KEY (`domain_id`,`category_id`),
  KEY `domain_category_FI_2` (`category_id`),
  CONSTRAINT `domain_category_FK_1` FOREIGN KEY (`domain_id`) REFERENCES `domain` (`id`) ON DELETE CASCADE ON UPDATE CASCADE,
  CONSTRAINT `domain_category_FK_2` FOREIGN KEY (`category_id`) REFERENCES `category` (`id`) ON DELETE CASCADE ON UPDATE CASCADE
) ENGINE=InnoDB DEFAULT CHARSET=utf8;

--
-- Dumping data for table `domain_category`
--

INSERT INTO `domain_category` (`domain_id`,`category_id`) VALUES 
 (90,1),
 (91,1),
 (104,1),
 (148,1),
 (149,1),
 (170,1),
 (175,1),
 (241,1),
 (263,1),
 (400,1),
 (469,1),
 (485,1),
 (525,1),
 (564,1),
 (565,1),
 (668,1),
 (696,1),
 (757,1),
 (758,1),
 (782,1),
 (829,1),
 (846,1),
 (850,1),
 (868,1),
 (30,2),
 (31,2),
 (43,2),
 (89,2),
 (92,2),
 (96,2),
 (121,2),
 (133,2),
 (135,2),
 (143,2),
 (159,2),
 (163,2),
 (178,2),
 (181,2),
 (186,2),
 (188,2),
 (218,2),
 (220,2),
 (223,2),
 (224,2),
 (232,2),
 (241,2),
 (243,2),
 (250,2),
 (256,2),
 (276,2),
 (286,2),
 (287,2),
 (292,2),
 (298,2),
 (305,2),
 (307,2),
 (346,2),
 (354,2),
 (363,2),
 (364,2),
 (370,2),
 (373,2),
 (375,2),
 (384,2),
 (385,2),
 (386,2),
 (387,2),
 (402,2),
 (427,2),
 (441,2),
 (449,2),
 (455,2),
 (462,2),
 (464,2),
 (466,2),
 (468,2),
 (469,2),
 (471,2),
 (472,2),
 (480,2),
 (483,2),
 (485,2),
 (505,2),
 (516,2),
 (519,2),
 (526,2),
 (529,2),
 (534,2),
 (537,2),
 (542,2),
 (546,2),
 (547,2),
 (608,2),
 (610,2),
 (635,2),
 (638,2),
 (676,2),
 (678,2),
 (679,2),
 (706,2),
 (708,2),
 (753,2),
 (765,2),
 (781,2),
 (784,2),
 (814,2),
 (820,2),
 (829,2),
 (833,2),
 (844,2),
 (883,2),
 (58,3),
 (88,3),
 (110,3),
 (118,3),
 (129,3),
 (155,3),
 (185,3),
 (200,3),
 (201,3),
 (215,3),
 (248,3),
 (329,3),
 (332,3),
 (344,3),
 (357,3),
 (361,3),
 (376,3),
 (405,3),
 (416,3),
 (426,3),
 (482,3),
 (488,3),
 (518,3),
 (519,3),
 (533,3),
 (559,3),
 (562,3),
 (566,3),
 (611,3),
 (645,3),
 (647,3),
 (655,3),
 (667,3),
 (674,3),
 (676,3),
 (679,3),
 (691,3),
 (702,3),
 (720,3),
 (750,3),
 (756,3),
 (773,3),
 (774,3),
 (775,3),
 (776,3),
 (783,3),
 (785,3),
 (789,3),
 (819,3),
 (821,3),
 (823,3),
 (826,3),
 (831,3),
 (853,3),
 (880,3),
 (100,4),
 (248,4),
 (268,4),
 (295,4),
 (415,4),
 (445,4),
 (469,4),
 (483,4),
 (487,4),
 (547,4),
 (587,4),
 (606,4),
 (645,4),
 (651,4),
 (676,4),
 (679,4),
 (783,4),
 (789,4),
 (810,4),
 (817,4),
 (826,4),
 (862,4),
 (870,4),
 (33,5),
 (44,5),
 (48,5),
 (59,5),
 (75,5),
 (87,5),
 (92,5),
 (98,5),
 (101,5),
 (102,5),
 (104,5),
 (108,5),
 (122,5),
 (127,5),
 (129,5),
 (132,5),
 (148,5),
 (149,5),
 (150,5),
 (153,5),
 (157,5),
 (164,5),
 (186,5),
 (188,5),
 (194,5),
 (198,5),
 (209,5),
 (212,5),
 (214,5),
 (237,5),
 (245,5),
 (267,5),
 (272,5),
 (285,5),
 (286,5),
 (289,5),
 (323,5),
 (328,5),
 (346,5),
 (369,5),
 (384,5),
 (397,5),
 (421,5),
 (426,5),
 (429,5),
 (443,5),
 (454,5),
 (503,5),
 (505,5),
 (516,5),
 (520,5),
 (522,5),
 (524,5),
 (527,5),
 (545,5),
 (603,5),
 (630,5),
 (648,5),
 (657,5),
 (668,5),
 (676,5),
 (679,5),
 (685,5),
 (691,5),
 (702,5),
 (774,5),
 (781,5),
 (799,5),
 (817,5),
 (818,5),
 (819,5),
 (824,5),
 (826,5),
 (831,5),
 (836,5),
 (841,5),
 (851,5),
 (876,5),
 (880,5),
 (883,5),
 (34,6),
 (44,6),
 (105,6),
 (109,6),
 (132,6),
 (216,6),
 (260,6),
 (337,6),
 (350,6),
 (351,6),
 (429,6),
 (435,6),
 (465,6),
 (480,6),
 (514,6),
 (520,6),
 (521,6),
 (532,6),
 (649,6),
 (782,6),
 (82,7),
 (88,7),
 (96,7),
 (105,7),
 (109,7),
 (116,7),
 (126,7),
 (131,7),
 (139,7),
 (147,7),
 (160,7),
 (216,7),
 (222,7),
 (248,7),
 (311,7),
 (350,7),
 (435,7),
 (462,7),
 (563,7),
 (586,7),
 (726,7),
 (782,7),
 (797,7),
 (803,7),
 (1,8),
 (45,8),
 (70,8),
 (102,8),
 (106,8),
 (114,8),
 (119,8),
 (132,8),
 (135,8),
 (140,8),
 (141,8),
 (179,8),
 (217,8),
 (228,8),
 (232,8),
 (246,8),
 (276,8),
 (278,8),
 (281,8),
 (316,8),
 (385,8),
 (413,8),
 (423,8),
 (428,8),
 (443,8),
 (450,8),
 (451,8),
 (471,8),
 (490,8),
 (564,8),
 (575,8),
 (602,8),
 (609,8),
 (612,8),
 (644,8),
 (689,8),
 (700,8),
 (709,8),
 (718,8),
 (749,8),
 (816,8),
 (822,8),
 (834,8),
 (884,8),
 (887,8),
 (9,9),
 (18,9),
 (19,9),
 (20,9),
 (21,9),
 (22,9),
 (24,9),
 (29,9),
 (31,9),
 (33,9),
 (54,9),
 (60,9),
 (61,9),
 (62,9),
 (63,9),
 (64,9),
 (65,9),
 (69,9),
 (70,9),
 (71,9),
 (73,9),
 (77,9),
 (79,9),
 (82,9),
 (86,9),
 (88,9),
 (89,9),
 (96,9),
 (103,9),
 (104,9),
 (105,9),
 (108,9),
 (111,9),
 (112,9),
 (113,9),
 (116,9),
 (121,9),
 (122,9),
 (125,9),
 (126,9),
 (127,9),
 (132,9),
 (133,9),
 (137,9),
 (146,9),
 (147,9),
 (148,9),
 (149,9),
 (150,9),
 (152,9),
 (155,9),
 (156,9),
 (157,9),
 (158,9),
 (164,9),
 (166,9),
 (168,9),
 (169,9),
 (170,9),
 (174,9),
 (175,9),
 (179,9),
 (194,9),
 (200,9),
 (203,9),
 (205,9),
 (209,9),
 (213,9),
 (226,9),
 (229,9),
 (230,9),
 (231,9),
 (234,9),
 (236,9),
 (237,9),
 (240,9),
 (241,9),
 (242,9),
 (244,9),
 (245,9),
 (247,9),
 (252,9),
 (254,9),
 (257,9),
 (258,9),
 (259,9),
 (265,9),
 (275,9),
 (279,9),
 (280,9),
 (284,9),
 (285,9),
 (289,9),
 (297,9),
 (311,9),
 (323,9),
 (328,9),
 (333,9),
 (334,9),
 (335,9),
 (353,9),
 (356,9),
 (357,9),
 (358,9),
 (359,9),
 (360,9),
 (367,9),
 (377,9),
 (379,9),
 (388,9),
 (389,9),
 (400,9),
 (405,9),
 (408,9),
 (415,9),
 (418,9),
 (420,9),
 (423,9),
 (424,9),
 (438,9),
 (440,9),
 (446,9),
 (452,9),
 (453,9),
 (462,9),
 (463,9),
 (469,9),
 (474,9),
 (478,9),
 (479,9),
 (484,9),
 (492,9),
 (494,9),
 (495,9),
 (502,9),
 (503,9),
 (504,9),
 (506,9),
 (507,9),
 (510,9),
 (511,9),
 (515,9),
 (517,9),
 (519,9),
 (523,9),
 (524,9),
 (525,9),
 (527,9),
 (530,9),
 (533,9),
 (536,9),
 (541,9),
 (544,9),
 (553,9),
 (560,9),
 (561,9),
 (585,9),
 (588,9),
 (589,9),
 (591,9),
 (592,9),
 (629,9),
 (632,9),
 (640,9),
 (642,9),
 (643,9),
 (655,9),
 (656,9),
 (675,9),
 (683,9),
 (684,9),
 (685,9),
 (689,9),
 (691,9),
 (698,9),
 (701,9),
 (703,9),
 (705,9),
 (706,9),
 (707,9),
 (710,9),
 (711,9),
 (712,9),
 (718,9),
 (719,9),
 (720,9),
 (722,9),
 (749,9),
 (766,9),
 (773,9),
 (774,9),
 (775,9),
 (776,9),
 (780,9),
 (787,9),
 (788,9),
 (797,9),
 (798,9),
 (806,9),
 (807,9),
 (818,9),
 (819,9),
 (820,9),
 (824,9),
 (826,9),
 (829,9),
 (830,9),
 (831,9),
 (837,9),
 (839,9),
 (841,9),
 (845,9),
 (847,9),
 (851,9),
 (853,9),
 (860,9),
 (862,9),
 (864,9),
 (866,9),
 (871,9),
 (873,9),
 (875,9),
 (876,9),
 (880,9),
 (883,9),
 (886,9),
 (2,10),
 (4,10),
 (22,10),
 (23,10),
 (37,10),
 (42,10),
 (53,10),
 (72,10),
 (87,10),
 (120,10),
 (124,10),
 (134,10),
 (143,10),
 (162,10),
 (164,10),
 (197,10),
 (216,10),
 (224,10),
 (225,10),
 (235,10),
 (238,10),
 (239,10),
 (260,10),
 (262,10),
 (263,10),
 (264,10),
 (274,10),
 (281,10),
 (322,10),
 (325,10),
 (327,10),
 (330,10),
 (331,10),
 (337,10),
 (338,10),
 (341,10),
 (342,10),
 (343,10),
 (345,10),
 (346,10),
 (347,10),
 (348,10),
 (349,10),
 (350,10),
 (351,10),
 (380,10),
 (381,10),
 (383,10),
 (390,10),
 (391,10),
 (392,10),
 (395,10),
 (421,10),
 (432,10),
 (434,10),
 (435,10),
 (447,10),
 (467,10),
 (484,10),
 (488,10),
 (490,10),
 (496,10),
 (502,10),
 (509,10),
 (512,10),
 (514,10),
 (522,10),
 (528,10),
 (532,10),
 (545,10),
 (554,10),
 (586,10),
 (588,10),
 (602,10),
 (603,10),
 (620,10),
 (624,10),
 (653,10),
 (674,10),
 (686,10),
 (687,10),
 (726,10),
 (771,10),
 (803,10),
 (811,10),
 (813,10),
 (859,10),
 (877,10),
 (33,11),
 (45,11),
 (56,11),
 (61,11),
 (64,11),
 (101,11),
 (102,11),
 (108,11),
 (122,11),
 (127,11),
 (129,11),
 (150,11),
 (164,11),
 (174,11),
 (198,11),
 (209,11),
 (212,11),
 (279,11),
 (281,11),
 (383,11),
 (397,11),
 (421,11),
 (446,11),
 (486,11),
 (492,11),
 (522,11),
 (524,11),
 (639,11),
 (656,11),
 (657,11),
 (667,11),
 (818,11),
 (826,11),
 (841,11),
 (851,11),
 (19,12),
 (62,12),
 (78,12),
 (110,12),
 (133,12),
 (135,12),
 (185,12),
 (200,12),
 (217,12),
 (405,12),
 (411,12),
 (415,12),
 (456,12),
 (496,12),
 (518,12),
 (533,12),
 (544,12),
 (569,12),
 (577,12),
 (641,12),
 (684,12),
 (756,12),
 (796,12),
 (808,12),
 (809,12),
 (863,12),
 (18,13),
 (20,13),
 (23,13),
 (25,13),
 (29,13),
 (38,13),
 (55,13),
 (56,13),
 (57,13),
 (59,13),
 (62,13),
 (68,13),
 (71,13),
 (72,13),
 (75,13),
 (77,13),
 (78,13),
 (79,13),
 (86,13),
 (88,13),
 (89,13),
 (95,13),
 (109,13),
 (111,13),
 (113,13),
 (129,13),
 (132,13),
 (135,13),
 (141,13),
 (143,13),
 (146,13),
 (148,13),
 (149,13),
 (152,13),
 (153,13),
 (155,13),
 (165,13),
 (167,13),
 (170,13),
 (178,13),
 (181,13),
 (182,13),
 (186,13),
 (194,13),
 (197,13),
 (208,13),
 (215,13),
 (219,13),
 (224,13),
 (228,13),
 (229,13),
 (232,13),
 (235,13),
 (237,13),
 (250,13),
 (254,13),
 (256,13),
 (265,13),
 (267,13),
 (286,13),
 (288,13),
 (289,13),
 (297,13),
 (302,13),
 (309,13),
 (311,13),
 (316,13),
 (326,13),
 (327,13),
 (345,13),
 (346,13),
 (347,13),
 (349,13),
 (352,13),
 (354,13),
 (356,13),
 (357,13),
 (359,13),
 (364,13),
 (366,13),
 (369,13),
 (375,13),
 (377,13),
 (388,13),
 (393,13),
 (394,13),
 (399,13),
 (401,13),
 (406,13),
 (408,13),
 (420,13),
 (425,13),
 (426,13),
 (429,13),
 (431,13),
 (432,13),
 (435,13),
 (436,13),
 (441,13),
 (444,13),
 (445,13),
 (446,13),
 (453,13),
 (454,13),
 (455,13),
 (459,13),
 (460,13),
 (465,13),
 (468,13),
 (471,13),
 (472,13),
 (476,13),
 (477,13),
 (478,13),
 (479,13),
 (480,13),
 (482,13),
 (484,13),
 (485,13),
 (487,13),
 (488,13),
 (490,13),
 (492,13),
 (494,13),
 (495,13),
 (496,13),
 (501,13),
 (502,13),
 (503,13),
 (506,13),
 (509,13),
 (513,13),
 (515,13),
 (516,13),
 (519,13),
 (521,13),
 (522,13),
 (524,13),
 (525,13),
 (527,13),
 (528,13),
 (529,13),
 (530,13),
 (538,13),
 (542,13),
 (554,13),
 (555,13),
 (560,13),
 (561,13),
 (562,13),
 (563,13),
 (566,13),
 (569,13),
 (574,13),
 (580,13),
 (588,13),
 (591,13),
 (596,13),
 (598,13),
 (600,13),
 (601,13),
 (602,13),
 (603,13),
 (605,13),
 (610,13),
 (613,13),
 (617,13),
 (618,13),
 (625,13),
 (626,13),
 (628,13),
 (632,13),
 (634,13),
 (640,13),
 (648,13),
 (649,13),
 (650,13),
 (654,13),
 (655,13),
 (656,13),
 (657,13),
 (667,13),
 (668,13),
 (674,13),
 (676,13),
 (679,13),
 (681,13),
 (684,13),
 (685,13),
 (686,13),
 (687,13),
 (688,13),
 (692,13),
 (693,13),
 (750,13),
 (753,13),
 (759,13),
 (761,13),
 (765,13),
 (766,13),
 (769,13),
 (771,13),
 (773,13),
 (774,13),
 (775,13),
 (782,13),
 (785,13),
 (787,13),
 (788,13),
 (796,13),
 (814,13),
 (816,13),
 (819,13),
 (828,13),
 (830,13),
 (831,13),
 (836,13),
 (837,13),
 (840,13),
 (842,13),
 (845,13),
 (847,13),
 (852,13),
 (853,13),
 (854,13),
 (857,13),
 (866,13),
 (869,13),
 (875,13),
 (876,13),
 (877,13),
 (879,13),
 (880,13),
 (883,13),
 (884,13),
 (22,14),
 (23,14),
 (37,14),
 (134,14),
 (238,14),
 (248,14),
 (251,14),
 (262,14),
 (274,14),
 (322,14),
 (325,14),
 (331,14),
 (338,14),
 (350,14),
 (371,14),
 (390,14),
 (395,14),
 (396,14),
 (422,14),
 (447,14),
 (451,14),
 (467,14),
 (478,14),
 (490,14),
 (497,14),
 (502,14),
 (512,14),
 (513,14),
 (528,14),
 (586,14),
 (587,14),
 (593,14),
 (595,14),
 (597,14),
 (620,14),
 (623,14),
 (624,14),
 (628,14),
 (653,14),
 (687,14),
 (697,14),
 (704,14),
 (713,14),
 (720,14),
 (726,14),
 (803,14),
 (811,14),
 (830,14),
 (852,14),
 (859,14),
 (866,14),
 (881,14),
 (54,15),
 (112,15),
 (115,15),
 (123,15),
 (135,15),
 (138,15),
 (141,15),
 (144,15),
 (161,15),
 (171,15),
 (172,15),
 (177,15),
 (180,15),
 (183,15),
 (202,15),
 (206,15),
 (208,15),
 (231,15),
 (249,15),
 (252,15),
 (253,15),
 (261,15),
 (266,15),
 (277,15),
 (290,15),
 (291,15),
 (296,15),
 (300,15),
 (301,15),
 (303,15),
 (304,15),
 (306,15),
 (310,15),
 (312,15),
 (313,15),
 (314,15),
 (315,15),
 (317,15),
 (318,15),
 (319,15),
 (320,15),
 (321,15),
 (326,15),
 (340,15),
 (372,15),
 (401,15),
 (406,15),
 (414,15),
 (417,15),
 (422,15),
 (423,15),
 (433,15),
 (437,15),
 (439,15),
 (442,15),
 (448,15),
 (452,15),
 (461,15),
 (463,15),
 (470,15),
 (472,15),
 (481,15),
 (489,15),
 (491,15),
 (493,15),
 (501,15),
 (530,15),
 (535,15),
 (540,15),
 (549,15),
 (605,15),
 (607,15),
 (613,15),
 (628,15),
 (688,15),
 (721,15),
 (767,15),
 (768,15),
 (786,15),
 (822,15),
 (825,15),
 (827,15),
 (828,15),
 (840,15),
 (874,15),
 (20,16),
 (23,16),
 (24,16),
 (30,16),
 (31,16),
 (34,16),
 (36,16),
 (43,16),
 (54,16),
 (57,16),
 (59,16),
 (66,16),
 (68,16),
 (77,16),
 (81,16),
 (82,16),
 (86,16),
 (88,16),
 (89,16),
 (92,16),
 (95,16),
 (96,16),
 (100,16),
 (105,16),
 (109,16),
 (111,16),
 (119,16),
 (125,16),
 (131,16),
 (135,16),
 (143,16),
 (145,16),
 (154,16),
 (157,16),
 (159,16),
 (160,16),
 (163,16),
 (165,16),
 (170,16),
 (181,16),
 (182,16),
 (186,16),
 (197,16),
 (198,16),
 (203,16),
 (205,16),
 (214,16),
 (216,16),
 (218,16),
 (220,16),
 (221,16),
 (222,16),
 (223,16),
 (224,16),
 (230,16),
 (232,16),
 (238,16),
 (241,16),
 (250,16),
 (256,16),
 (268,16),
 (275,16),
 (286,16),
 (287,16),
 (292,16),
 (298,16),
 (305,16),
 (307,16),
 (311,16),
 (335,16),
 (354,16),
 (363,16),
 (364,16),
 (366,16),
 (371,16),
 (372,16),
 (373,16),
 (375,16),
 (377,16),
 (386,16),
 (387,16),
 (390,16),
 (391,16),
 (392,16),
 (398,16),
 (402,16),
 (413,16),
 (418,16),
 (424,16),
 (425,16),
 (436,16),
 (441,16),
 (449,16),
 (455,16),
 (462,16),
 (464,16),
 (466,16),
 (468,16),
 (469,16),
 (470,16),
 (472,16),
 (474,16),
 (480,16),
 (483,16),
 (487,16),
 (504,16),
 (509,16),
 (516,16),
 (526,16),
 (529,16),
 (534,16),
 (537,16),
 (538,16),
 (546,16),
 (550,16),
 (551,16),
 (552,16),
 (554,16),
 (576,16),
 (583,16),
 (584,16),
 (599,16),
 (600,16),
 (610,16),
 (622,16),
 (632,16),
 (635,16),
 (651,16),
 (678,16),
 (679,16),
 (688,16),
 (693,16),
 (708,16),
 (715,16),
 (716,16),
 (717,16),
 (723,16),
 (724,16),
 (747,16),
 (749,16),
 (765,16),
 (771,16),
 (788,16),
 (807,16),
 (814,16),
 (820,16),
 (829,16),
 (830,16),
 (833,16),
 (844,16),
 (847,16),
 (856,16),
 (873,16),
 (875,16),
 (884,16),
 (886,16),
 (8,17),
 (38,17),
 (42,17),
 (47,17),
 (53,17),
 (55,17),
 (63,17),
 (71,17),
 (72,17),
 (78,17),
 (87,17),
 (99,17),
 (113,17),
 (124,17),
 (132,17),
 (158,17),
 (173,17),
 (175,17),
 (225,17),
 (233,17),
 (235,17),
 (237,17),
 (239,17),
 (264,17),
 (330,17),
 (337,17),
 (338,17),
 (339,17),
 (343,17),
 (347,17),
 (355,17),
 (365,17),
 (378,17),
 (380,17),
 (381,17),
 (382,17),
 (388,17),
 (392,17),
 (407,17),
 (409,17),
 (412,17),
 (419,17),
 (434,17),
 (460,17),
 (484,17),
 (495,17),
 (508,17),
 (509,17),
 (532,17),
 (543,17),
 (545,17),
 (547,17),
 (556,17),
 (571,17),
 (574,17),
 (580,17),
 (594,17),
 (601,17),
 (603,17),
 (614,17),
 (650,17),
 (674,17),
 (681,17),
 (699,17),
 (761,17),
 (779,17),
 (792,17),
 (795,17),
 (811,17),
 (815,17),
 (835,17),
 (876,17),
 (23,18),
 (100,18),
 (295,18),
 (425,18),
 (445,18),
 (487,18),
 (495,18),
 (606,18),
 (631,18),
 (645,18),
 (651,18),
 (674,18),
 (677,18),
 (680,18),
 (775,18),
 (783,18),
 (787,18),
 (789,18),
 (806,18),
 (810,18),
 (814,18),
 (817,18),
 (821,18),
 (823,18),
 (826,18),
 (862,18),
 (870,18),
 (886,18),
 (8,19),
 (47,19),
 (53,19),
 (63,19),
 (71,19),
 (72,19),
 (78,19),
 (113,19),
 (124,19),
 (142,19),
 (158,19),
 (173,19),
 (175,19),
 (236,19),
 (302,19),
 (339,19),
 (365,19),
 (407,19),
 (412,19),
 (495,19),
 (508,19),
 (543,19),
 (556,19),
 (614,19),
 (674,19),
 (681,19),
 (705,19),
 (779,19),
 (792,19),
 (795,19),
 (805,19),
 (837,19),
 (876,19),
 (7,20),
 (10,20),
 (12,20),
 (13,20),
 (14,20),
 (15,20),
 (16,20),
 (17,20),
 (49,20),
 (67,20),
 (85,20),
 (93,20),
 (94,20),
 (117,20),
 (128,20),
 (130,20),
 (156,20),
 (176,20),
 (199,20),
 (207,20),
 (210,20),
 (221,20),
 (255,20),
 (263,20),
 (282,20),
 (283,20),
 (440,20),
 (539,20),
 (638,20),
 (646,20),
 (770,20),
 (772,20),
 (824,20),
 (838,20),
 (848,20),
 (849,20),
 (855,20),
 (858,20),
 (860,20),
 (861,20),
 (865,20),
 (867,20),
 (872,20),
 (878,20),
 (882,20),
 (9,21),
 (32,21),
 (45,21),
 (46,21),
 (58,21),
 (59,21),
 (62,21),
 (66,21),
 (68,21),
 (100,21),
 (104,21),
 (106,21),
 (118,21),
 (129,21),
 (143,21),
 (146,21),
 (185,21),
 (200,21),
 (215,21),
 (268,21),
 (278,21),
 (288,21),
 (329,21),
 (357,21),
 (443,21),
 (444,21),
 (451,21),
 (458,21),
 (459,21),
 (460,21),
 (471,21),
 (495,21),
 (518,21),
 (533,21),
 (566,21),
 (591,21),
 (594,21),
 (602,21),
 (606,21),
 (608,21),
 (609,21),
 (630,21),
 (633,21),
 (641,21),
 (645,21),
 (647,21),
 (653,21),
 (654,21),
 (657,21),
 (667,21),
 (674,21),
 (676,21),
 (677,21),
 (679,21),
 (680,21),
 (684,21),
 (686,21),
 (691,21),
 (755,21),
 (766,21),
 (771,21),
 (781,21),
 (783,21),
 (789,21),
 (798,21),
 (802,21),
 (806,21),
 (807,21),
 (811,21),
 (817,21),
 (819,21),
 (821,21),
 (823,21),
 (829,21),
 (831,21),
 (843,21),
 (859,21),
 (862,21),
 (870,21),
 (880,21),
 (5,22),
 (22,22),
 (27,22),
 (35,22),
 (36,22),
 (39,22),
 (40,22),
 (41,22),
 (44,22),
 (45,22),
 (56,22),
 (70,22),
 (83,22),
 (92,22),
 (97,22),
 (136,22),
 (153,22),
 (168,22),
 (169,22),
 (178,22),
 (208,22),
 (211,22),
 (217,22),
 (246,22),
 (260,22),
 (264,22),
 (270,22),
 (271,22),
 (274,22),
 (333,22),
 (395,22),
 (403,22),
 (404,22),
 (416,22),
 (435,22),
 (454,22),
 (456,22),
 (463,22),
 (464,22),
 (486,22),
 (489,22),
 (502,22),
 (511,22),
 (512,22),
 (514,22),
 (515,22),
 (522,22),
 (534,22),
 (536,22),
 (565,22),
 (567,22),
 (569,22),
 (579,22),
 (581,22),
 (586,22),
 (597,22),
 (598,22),
 (606,22),
 (608,22),
 (611,22),
 (615,22),
 (621,22),
 (622,22),
 (627,22),
 (633,22),
 (636,22),
 (652,22),
 (659,22),
 (669,22),
 (678,22),
 (682,22),
 (685,22),
 (714,22),
 (718,22),
 (725,22),
 (753,22),
 (754,22),
 (764,22),
 (780,22),
 (782,22),
 (809,22),
 (810,22),
 (824,22),
 (830,22),
 (832,22),
 (834,22),
 (836,22),
 (854,22),
 (866,22),
 (883,22),
 (5,23),
 (40,23),
 (217,23),
 (302,23),
 (430,23),
 (444,23),
 (633,23),
 (641,23),
 (659,23),
 (764,23),
 (805,23),
 (834,23),
 (836,23),
 (837,23),
 (854,23),
 (6,24),
 (27,24),
 (41,24),
 (97,24),
 (107,24),
 (113,24),
 (136,24),
 (151,24),
 (166,24),
 (169,24),
 (269,24),
 (273,24),
 (410,24),
 (475,24),
 (500,24),
 (505,24),
 (531,24),
 (548,24),
 (555,24),
 (558,24),
 (568,24),
 (572,24),
 (573,24),
 (579,24),
 (619,24),
 (621,24),
 (627,24),
 (652,24),
 (670,24),
 (671,24),
 (675,24),
 (677,24),
 (678,24),
 (680,24),
 (690,24),
 (695,24),
 (725,24),
 (754,24),
 (762,24),
 (763,24),
 (791,24),
 (824,24),
 (834,24),
 (114,25),
 (135,25),
 (141,25),
 (145,25),
 (204,25),
 (208,25),
 (219,25),
 (227,25),
 (228,25),
 (232,25),
 (246,25),
 (293,25),
 (294,25),
 (316,25),
 (336,25),
 (413,25),
 (420,25),
 (456,25),
 (464,25),
 (485,25),
 (578,25),
 (581,25),
 (682,25),
 (753,25),
 (808,25),
 (812,25),
 (822,25),
 (879,25),
 (884,25),
 (885,25),
 (2,26),
 (4,26),
 (5,26),
 (6,26),
 (18,26),
 (19,26),
 (20,26),
 (21,26),
 (22,26),
 (23,26),
 (24,26),
 (25,26),
 (27,26),
 (29,26),
 (32,26),
 (33,26),
 (36,26),
 (37,26),
 (40,26),
 (41,26),
 (43,26),
 (45,26),
 (47,26),
 (53,26),
 (57,26),
 (60,26),
 (61,26),
 (62,26),
 (63,26),
 (64,26),
 (65,26),
 (69,26),
 (70,26),
 (71,26),
 (73,26),
 (75,26),
 (79,26),
 (81,26),
 (82,26),
 (83,26),
 (88,26),
 (92,26),
 (96,26),
 (100,26),
 (103,26),
 (104,26),
 (105,26),
 (106,26),
 (107,26),
 (108,26),
 (111,26),
 (112,26),
 (113,26),
 (116,26),
 (119,26),
 (121,26),
 (122,26),
 (124,26),
 (125,26),
 (126,26),
 (127,26),
 (131,26),
 (132,26),
 (133,26),
 (135,26),
 (136,26),
 (137,26),
 (140,26),
 (141,26),
 (143,26),
 (145,26),
 (147,26),
 (150,26),
 (151,26),
 (152,26),
 (156,26),
 (157,26),
 (163,26),
 (164,26),
 (166,26),
 (168,26),
 (169,26),
 (170,26),
 (173,26),
 (174,26),
 (175,26),
 (178,26),
 (179,26),
 (185,26),
 (186,26),
 (201,26),
 (203,26),
 (205,26),
 (209,26),
 (211,26),
 (212,26),
 (213,26),
 (214,26),
 (218,26),
 (222,26),
 (225,26),
 (226,26),
 (229,26),
 (230,26),
 (231,26),
 (232,26),
 (234,26),
 (236,26),
 (237,26),
 (240,26),
 (242,26),
 (244,26),
 (245,26),
 (246,26),
 (247,26),
 (254,26),
 (256,26),
 (257,26),
 (258,26),
 (259,26),
 (260,26),
 (262,26),
 (265,26),
 (269,26),
 (270,26),
 (271,26),
 (272,26),
 (273,26),
 (274,26),
 (275,26),
 (278,26),
 (279,26),
 (280,26),
 (284,26),
 (285,26),
 (287,26),
 (289,26),
 (297,26),
 (316,26),
 (323,26),
 (332,26),
 (333,26),
 (334,26),
 (345,26),
 (348,26),
 (349,26),
 (350,26),
 (351,26),
 (352,26),
 (353,26),
 (354,26),
 (356,26),
 (357,26),
 (358,26),
 (359,26),
 (360,26),
 (365,26),
 (367,26),
 (368,26),
 (369,26),
 (370,26),
 (371,26),
 (372,26),
 (373,26),
 (377,26),
 (379,26),
 (383,26),
 (384,26),
 (385,26),
 (389,26),
 (395,26),
 (407,26),
 (408,26),
 (409,26),
 (410,26),
 (414,26),
 (415,26),
 (418,26),
 (420,26),
 (422,26),
 (423,26),
 (424,26),
 (429,26),
 (431,26),
 (434,26),
 (436,26),
 (438,26),
 (440,26),
 (441,26),
 (443,26),
 (444,26),
 (446,26),
 (447,26),
 (449,26),
 (450,26),
 (452,26),
 (453,26),
 (455,26),
 (456,26),
 (459,26),
 (462,26),
 (463,26),
 (464,26),
 (465,26),
 (466,26),
 (468,26),
 (472,26),
 (475,26),
 (478,26),
 (479,26),
 (480,26),
 (482,26),
 (483,26),
 (484,26),
 (485,26),
 (486,26),
 (487,26),
 (488,26),
 (489,26),
 (490,26),
 (492,26),
 (494,26),
 (500,26),
 (502,26),
 (503,26),
 (506,26),
 (507,26),
 (510,26),
 (511,26),
 (512,26),
 (513,26),
 (514,26),
 (515,26),
 (516,26),
 (517,26),
 (519,26),
 (522,26),
 (523,26),
 (524,26),
 (525,26),
 (526,26),
 (531,26),
 (536,26),
 (541,26),
 (544,26),
 (546,26),
 (548,26),
 (553,26),
 (558,26),
 (559,26),
 (560,26),
 (561,26),
 (562,26),
 (567,26),
 (568,26),
 (573,26),
 (574,26),
 (578,26),
 (579,26),
 (580,26),
 (581,26),
 (585,26),
 (586,26),
 (587,26),
 (588,26),
 (589,26),
 (591,26),
 (592,26),
 (600,26),
 (601,26),
 (606,26),
 (608,26),
 (609,26),
 (611,26),
 (612,26),
 (613,26),
 (615,26),
 (617,26),
 (618,26),
 (619,26),
 (620,26),
 (621,26),
 (622,26),
 (623,26),
 (627,26),
 (628,26),
 (630,26),
 (632,26),
 (633,26),
 (634,26),
 (636,26),
 (639,26),
 (642,26),
 (643,26),
 (644,26),
 (645,26),
 (648,26),
 (649,26),
 (653,26),
 (656,26),
 (657,26),
 (659,26),
 (668,26),
 (669,26),
 (670,26),
 (671,26),
 (673,26),
 (675,26),
 (676,26),
 (677,26),
 (678,26),
 (679,26),
 (680,26),
 (682,26),
 (683,26),
 (684,26),
 (685,26),
 (687,26),
 (689,26),
 (690,26),
 (694,26),
 (695,26),
 (697,26),
 (700,26),
 (701,26),
 (702,26),
 (703,26),
 (705,26),
 (706,26),
 (707,26),
 (708,26),
 (709,26),
 (710,26),
 (711,26),
 (712,26),
 (718,26),
 (719,26),
 (720,26),
 (722,26),
 (723,26),
 (725,26),
 (749,26),
 (750,26),
 (756,26),
 (759,26),
 (760,26),
 (761,26),
 (764,26),
 (765,26),
 (769,26),
 (774,26),
 (775,26),
 (776,26),
 (779,26),
 (780,26),
 (788,26),
 (789,26),
 (791,26),
 (792,26),
 (796,26),
 (797,26),
 (799,26),
 (802,26),
 (803,26),
 (805,26),
 (807,26),
 (813,26),
 (816,26),
 (818,26),
 (819,26),
 (820,26),
 (821,26),
 (824,26),
 (826,26),
 (830,26),
 (831,26),
 (834,26),
 (835,26),
 (836,26),
 (837,26),
 (839,26),
 (841,26),
 (842,26),
 (845,26),
 (851,26),
 (852,26),
 (853,26),
 (854,26),
 (856,26),
 (857,26),
 (860,26),
 (862,26),
 (864,26),
 (866,26),
 (871,26),
 (873,26),
 (875,26),
 (876,26),
 (879,26),
 (880,26),
 (881,26),
 (883,26),
 (886,26),
 (196,27),
 (308,27),
 (323,27),
 (368,27),
 (371,27),
 (517,27),
 (520,27),
 (611,27),
 (621,27),
 (636,27),
 (637,27),
 (648,27),
 (673,27),
 (694,27),
 (755,27),
 (760,27),
 (776,27),
 (794,27),
 (841,27),
 (53,28),
 (55,28),
 (72,28),
 (78,28),
 (87,28),
 (99,28),
 (124,28),
 (158,28),
 (173,28),
 (175,28),
 (285,28),
 (330,28),
 (338,28),
 (339,28),
 (355,28),
 (365,28),
 (407,28),
 (409,28),
 (412,28),
 (419,28),
 (508,28),
 (543,28),
 (545,28),
 (556,28),
 (603,28),
 (614,28),
 (681,28),
 (699,28),
 (779,28),
 (792,28),
 (795,28),
 (835,28),
 (837,28),
 (876,28),
 (23,29),
 (31,29),
 (59,29),
 (66,29),
 (68,29),
 (75,29),
 (81,29),
 (95,29),
 (98,29),
 (143,29),
 (154,29),
 (159,29),
 (160,29),
 (167,29),
 (212,29),
 (223,29),
 (230,29),
 (241,29),
 (243,29),
 (250,29),
 (268,29),
 (276,29),
 (286,29),
 (298,29),
 (335,29),
 (340,29),
 (369,29),
 (386,29),
 (387,29),
 (388,29),
 (397,29),
 (399,29),
 (402,29),
 (420,29),
 (425,29),
 (469,29),
 (477,29),
 (487,29),
 (494,29),
 (495,29),
 (504,29),
 (550,29),
 (552,29),
 (562,29),
 (583,29),
 (600,29),
 (651,29),
 (676,29),
 (678,29),
 (679,29),
 (693,29),
 (775,29),
 (790,29),
 (810,29),
 (814,29),
 (826,29),
 (829,29),
 (862,29),
 (870,29),
 (886,29),
 (568,30),
 (727,30),
 (728,30),
 (729,30),
 (730,30),
 (731,30),
 (732,30),
 (733,30),
 (734,30),
 (735,30),
 (736,30),
 (737,30),
 (738,30),
 (739,30),
 (741,30),
 (742,30),
 (743,30),
 (744,30),
 (745,30),
 (746,30),
 (748,30),
 (752,30),
 (759,30),
 (779,30),
 (792,30),
 (813,30),
 (844,30);


--
-- Definition of table `extension`
--

CREATE TABLE `extension` (
  `id` int(11) NOT NULL AUTO_INCREMENT,
  `name` varchar(50) NOT NULL,
  PRIMARY KEY (`id`)
) ENGINE=InnoDB AUTO_INCREMENT=7 DEFAULT CHARSET=utf8;

--
-- Dumping data for table `extension`
--

INSERT INTO `extension` (`id`,`name`) VALUES 
 (6,'tv');


--
-- Definition of table `offer`
--

CREATE TABLE `offer` (
  `id` int(10) unsigned NOT NULL AUTO_INCREMENT,
  `created_at` datetime DEFAULT NULL,
  `domain_id` int(11) NOT NULL DEFAULT '0',
  `name` varchar(30) DEFAULT NULL,
  `email` varchar(70) NOT NULL,
  `price` decimal(10,2) NOT NULL,
  `message` varchar(500) DEFAULT NULL,
  `payment_id` int(11) NOT NULL DEFAULT '0',
  UNIQUE KEY `id` (`id`)
) ENGINE=InnoDB AUTO_INCREMENT=14 DEFAULT CHARSET=utf8;

--
-- Dumping data for table `offer`
--

INSERT INTO `offer` (`id`,`created_at`,`domain_id`,`name`,`email`,`price`,`message`,`payment_id`) VALUES 
 (5,'2011-11-03 22:06:10',24,'Email Offer','markh@laplaza.org','5000.00','',0),
 (6,'2011-11-06 14:05:42',154,'Mike','mike@sc2tv.ru','20.00','',0),
 (8,'2011-11-21 02:03:29',298,'Sedo Offer','markh@laplaza.org','500.00','',0),
 (9,'2011-12-15 23:29:52',276,'Email Offer','markh@laplaza.org','300.00','',0),
 (10,'2011-12-15 23:30:35',137,'Sedo Offer','markh@laplaza.org','400.00','',0),
 (11,'2012-01-26 23:05:28',139,'shahir','shahirghasemi@yahoo.com','200.00','please put a heaton movie cs',0),
 (12,'2012-01-30 20:00:38',808,'Sedo Offer','markh@laplaza.org','105.00','',0),
 (13,'2012-01-30 20:23:25',808,'Sedo Offer','markh@laplaza.org','200.00','',0);


--
-- Definition of table `page`
--

CREATE TABLE `page` (
  `id` int(11) NOT NULL AUTO_INCREMENT,
  `created_at` datetime DEFAULT NULL,
  `title` varchar(200) NOT NULL,
  `content` text,
  PRIMARY KEY (`id`)
) ENGINE=InnoDB AUTO_INCREMENT=6 DEFAULT CHARSET=utf8;

--
-- Dumping data for table `page`
--

INSERT INTO `page` (`id`,`created_at`,`title`,`content`) VALUES 
 (1,NULL,'Contact Us','<p>\r\n	Vgrooves, Inc.</p>\r\n<p>\r\n	PO Box 85</p>\r\n<p>\r\n	Carson, NM 87517</p>\r\n<p>\r\n	mark@domaindeals.tv</p>\r\n'),
 (2,NULL,'Sales Terms','<p>\r\n	All purchases and accepted offers will be billed through Paypal. If you would prefer Escrow.com or another escrow service please email mark@domaindeals.tv. Once an offer is placed a representative will get back to you as soon as possible. Accepted offers and purchased domains must be paid for or payment arrangements made within 48 hours.<br />\r\n	<br />\r\n	Payments made through Paypal have no additional fees. Payments through Escrow.com or eCop.com buyer pays the escrow fees.</p>\r\n<p>\r\n	All domains are sold &ldquo;as is&rdquo;.</p>\r\n<p>\r\n	Once the domain is transferred to purchaser, DomainDeals.tv is released from any and all obligation and liability.</p>\r\n<p>\r\n	All sales are final and non-refundable.</p>\r\n<p>\r\n	Some .tv domains must stay at the registrar they are currently registered at and will be transferred into an account you currently have or create at that registrar.<br />\r\n	<br />\r\n	Most domains can be transferred at the current registrar or transferred to the registrar of your choice.<br />\r\n	<br />\r\n	All listed domains have standard renewal rates.<br />\r\n	<br />\r\n	All prices subject to change without notice.<br />\r\n	<br />\r\n	All domains subject to prior sale.<br />\r\n	<br />\r\n	We reserve the right to refuse any sale or offer.</p>\r\n'),
 (3,NULL,'About Us','<p>\r\n	DomainDeals.tv is a Vgrooves, Inc. website. Vgrooves, Inc. has been developing, buying and selling domains since 2000.</p>\r\n<p>\r\n	Thank you for visiting.</p>\r\n'),
 (4,'2011-11-13 20:52:06','More Domains','<meta content=\"1;URL=http://domains.dots.us\" http-equiv=\"refresh\" />\r\n<div align=\"center\">\r\n	<p>\r\n		&nbsp;</p>\r\n	<p>\r\n		&nbsp;</p>\r\n	<p>\r\n		&nbsp;</p>\r\n	<p>\r\n		<span style=\"font-size:24px;\"><strong><a href=\"http://domains.dots.us\"><font face=\"Arial, Helvetica, sans-serif\">Click here</font></a></strong></span></p>\r\n	<p>\r\n		&nbsp;</p>\r\n	<p>\r\n		<span style=\"font-size:12px;\"><font face=\"Arial, Helvetica, sans-serif\">if your browser does not automatically redirect</font></span></p>\r\n</div>\r\n'),
 (5,'2011-11-13 20:52:54','Blog','<meta content=\"1;URL=http://www.dots.us\" http-equiv=\"refresh\" />\r\n<div align=\"center\">\r\n	<p>\r\n		&nbsp;</p>\r\n	<p>\r\n		&nbsp;</p>\r\n	<p>\r\n		&nbsp;</p>\r\n	<p>\r\n		<span style=\"font-size:24px;\"><strong><a href=\"http://www.dots.us\"><font face=\"Arial, Helvetica, sans-serif\">Click here</font></a></strong></span></p>\r\n	<p>\r\n		&nbsp;</p>\r\n	<p>\r\n		<span style=\"font-size:12px;\"><font face=\"Arial, Helvetica, sans-serif\">if your browser does not automatically redirect</font></span></p>\r\n</div>\r\n');


--
-- Definition of table `payment`
--

CREATE TABLE `payment` (
  `id` int(11) NOT NULL AUTO_INCREMENT,
  `price` decimal(10,2) DEFAULT NULL,
  `domain_id` int(11) NOT NULL DEFAULT '0',
  PRIMARY KEY (`id`),
  KEY `payment_FI_1` (`domain_id`),
  CONSTRAINT `payment_FK_1` FOREIGN KEY (`domain_id`) REFERENCES `domain` (`id`) ON DELETE CASCADE
) ENGINE=InnoDB AUTO_INCREMENT=26 DEFAULT CHARSET=utf8;

--
-- Dumping data for table `payment`
--

INSERT INTO `payment` (`id`,`price`,`domain_id`) VALUES 
 (1,'200.00',188),
 (2,'5000.00',645),
 (3,'5000.00',645),
 (4,'35.00',398),
 (5,'50.00',275),
 (6,'50.00',275),
 (7,'35.00',398),
 (8,'5000.00',645),
 (9,'35.00',398),
 (10,'5000.00',645),
 (11,NULL,699),
 (12,'35.00',379),
 (13,NULL,699),
 (14,NULL,699),
 (15,'5000.00',645),
 (16,'50.00',275),
 (17,NULL,699),
 (18,'5000.00',645),
 (19,NULL,699),
 (20,'5000.00',645),
 (21,'5000.00',645),
 (22,'5000.00',645),
 (23,'5000.00',645),
 (24,'5000.00',645),
 (25,'5000.00',645);


--
-- Definition of table `sale_type`
--

CREATE TABLE `sale_type` (
  `id` int(11) NOT NULL AUTO_INCREMENT,
  `name` varchar(50) NOT NULL,
  PRIMARY KEY (`id`)
) ENGINE=InnoDB AUTO_INCREMENT=3 DEFAULT CHARSET=utf8;

--
-- Dumping data for table `sale_type`
--

INSERT INTO `sale_type` (`id`,`name`) VALUES 
 (1,'Buy It Now'),
 (2,'Make Offer');


--
-- Definition of table `sf_guard_group`
--

CREATE TABLE `sf_guard_group` (
  `id` int(11) NOT NULL AUTO_INCREMENT,
  `name` varchar(255) COLLATE latin1_general_ci NOT NULL,
  `description` text COLLATE latin1_general_ci,
  PRIMARY KEY (`id`),
  UNIQUE KEY `sf_guard_group_U_1` (`name`)
) ENGINE=MyISAM DEFAULT CHARSET=latin1 COLLATE=latin1_general_ci;

--
-- Dumping data for table `sf_guard_group`
--



--
-- Definition of table `sf_guard_group_permission`
--

CREATE TABLE `sf_guard_group_permission` (
  `group_id` int(11) NOT NULL,
  `permission_id` int(11) NOT NULL,
  PRIMARY KEY (`group_id`,`permission_id`),
  KEY `sf_guard_group_permission_FI_2` (`permission_id`)
) ENGINE=MyISAM DEFAULT CHARSET=latin1 COLLATE=latin1_general_ci;

--
-- Dumping data for table `sf_guard_group_permission`
--



--
-- Definition of table `sf_guard_permission`
--

CREATE TABLE `sf_guard_permission` (
  `id` int(11) NOT NULL AUTO_INCREMENT,
  `name` varchar(255) COLLATE latin1_general_ci NOT NULL,
  `description` text COLLATE latin1_general_ci,
  PRIMARY KEY (`id`),
  UNIQUE KEY `sf_guard_permission_U_1` (`name`)
) ENGINE=MyISAM DEFAULT CHARSET=latin1 COLLATE=latin1_general_ci;

--
-- Dumping data for table `sf_guard_permission`
--



--
-- Definition of table `sf_guard_remember_key`
--

CREATE TABLE `sf_guard_remember_key` (
  `user_id` int(11) NOT NULL,
  `remember_key` varchar(32) COLLATE latin1_general_ci DEFAULT NULL,
  `ip_address` varchar(50) COLLATE latin1_general_ci NOT NULL,
  `created_at` datetime DEFAULT NULL,
  PRIMARY KEY (`user_id`,`ip_address`)
) ENGINE=MyISAM DEFAULT CHARSET=latin1 COLLATE=latin1_general_ci;

--
-- Dumping data for table `sf_guard_remember_key`
--

INSERT INTO `sf_guard_remember_key` (`user_id`,`remember_key`,`ip_address`,`created_at`) VALUES 
 (1,'7u8cb2hpy98o04o08ko8socwgkoo0co','85.72.229.177','2011-12-23 12:20:45');


--
-- Definition of table `sf_guard_user`
--

CREATE TABLE `sf_guard_user` (
  `id` int(11) NOT NULL AUTO_INCREMENT,
  `username` varchar(128) COLLATE latin1_general_ci NOT NULL,
  `algorithm` varchar(128) COLLATE latin1_general_ci NOT NULL DEFAULT 'sha1',
  `salt` varchar(128) COLLATE latin1_general_ci NOT NULL,
  `password` varchar(128) COLLATE latin1_general_ci NOT NULL,
  `created_at` datetime DEFAULT NULL,
  `last_login` datetime DEFAULT NULL,
  `is_active` tinyint(4) NOT NULL DEFAULT '1',
  `is_super_admin` tinyint(4) NOT NULL DEFAULT '0',
  PRIMARY KEY (`id`),
  UNIQUE KEY `sf_guard_user_U_1` (`username`)
) ENGINE=MyISAM AUTO_INCREMENT=2 DEFAULT CHARSET=latin1 COLLATE=latin1_general_ci;

--
-- Dumping data for table `sf_guard_user`
--

INSERT INTO `sf_guard_user` (`id`,`username`,`algorithm`,`salt`,`password`,`created_at`,`last_login`,`is_active`,`is_super_admin`) VALUES 
 (1,'admin','sha1','d8d9b89225984adda3fb05170fdbbb1a','cf5d4e55f5c1d128a0468a2ebe3d32f76246d01d','2010-10-24 19:49:14','2012-07-29 20:34:53',1,1);


--
-- Definition of table `sf_guard_user_group`
--

CREATE TABLE `sf_guard_user_group` (
  `user_id` int(11) NOT NULL,
  `group_id` int(11) NOT NULL,
  PRIMARY KEY (`user_id`,`group_id`),
  KEY `sf_guard_user_group_FI_2` (`group_id`)
) ENGINE=MyISAM DEFAULT CHARSET=latin1 COLLATE=latin1_general_ci;

--
-- Dumping data for table `sf_guard_user_group`
--



--
-- Definition of table `sf_guard_user_permission`
--

CREATE TABLE `sf_guard_user_permission` (
  `user_id` int(11) NOT NULL,
  `permission_id` int(11) NOT NULL,
  PRIMARY KEY (`user_id`,`permission_id`),
  KEY `sf_guard_user_permission_FI_2` (`permission_id`)
) ENGINE=MyISAM DEFAULT CHARSET=latin1 COLLATE=latin1_general_ci;

--
-- Dumping data for table `sf_guard_user_permission`
--





