INSERT INTO `wp_icl_translate` (`tid`,`job_id`,`content_id`,`timestamp`,`field_type`,`field_format`,`field_translate`,`field_data`,`field_data_translated`,`field_finished`) VALUES 
 (212,56,0,'2014-12-09 17:32:09','categories','csv_base64',1,'\"U3VwcG9ydGVycw==\"','',1),
 (213,56,0,'2014-12-09 17:32:09','category_ids','',0,'9','',0),
 (214,57,0,'2014-12-09 17:34:07','title','base64',1,'UHJvZi4gzpXOvM68zrHOvc6/z4XOrs67IM6kz4POtc+DzrzOtc67zq7Pgg==','UHJvZmVzc29yIEVtbWFudWVsIFRzZXNtZWxpcw==',0),
 (215,57,0,'2014-12-09 17:34:07','body','base64',1,'[encoded data, 4504 characters]','PGI+PGEgaHJlZj0iaHR0cDovL3d3dy50aG91Z2h0Zm9yYWN0aW9uLm9yZy93cC1jb250ZW50L3VwbG9hZHMvMjAxNC8xMi90c2VzbWVsaXMuanBlZyI+PGltZyBjbGFzcz0iYWxpZ25sZWZ0IHdwLWltYWdlLTMwNzUgc2l6ZS1tZWRpdW0iIHNyYz0iaHR0cDovL3d3dy50aG91Z2h0Zm9yYWN0aW9uLm9yZy93cC1jb250ZW50L3VwbG9hZHMvMjAxNC8xMi90c2VzbWVsaXMtMzAweDI4MC5qcGVnIiBhbHQ9InRzZXNtZWxpcyIgd2lkdGg9IjMwMCIgaGVpZ2h0PSIyODAiIC8+PC9hPlByb2Zlc3NvciBFbW1hbnVlbCBUc2VzbWVsaXM8L2I+IDxiPlNlbmlvciBQaHlzaWNpc3QsIERpcmVjdG9yYXRlIE9mZmljZSwgQ0VSTjwvYj4gPGI+VmlzaXRpbmcgUHJvZmVzc29yLCBEZXBhcnRtZW50IG9mIFBoeXNpY3MsIFVuaXZlcnNpdHkgb2YgT3hmb3JkPC9iPiBFbW1hbnVlbCBUc2VzbWVsaXMgaXMgYW4gZXhwZXJpbWVudGFsIHBhcnRpY2xlIHBoeXNpY2lzdCB3aXRoIGEgY2FyZWVyIHNwYW5uaW5nIHNjaWVudGlmaWMgcmVzZWFyY2gsIGFjYWRlbWljIHRlYWNoaW5nLCBzY2llbmNlIGNvbW11bmljYXRpb24sIGludGVybmF0aW9uYWwgcmVsYXRpb25zIGFuZCBtYW5hZ2VtZW50IGF0IENFUk4gYW5kIGF0IHNldmVyYWwgdW5pdmVyc2l0aWVzLiBIZSBpcyBhIFNlbmlvciBQaHlzaWNpc3QgaW4gQ0VSTuKAmXMgRGlyZWN0b3JhdGUgT2ZmaWNlIGFuZCBhIFZpc2l0aW5nIFByb2Zlc3NvciBpbiBQYXJ0aWNsZSBhbmQgQWNjZWxlcmF0b3IgUGh5c2ljcyBhdCB0aGUgVW5pdmVyc2l0eSBvZiBPeGZvcmQuIEhlIGlzIGFuIGVsZWN0ZWQgRmVsbG93IG9mIHRoZSBBdXN0cmFsaWFuIEluc3RpdHV0ZSBvZiBQaHlzaWNzIGFuZCBhIHN1cGVybnVtZXJhcnkgbWVtYmVyIG9mIEplc3VzIENvbGxlZ2UsIE94Zm9yZC4gSGUgaXMgZmx1ZW50IGluIEVuZ2xpc2gsIEZyZW5jaCwgR2VybWFuIGFuZCBHcmVlay4gSGUgdW5kZXJ0b29rIGhpcyBzdHVkaWVzIGluIEF0aGVucywgTWVsYm91cm5lIGFuZCBEb3J0bXVuZC4gSGUgY29tcGxldGVkIGhpcyBQaC5ELiBzdHVkaWVzIGluIGV4cGVyaW1lbnRhbCBwYXJ0aWNsZSBwaHlzaWNzIGF0IHRoZSBVbml2ZXJzaXR5IG9mIERvcnRtdW5kLCB3aGVyZSBoZSB3b3JrZWQgb24gdGhlIHNlYXJjaCBmb3IgdGhlIGNoYXJnZWQgSGlnZ3MgYm9zb24gYXQgZXhwZXJpbWVudHMgYXQgQ0VSTi4gRnJvbSAxOTkzIHRvIDE5OTgsIGhlIHdvcmtlZCBvbiBuZXV0cmlubyBleHBlcmltZW50cyBhdCBDRVJOIHNlYXJjaGluZyBmb3IgcXVhbnR1bSBtZWNoYW5pY2FsIG9zY2lsbGF0aW9ucyBvZiBvbmUgZmxhdm91ciBvZiBuZXV0cmlubyB0byBhbm90aGVyLiBJbiAxOTk4IGhlIGpvaW5lZCB0aGUgQ01TIENvbGxhYm9yYXRpb24gYXQgQ0VSTuKAmXMgTGFyZ2UgSGFkcm9uIENvbGxpZGVyIChMSEMpLCBvbmUgb2YgdGhlIHR3byBleHBlcmltZW50cyB0aGF0IGluIDIwMTIgYW5ub3VuY2VkIHRoZSBkaXNjb3Zlcnkgb2YgdGhlIEhpZ2dzIGJvc29uLCBhbmQgZm9yIHRoZSBwZXJpb2QgMjAwNS0yMDA4IGhlIHdhcyBIZWFkIG9mIHRoZSBMSEMgRXhwZXJpbWVudGFsIEFyZWFzLiBBcyBhIHJlc3VsdCBvZiBoaXMgcmVzZWFyY2gsIGhlIGhhcyBjby1hdXRob3JlZCBhIGxhcmdlIG51bWJlciBvZiBzY2llbnRpZmljIHBhcGVycyBpbiByZWZlcmVlZCBqb3VybmFscyB0b2dldGhlciB3aXRoIGludGVybmF0aW9uYWwgY29sbGFib3JhdG9ycy4gRW1tYW51ZWwgVHNlc21lbGlzIGhlYWRzIHRoZSBDRVJOIERpcmVjdG9yYXRlIE9mZmljZSwgd2hpY2ggcGxheXMgYSBrZXkgYWR2aXNvcnkgYW5kIHN1cHBvcnQgcm9sZSBmb3IgdGhlIERpcmVjdG9yLUdlbmVyYWwgYW5kIFNlbmlvciBNYW5hZ2VtZW50LCBwcm92aWRpbmcgYSBzb3VyY2Ugb2YgcG9saWN5IGFuZCBzdHJhdGVneSBjb3Vuc2VsLiBBcyBvZiAyMDA0LCBoZSBoYXMgYWxzbyBiZWVuIHByb3ZpZGluZyBzdHJhdGVnaWMgYWR2aWNlIHRvIENFUk4gRGlyZWN0b3JzLUdlbmVyYWwgb24gaW50ZXJuYXRpb25hbCByZWxhdGlvbnMgb2YgdGhlIE9yZ2FuaXphdGlvbi4gSW4gdGhpcyBjYXBhY2l0eSwgaGUgaGFzIGJlZW4gcmVzcG9uc2libGUgZm9yIGJyaW5naW5nIGludG8gY29sbGFib3JhdGlvbiB3aXRoIENFUk4gc2NpZW50aXN0cyBmcm9tIGNvdW50cmllcyB0aGF0IGFyZSBpbiB0aGUgcHJvY2VzcyBvZiBkZXZlbG9waW5nIHRoZWlyIHBhcnRpY2xlIHBoeXNpY3MgY29tbXVuaXRpZXMuIEhlIGFsc28gbGVjdHVyZXMgaW4gcGh5c2ljcyBhbmQgb3JnYW5pemVzIHB1YmxpYyBlbmdhZ2VtZW50IGV2ZW50cyBpbiBzY2llbmNlLCB0ZWNobm9sb2d5IGFuZCBpbm5vdmF0aW9uLCBtb3N0IG5vdGFibHkgcmVsYXRlZCB0byBDRVJO4oCZcyBOb24tTWVtYmVyIFN0YXRlIFN1bW1lciBTdHVkZW50IFByb2dyYW1tZSBhbmQgSGlnaCBTY2hvb2wgVGVhY2hlciBQcm9ncmFtbWUgYW5kIGFsc28gaW4gcmVsYXRpb24gdG8gdGhlIFJveWFsIFNvY2lldHnigJlzIFN1bW1lciBTY2llbmNlIEV4aGliaXRpb24gaW4gTG9uZG9uLg==',0),
 (216,57,0,'2014-12-09 17:34:07','excerpt','base64',1,'U2VuaW9yIFBoeXNpY2lzdCwgRGlyZWN0b3JhdGUgT2ZmaWNlLCBDRVJO','U2VuaW9yIFBoeXNpY2lzdCwgRGlyZWN0b3JhdGUgT2ZmaWNlLCBDRVJO',1),
 (217,57,0,'2014-12-09 17:34:07','original_id','',0,'531','',0),
 (218,57,0,'2014-12-09 17:34:07','categories','csv_base64',1,'\"U3VwcG9ydGVycw==\"','',1),
 (219,57,0,'2014-12-09 17:34:07','category_ids','',0,'9','',0),
 (220,58,0,'2014-12-15 16:20:11','title','base64',1,'zpXPgM65zrrOv865zr3Pic69zq/OsQ==','Q29udGFjdA==',1),
 (221,58,0,'2014-12-15 16:20:11','body','base64',1,'PGJsb2NrcXVvdGU+PHN0cm9uZz7Oo8+FzrzPgM67zq7Pgc+Jz4POtSDPhM6xIM+Dz4TOv865z4fOtc6vzrEgz4POv8+FIM66zrHOuSDOrc67zrEgz4POtSDOtc+AzrHPhs6uIM68zrUgzqzPhM6/zrzOsSDPgM6/z4Ugz4POus6tz4bPhM6/zr3PhM6xzrksIM6/z4HOs86xzr3Pjs69zr/Ovc+EzrHOuSDOus6xzrkgzrTPgc6/z4XOvSDOs865zrEgz4TOt869IM6xzr3OrM+Az4TPhc6+zrcgzrrOsc65IM+Ezr8gzrrOv865zr3PjCDPg8+FzrzPhs6tz4HOv869IM+Dz4TOtyDPh8+Oz4HOsS48L3N0cm9uZz48L2Jsb2NrcXVvdGU+','PCEtLTplbi0tPg0KPHAgc3R5bGU9InRleHQtYWxpZ246IGNlbnRlcjsiPjxhIGhyZWY9Imh0dHA6Ly93d3cudGhvdWdodGZvcmFjdGlvbi5vcmcvd3AtY29udGVudC91cGxvYWRzLzIwMTMvMDEvam9vbWxhX2xvZ28xLnBuZyI+PGltZyBzcmM9Imh0dHA6Ly93d3cudGhvdWdodGZvcmFjdGlvbi5vcmcvd3AtY29udGVudC91cGxvYWRzLzIwMTMvMDEvam9vbWxhX2xvZ28xLnBuZyIgYWx0PSIiIHdpZHRoPSIzMzIiIGhlaWdodD0iNjkiIC8+PC9hPjwvcD4NCjxwIHN0eWxlPSJ0ZXh0LWFsaWduOiBqdXN0aWZ5OyI+SGVyZSB5b3UgY2FuIHNoYXJlIHRob3VnaHRzLCBjb25jZXJucyBhbmQgc3VnZ2VzdGlvbnMgZm9yIEFjdGlvbiwgb3IgZnVydGhlciBkaWFsb2d1ZSwgd2l0aCBhbiBhaW0gdG8gc29sdmUgdGhlIHN0cnVjdHVyYWwgcHJvYmxlbXMgZmFjaW5nIEdyZWVjZS4gQ2hvb3NlIHlvdXIgY2F0ZWdvcnksIGNvbXBsZXRlIHlvdXIgZGV0YWlscyBhbmQgbGV0IHVzIGJyaW5nIHlvdSBpbiBjb250YWN0IHdpdGggbGlrZW1pbmRlZCBpbmRpdmlkdWFscyB3aG8gdGhpbmssIG9yZ2FuaXNlIGFuZCBhY3QgZm9yIGRldmVsb3BtZW50IGFuZCB0aGUgY29tbW9uIGdvb2Qgb2YgdGhpcyBjb3VudHJ5LjwvcD4=',0),
 (223,59,0,'2014-12-15 16:46:10','title','base64',1,'SW5mb3JtYWxpdHkgaW4gQXRoZW5z','SW5mb3JtYWxpdHkgaW4gQXRoZW5z',1),
 (224,59,0,'2014-12-15 16:46:10','body','base64',1,'PGlmcmFtZSBzcmM9Ii8vcGxheWVyLnZpbWVvLmNvbS92aWRlby8xMTQ1MjUzNTUiIHdpZHRoPSI1MDAiIGhlaWdodD0iMjgxIiBmcmFtZWJvcmRlcj0iMCIgYWxsb3dmdWxsc2NyZWVuPSJhbGxvd2Z1bGxzY3JlZW4iPjwvaWZyYW1lPg0KDQo8YSBocmVmPSJodHRwOi8vdmltZW8uY29tLzExNDUyNTM1NSI+RWxlbmEgUGFuYXJpdGlzX0F0aGVucyBJbmZvcm1hbCBFY29ub215PC9hPiBmcm9tIDxhIGhyZWY9Imh0dHA6Ly92aW1lby5jb20vdXNlcjQ1MDEyNTkiPkFtaWUgV2lsbGlhbXM8L2E+IG9uIDxhIGhyZWY9Imh0dHBzOi8vdmltZW8uY29tIj5WaW1lbzwvYT4u','PGlmcmFtZSBzcmM9Ii8vcGxheWVyLnZpbWVvLmNvbS92aWRlby8xMTQ1MjUzNTUiIHdpZHRoPSI1MDAiIGhlaWdodD0iMjgxIiBmcmFtZWJvcmRlcj0iMCIgYWxsb3dmdWxsc2NyZWVuPSJhbGxvd2Z1bGxzY3JlZW4iPjwvaWZyYW1lPiA8YSBocmVmPSJodHRwOi8vdmltZW8uY29tLzExNDUyNTM1NSI+RWxlbmEgUGFuYXJpdGlzX0F0aGVucyBJbmZvcm1hbCBFY29ub215PC9hPiBmcm9tIDxhIGhyZWY9Imh0dHA6Ly92aW1lby5jb20vdXNlcjQ1MDEyNTkiPkFtaWUgV2lsbGlhbXM8L2E+IG9uIDxhIGhyZWY9Imh0dHBzOi8vdmltZW8uY29tIj5WaW1lbzwvYT4u',1),
 (222,58,0,'2014-12-15 16:20:11','original_id','',0,'19','',0),
 (225,59,0,'2014-12-15 16:46:10','original_id','',0,'3119','',1),
 (226,59,0,'2014-12-15 16:46:10','categories','csv_base64',1,'\"zpTPgc6sz4POtc65z4I=\"','',1),
 (227,59,0,'2014-12-15 16:46:10','category_ids','',0,'130','',1),
 (228,60,0,'2014-12-15 16:48:15','title','base64',1,'SW5mb3JtYWxpdHkgaW4gQXRoZW5z','SW5mb3JtYWxpdHkgaW4gQXRoZW5z',1),
 (229,60,0,'2014-12-15 16:48:15','body','base64',1,'PGlmcmFtZSBzcmM9Ii8vcGxheWVyLnZpbWVvLmNvbS92aWRlby8xMTQ1MjUzNTUiIHdpZHRoPSI2MDAiIGhlaWdodD0iNDgxIiBmcmFtZWJvcmRlcj0iMCIgYWxsb3dmdWxsc2NyZWVuPSJhbGxvd2Z1bGxzY3JlZW4iPjwvaWZyYW1lPg0KDQo8YSBocmVmPSJodHRwOi8vdmltZW8uY29tLzExNDUyNTM1NSI+RWxlbmEgUGFuYXJpdGlzX0F0aGVucyBJbmZvcm1hbCBFY29ub215PC9hPiBmcm9tIDxhIGhyZWY9Imh0dHA6Ly92aW1lby5jb20vdXNlcjQ1MDEyNTkiPkFtaWUgV2lsbGlhbXM8L2E+IG9uIDxhIGhyZWY9Imh0dHBzOi8vdmltZW8uY29tIj5WaW1lbzwvYT4u','PGlmcmFtZSBzcmM9Ii8vcGxheWVyLnZpbWVvLmNvbS92aWRlby8xMTQ1MjUzNTUiIHdpZHRoPSI2MDAiIGhlaWdodD0iNTAwIiBmcmFtZWJvcmRlcj0iMCIgYWxsb3dmdWxsc2NyZWVuPSJhbGxvd2Z1bGxzY3JlZW4iPjwvaWZyYW1lPiA8YSBocmVmPSJodHRwOi8vdmltZW8uY29tLzExNDUyNTM1NSI+RWxlbmEgUGFuYXJpdGlzX0F0aGVucyBJbmZvcm1hbCBFY29ub215PC9hPiBmcm9tIDxhIGhyZWY9Imh0dHA6Ly92aW1lby5jb20vdXNlcjQ1MDEyNTkiPkFtaWUgV2lsbGlhbXM8L2E+IG9uIDxhIGhyZWY9Imh0dHBzOi8vdmltZW8uY29tIj5WaW1lbzwvYT4u',1),
 (230,60,0,'2014-12-15 16:48:15','original_id','',0,'3119','',1),
 (231,60,0,'2014-12-15 16:48:15','categories','csv_base64',1,'\"zpTPgc6sz4POtc65z4I=\"','',1),
 (232,60,0,'2014-12-15 16:48:15','category_ids','',0,'130','',1),
 (233,61,0,'2014-12-15 16:57:46','title','base64',1,'zqPOus6tz4jOtyDOs865zrEgzpTPgc6sz4POtyBFdmVudA==','VGhvdWdodCBmb3IgQWN0aW9uIEV2ZW50',1),
 (234,61,0,'2014-12-15 16:57:46','body','base64',1,'PGlmcmFtZSBzcmM9Ii8vd3d3LnlvdXR1YmUuY29tL2VtYmVkL0lqWkZVYnRINVhJP2xpc3Q9UEwyWU5qTW5ZZmRrX3NDYXhlV2d6NFg4emxOUzJ2eExwNiIgd2lkdGg9IjYwMCIgaGVpZ2h0PSI0MzgiIGZyYW1lYm9yZGVyPSIwIiBhbGxvd2Z1bGxzY3JlZW49ImFsbG93ZnVsbHNjcmVlbiI+PC9pZnJhbWU+','PGlmcmFtZSBzcmM9Ii8vd3d3LnlvdXR1YmUuY29tL2VtYmVkL0lqWkZVYnRINVhJP2xpc3Q9UEwyWU5qTW5ZZmRrX3NDYXhlV2d6NFg4emxOUzJ2eExwNiIgd2lkdGg9IjYwMCIgaGVpZ2h0PSI0MzgiIGZyYW1lYm9yZGVyPSIwIiBhbGxvd2Z1bGxzY3JlZW49ImFsbG93ZnVsbHNjcmVlbiI+PC9pZnJhbWU+',1),
 (235,61,0,'2014-12-15 16:57:46','original_id','',0,'3128','',1),
 (236,61,0,'2014-12-15 16:57:46','categories','csv_base64',1,'\"zpTPgc6sz4POtc65z4I=\"','',1),
 (237,61,0,'2014-12-15 16:57:46','category_ids','',0,'130','',1),
 (238,62,0,'2014-12-16 12:30:04','title','base64',1,'IkHPgiDOvM6szrjOv8+FzrzOtSDOsc+Az4wgzrHPhc+Ezr/Pjc+CIM+Azr/PhSDPgM6szrjOsc69zrUiIHwgzqPPhc69zq3Ovc+EzrXPhc6+zrcgzojOu861zr3Osc+CIM+AzrHOvc6xz4HOr8+Ezrcgz4PPhM6/IM6hzqYgz4TOv8+FIEFMUEhBIDk4OQ==','RWxlbmEgUGFuYXJpdGlzIGludGVydmlldyB8IEFMUEhBIDk4OQ==',1),
 (239,62,0,'2014-12-16 12:30:04','body','base64',1,'zqPPhc69zq3Ovc+EzrXPhc6+zrcgz4PPhM6/IM6hzqYgz4TOv8+FIEFMUEhBIDk4OSwgz4PPhM6/zr0gzpPOuc+Oz4HOs86/IM6jzrzPhc+Bzr3Org0KPGgyPiLOpM6/IHN1Y2Nlc3Mgc3Rvcnkgz4TOv8+FIM6gzrXPgc6/z40uIM6gz4nPgiDOus6xz4TOrM+GzrXPgc61IM68zrnOsSDPh8+Oz4HOsSDPgM6/z4Ugzq3Pg86yzrfOvc61IM69zrEgzrHOu867zqzOvs61zrkgz4TOtyDOvM6/zq/Pgc6xIM+EzrfPgiI8L2gyPg0KPGlmcmFtZSBzcmM9Imh0dHBzOi8vdy5zb3VuZGNsb3VkLmNvbS9wbGF5ZXIvP3VybD1odHRwcyUzQS8vYXBpLnNvdW5kY2xvdWQuY29tL3RyYWNrcy8xODE3NTE2OTImYW1wO2F1dG9fcGxheT1mYWxzZSZhbXA7aGlkZV9yZWxhdGVkPWZhbHNlJmFtcDtzaG93X2NvbW1lbnRzPXRydWUmYW1wO3Nob3dfdXNlcj10cnVlJmFtcDtzaG93X3JlcG9zdHM9ZmFsc2UmYW1wO3Zpc3VhbD10cnVlIiB3aWR0aD0iMTAwJSIgaGVpZ2h0PSI0NTAiIGZyYW1lYm9yZGVyPSJubyIgc2Nyb2xsaW5nPSJubyI+PC9pZnJhbWU+','zqPPhc69zq3Ovc+EzrXPhc6+zrcgz4PPhM6/IM6hzqYgz4TOv8+FIEFMUEhBIDk4OSwgz4PPhM6/zr0gzpPOuc+Oz4HOs86/IM6jzrzPhc+Bzr3Org0KPGgyPiLOpM6/IHN1Y2Nlc3Mgc3Rvcnkgz4TOv8+FIM6gzrXPgc6/z40uIM6gz4nPgiDOus6xz4TOrM+GzrXPgc61IM68zrnOsSDPh8+Oz4HOsSDPgM6/z4Ugzq3Pg86yzrfOvc61IM69zrEgzrHOu867zqzOvs61zrkgz4TOtyDOvM6/zq/Pgc6xIM+EzrfPgiI8L2gyPg0KPGlmcmFtZSBzcmM9Imh0dHBzOi8vdy5zb3VuZGNsb3VkLmNvbS9wbGF5ZXIvP3VybD1odHRwcyUzQS8vYXBpLnNvdW5kY2xvdWQuY29tL3RyYWNrcy8xODE3NTE2OTImYW1wO2F1dG9fcGxheT1mYWxzZSZhbXA7aGlkZV9yZWxhdGVkPWZhbHNlJmFtcDtzaG93X2NvbW1lbnRzPXRydWUmYW1wO3Nob3dfdXNlcj10cnVlJmFtcDtzaG93X3JlcG9zdHM9ZmFsc2UmYW1wO3Zpc3VhbD10cnVlIiB3aWR0aD0iMTAwJSIgaGVpZ2h0PSI0NTAiIGZyYW1lYm9yZGVyPSJubyIgc2Nyb2xsaW5nPSJubyI+PC9pZnJhbWU+',1),
 (240,62,0,'2014-12-16 12:30:04','original_id','',0,'3135','',1),
 (241,62,0,'2014-12-16 12:30:04','categories','csv_base64',1,'\"zpXPgM65zrrOsc65z4HPjM+EzrfPhM6x\"','',1),
 (242,62,0,'2014-12-16 12:30:04','category_ids','',0,'7','',1),
 (243,63,0,'2014-12-17 00:08:06','title','base64',1,'zpzOsc64zrHOr869zr/Ovc+EzrHPgiDOsc+Azr8gzrHPhc+Ezr/Pjc+CIM+Azr/PhSDPgM6tz4TPhc+HzrHOvSDOvc6xIM6zz4XPgc6vz4POv8+Fzr0gz4POtc67zq/OtM6xOiDOn865IM68zrXPhM6xz4HPgc+FzrjOvM6vz4POtc65z4Igz4DPgc6tz4DOtc65IM69zrEgzq3Ph86/z4XOvSDPgM+Bzr/Ov860zrXPhc+EzrnOus+MIM+Az4HPjM+DzrfOvM6/','zpzOsc64zrHOr869zr/Ovc+EzrHPgiDOsc+Azr8gzrHPhc+Ezr/Pjc+CIM+Azr/PhSDPgM6tz4TPhc+HzrHOvSDOvc6xIM6zz4XPgc6vz4POv8+Fzr0gz4POtc67zq/OtM6xOiDOn865IM68zrXPhM6xz4HPgc+FzrjOvM6vz4POtc65z4Igz4DPgc6tz4DOtc65IM69zrEgzq3Ph86/z4XOvSDPgM+Bzr/Ov860zrXPhc+EzrnOus+MIM+Az4HPjM+DzrfOvM6/',1),
 (244,63,0,'2014-12-17 00:08:06','body','base64',1,'[encoded data, 12356 characters]','[encoded data, 12320 characters]',1),
 (245,63,0,'2014-12-17 00:08:06','original_id','',0,'3147','',1),
 (246,63,0,'2014-12-17 00:08:06','categories','csv_base64',1,'\"TGF0ZXN0\"','',1),
 (247,63,0,'2014-12-17 00:08:06','category_ids','',0,'76','',1),
 (248,64,0,'2014-12-17 19:26:32','title','base64',1,'zp3Olc6fzqMgzpTOmc6RzpTOoc6RzqPOpM6ZzprOn86jIM6UzpnOkc6bzp/Ok86fzqMgfCDOlyDOv865zrrOv869zr/OvM65zrrOriDOus+Bzq/Pg863IM66zrHOuSDPhM6/IM+AzrHPgc6szrTOtc65zrPOvM6xIM+Ezr/PhSDOoM61z4HOv8+N','TVlUSFMgQU5EIFRSVVRIIFdIRU4gVEhFIERSQU1BIE9GIEFOIEVDT05PTUlDIENSSVNJUw==',1),
 (249,64,0,'2014-12-17 19:26:32','body','base64',1,'[encoded data, 13676 characters]','[encoded data, 9052 characters]',1),
 (250,64,0,'2014-12-17 19:26:32','original_id','',0,'2889','',1);
INSERT INTO `wp_icl_translate` (`tid`,`job_id`,`content_id`,`timestamp`,`field_type`,`field_format`,`field_translate`,`field_data`,`field_data_translated`,`field_finished`) VALUES 
 (251,65,0,'2014-12-17 22:25:14','title','base64',1,'U2FtYXJhcyBhY3RpbmcgbGlrZSBoZSBkb2Vzbid0IHdhbnQgZWxlY3Rpb24gd2luOiBFbGVuYSBQYW5hcml0aXMgKENOQkMp','U2FtYXJhcyBhY3RpbmcgbGlrZSBoZSBkb2Vzbid0IHdhbnQgZWxlY3Rpb24gd2luOiBFbGVuYSBQYW5hcml0aXMgKENOQkMp',1),
 (252,65,0,'2014-12-17 22:25:14','body','base64',1,'RWxlbmEgUGFuYXJpdGlzLCBmb3VuZGVyIG9mIFRob3VnaHQgNCBBY3Rpb24gYW5kIGZvcm1lciBQQVNPSyBNUCwgc2F5cyB0aGF0IEdyZWVrIFByaW1lIE1pbmlzdGVyIEFudG9uaXMgU2FtYXJhcyBpcyBub3Qgc3Ryb25nbHkgc3VwcG9ydGluZyBoaXMgY2FuZGlkYXRlIGZvciB0aGUgcHJlc2lkZW50aWFsLi4uICg8YSBocmVmPSJodHRwOi8vdmlkZW8uY25iYy5jb20vZ2FsbGVyeS8/dmlkZW89MzAwMDMzOTcyOCIgdGFyZ2V0PSJfYmxhbmsiPkxpbms8L2E+KQ0KDQo8aWZyYW1lIHNyYz0iaHR0cDovL3BsYXllci50aGVwbGF0Zm9ybS5jb20vcC9nWldsUEMvdmNwc19pbmxpbmU/YnlHdWlkPTMwMDAzMzk3MjgmYW1wO3NpemU9NjQwXzM2MCIgd2lkdGg9IjY0MCIgaGVpZ2h0PSIzNjAiIGFsbG93ZnVsbHNjcmVlbj0iYWxsb3dmdWxsc2NyZWVuIj48L2lmcmFtZT4=','RWxlbmEgUGFuYXJpdGlzLCBmb3VuZGVyIG9mIFRob3VnaHQgNCBBY3Rpb24gYW5kIGZvcm1lciBQQVNPSyBNUCwgc2F5cyB0aGF0IEdyZWVrIFByaW1lIE1pbmlzdGVyIEFudG9uaXMgU2FtYXJhcyBpcyBub3Qgc3Ryb25nbHkgc3VwcG9ydGluZyBoaXMgY2FuZGlkYXRlIGZvciB0aGUgcHJlc2lkZW50aWFsLi4uICg8YSBocmVmPSJodHRwOi8vdmlkZW8uY25iYy5jb20vZ2FsbGVyeS8/dmlkZW89MzAwMDMzOTcyOCIgdGFyZ2V0PSJfYmxhbmsiPkxpbms8L2E+KSA8aWZyYW1lIHNyYz0iaHR0cDovL3BsYXllci50aGVwbGF0Zm9ybS5jb20vcC9nWldsUEMvdmNwc19pbmxpbmU/YnlHdWlkPTMwMDAzMzk3MjgmYW1wO3NpemU9NjQwXzM2MCIgd2lkdGg9IjY0MCIgaGVpZ2h0PSIzNjAiIGFsbG93ZnVsbHNjcmVlbj0iYWxsb3dmdWxsc2NyZWVuIj48L2lmcmFtZT4=',1),
 (253,65,0,'2014-12-17 22:25:14','original_id','',0,'3160','',1),
 (254,65,0,'2014-12-17 22:25:14','categories','csv_base64',1,'\"zpXPgM65zrrOsc65z4HPjM+EzrfPhM6x\"','',1),
 (255,65,0,'2014-12-17 22:25:14','category_ids','',0,'7','',1),
 (256,66,0,'2014-12-18 13:33:55','title','base64',1,'zp3Olc6fzqMgzpTOmc6RzpTOoc6RzqPOpM6ZzprOn86jIM6UzpnOkc6bzp/Ok86fzqMgfCDOlyDOv865zrrOv869zr/OvM65zrrOriDOus+Bzq/Pg863IM66zrHOuSDPhM6/IM+AzrHPgc6szrTOtc65zrPOvM6xIM+Ezr/PhSDOoM61z4HOv8+N','TVlUSFMgQU5EIFRSVVRIIFdIRU4gVEhFIERSQU1BIE9GIEFOIEVDT05PTUlDIENSSVNJUw==',1),
 (257,66,0,'2014-12-18 13:33:55','body','base64',1,'[encoded data, 12148 characters]','[encoded data, 8552 characters]',1),
 (258,66,0,'2014-12-18 13:33:55','original_id','',0,'2889','',1),
 (259,67,0,'2014-12-30 22:28:30','title','base64',1,'U2FtYXJhcyBhY3RpbmcgbGlrZSBoZSBkb2Vzbid0IHdhbnQgZWxlY3Rpb24gd2luOiBFbGVuYSBQYW5hcml0aXMgKENOQkMp','U2FtYXJhcyBhY3RpbmcgbGlrZSBoZSBkb2Vzbid0IHdhbnQgZWxlY3Rpb24gd2luOiBFbGVuYSBQYW5hcml0aXMgKENOQkMp',1),
 (260,67,0,'2014-12-30 22:28:30','body','base64',1,'RWxlbmEgUGFuYXJpdGlzLCBmb3VuZGVyIG9mIFRob3VnaHQgNCBBY3Rpb24gYW5kIGZvcm1lciBQQVNPSyBNUCwgc2F5cyB0aGF0IEdyZWVrIFByaW1lIE1pbmlzdGVyIEFudG9uaXMgU2FtYXJhcyBpcyBub3Qgc3Ryb25nbHkgc3VwcG9ydGluZyBoaXMgY2FuZGlkYXRlIGZvciB0aGUgcHJlc2lkZW50aWFsLi4uICg8YSBocmVmPSJodHRwOi8vdmlkZW8uY25iYy5jb20vZ2FsbGVyeS8/dmlkZW89MzAwMDMzOTcyOCIgdGFyZ2V0PSJfYmxhbmsiPkxpbms8L2E+KQ0KDQo8aWZyYW1lIHNyYz0iaHR0cDovL3BsYXllci50aGVwbGF0Zm9ybS5jb20vcC9nWldsUEMvdmNwc19pbmxpbmU/YnlHdWlkPTMwMDAzMzk3MjgmYW1wO3NpemU9NjQwXzM2MCIgd2lkdGg9IjY0MCIgaGVpZ2h0PSIzNjAiIGFsbG93ZnVsbHNjcmVlbj0iYWxsb3dmdWxsc2NyZWVuIj48L2lmcmFtZT4=','RWxlbmEgUGFuYXJpdGlzLCBmb3VuZGVyIG9mIFRob3VnaHQgNCBBY3Rpb24gYW5kIGZvcm1lciBQQVNPSyBNUCwgc2F5cyB0aGF0IEdyZWVrIFByaW1lIE1pbmlzdGVyIEFudG9uaXMgU2FtYXJhcyBpcyBub3Qgc3Ryb25nbHkgc3VwcG9ydGluZyBoaXMgY2FuZGlkYXRlIGZvciB0aGUgcHJlc2lkZW50aWFsLi4uICg8YSBocmVmPSJodHRwOi8vdmlkZW8uY25iYy5jb20vZ2FsbGVyeS8/dmlkZW89MzAwMDMzOTcyOCIgdGFyZ2V0PSJfYmxhbmsiPkxpbms8L2E+KSA8aWZyYW1lIHNyYz0iaHR0cDovL3BsYXllci50aGVwbGF0Zm9ybS5jb20vcC9nWldsUEMvdmNwc19pbmxpbmU/YnlHdWlkPTMwMDAzMzk3MjgmYW1wO3NpemU9NjQwXzM2MCIgd2lkdGg9IjY0MCIgaGVpZ2h0PSIzNjAiIGFsbG93ZnVsbHNjcmVlbj0iYWxsb3dmdWxsc2NyZWVuIj48L2lmcmFtZT4=',1),
 (261,67,0,'2014-12-30 22:28:30','original_id','',0,'3160','',0),
 (262,67,0,'2014-12-30 22:28:30','categories','csv_base64',1,'\"TGF0ZXN0\",\"zpXPgM65zrrOsc65z4HPjM+EzrfPhM6x\"','',0),
 (263,67,0,'2014-12-30 22:28:30','category_ids','',0,'4,7','',0),
 (264,68,0,'2015-01-04 22:30:25','title','base64',1,'RWxlbmEgUGFuYXJpdGlzIGF0IEJCQyByYWRpbyBpbnRlcnZpZXcgMzAgRGVjZW1iZXIgYXQgTmV3c2RheQ==','RWxlbmEgUGFuYXJpdGlzIGF0IEJCQyByYWRpbyBpbnRlcnZpZXcgMzAgRGVjZW1iZXI=',1),
 (265,68,0,'2015-01-04 22:30:25','body','base64',1,'PHN0cm9uZz5QQVJUIEE8L3N0cm9uZz4NCg0KPGlmcmFtZSBzcmM9Imh0dHBzOi8vdy5zb3VuZGNsb3VkLmNvbS9wbGF5ZXIvP3VybD1odHRwcyUzQS8vYXBpLnNvdW5kY2xvdWQuY29tL3RyYWNrcy8xODM3OTg2NDQmYW1wO2NvbG9yPWZmNTUwMCZhbXA7YXV0b19wbGF5PWZhbHNlJmFtcDtoaWRlX3JlbGF0ZWQ9ZmFsc2UmYW1wO3Nob3dfY29tbWVudHM9dHJ1ZSZhbXA7c2hvd191c2VyPXRydWUmYW1wO3Nob3dfcmVwb3N0cz1mYWxzZSIgd2lkdGg9IjEwMCUiIGhlaWdodD0iMTY2IiBmcmFtZWJvcmRlcj0ibm8iIHNjcm9sbGluZz0ibm8iPjwvaWZyYW1lPg0KDQo8c3Ryb25nPlBBUlQgQjwvc3Ryb25nPg0KDQo8aWZyYW1lIHNyYz0iaHR0cHM6Ly93LnNvdW5kY2xvdWQuY29tL3BsYXllci8/dXJsPWh0dHBzJTNBLy9hcGkuc291bmRjbG91ZC5jb20vdHJhY2tzLzE4NDQ4MzAxNSZhbXA7Y29sb3I9ZmY1NTAwJmFtcDthdXRvX3BsYXk9ZmFsc2UmYW1wO2hpZGVfcmVsYXRlZD1mYWxzZSZhbXA7c2hvd19jb21tZW50cz10cnVlJmFtcDtzaG93X3VzZXI9dHJ1ZSZhbXA7c2hvd19yZXBvc3RzPWZhbHNlIiB3aWR0aD0iMTAwJSIgaGVpZ2h0PSIxNjYiIGZyYW1lYm9yZGVyPSJubyIgc2Nyb2xsaW5nPSJubyI+PC9pZnJhbWU+','PHN0cm9uZz5QQVJUIEE8L3N0cm9uZz4gPGlmcmFtZSBzcmM9Imh0dHBzOi8vdy5zb3VuZGNsb3VkLmNvbS9wbGF5ZXIvP3VybD1odHRwcyUzQS8vYXBpLnNvdW5kY2xvdWQuY29tL3RyYWNrcy8xODM3OTg2NDQmYW1wO2NvbG9yPWZmNTUwMCZhbXA7YXV0b19wbGF5PWZhbHNlJmFtcDtoaWRlX3JlbGF0ZWQ9ZmFsc2UmYW1wO3Nob3dfY29tbWVudHM9dHJ1ZSZhbXA7c2hvd191c2VyPXRydWUmYW1wO3Nob3dfcmVwb3N0cz1mYWxzZSIgd2lkdGg9IjEwMCUiIGhlaWdodD0iMTY2IiBmcmFtZWJvcmRlcj0ibm8iIHNjcm9sbGluZz0ibm8iPjwvaWZyYW1lPg0KDQo8aHIgLz4NCg0KPHN0cm9uZz5QQVJUIEI8L3N0cm9uZz4gPGlmcmFtZSBzcmM9Imh0dHBzOi8vdy5zb3VuZGNsb3VkLmNvbS9wbGF5ZXIvP3VybD1odHRwcyUzQS8vYXBpLnNvdW5kY2xvdWQuY29tL3RyYWNrcy8xODQ0ODMwMTUmYW1wO2NvbG9yPWZmNTUwMCZhbXA7YXV0b19wbGF5PWZhbHNlJmFtcDtoaWRlX3JlbGF0ZWQ9ZmFsc2UmYW1wO3Nob3dfY29tbWVudHM9dHJ1ZSZhbXA7c2hvd191c2VyPXRydWUmYW1wO3Nob3dfcmVwb3N0cz1mYWxzZSIgd2lkdGg9IjEwMCUiIGhlaWdodD0iMTY2IiBmcmFtZWJvcmRlcj0ibm8iIHNjcm9sbGluZz0ibm8iPjwvaWZyYW1lPg==',1),
 (266,68,0,'2015-01-04 22:30:25','original_id','',0,'3183','',1),
 (267,68,0,'2015-01-04 22:30:25','categories','csv_base64',1,'\"TGF0ZXN0\",\"TmV3cy1ub3c=\"','',1),
 (268,68,0,'2015-01-04 22:30:25','category_ids','',0,'76,93','',1),
 (269,69,0,'2015-01-20 17:29:10','title','base64',1,'wqtUaGUgZGVidCBjcmlzaXMgaXRzIGJhY2vCuw==','wqtUaGUgZGVidCBjcmlzaXMgaXRzIGJhY2vCuw==',1),
 (270,69,0,'2015-01-20 17:29:10','body','base64',1,'[encoded data, 10644 characters]','[encoded data, 10808 characters]',1),
 (271,69,0,'2015-01-20 17:29:10','original_id','',0,'3201','',1),
 (272,69,0,'2015-01-20 17:29:10','categories','csv_base64',1,'\"zpXPgM65zrrOsc65z4HPjM+EzrfPhM6x\"','',1),
 (273,69,0,'2015-01-20 17:29:10','category_ids','',0,'7','',1),
 (274,70,0,'2015-01-20 17:31:48','title','base64',1,'wqtUaGUgZGVidCBjcmlzaXMgaXRzIGJhY2vCuw==','wqtUaGUgZGVidCBjcmlzaXMgaXRzIGJhY2vCuw==',1),
 (275,70,0,'2015-01-20 17:31:48','body','base64',1,'[encoded data, 11068 characters]','[encoded data, 10808 characters]',0),
 (276,70,0,'2015-01-20 17:31:48','original_id','',0,'3201','',0);
INSERT INTO `wp_icl_translate` (`tid`,`job_id`,`content_id`,`timestamp`,`field_type`,`field_format`,`field_translate`,`field_data`,`field_data_translated`,`field_finished`) VALUES 
 (277,70,0,'2015-01-20 17:31:48','categories','csv_base64',1,'\"zpXPgM65zrrOsc65z4HPjM+EzrfPhM6x\"','',1),
 (278,70,0,'2015-01-20 17:31:48','category_ids','',0,'7','',0),
 (279,71,0,'2015-01-26 14:12:18','title','base64',1,'QkJDIFRWIE5ld3MgLSBFbGVuYSBleHBsYWlucyBXSFk/IFdIQVQ/IEhPVz8gU1lSSVpBIHdvbiAtIFRoZSBpbXBhY3QgZm9yIEdyZWVjZSBhbmQgdGhlIEV1cm9wZWFuIFVuaW9u','QkJDIFRWIE5ld3MgLSBFbGVuYSBleHBsYWlucyBXSFk/IFdIQVQ/IEhPVz8gU1lSSVpBIHdvbiAtIFRoZSBpbXBhY3QgZm9yIEdyZWVjZSBhbmQgdGhlIEV1cm9wZWFuIFVuaW9u',1),
 (280,71,0,'2015-01-26 14:12:18','body','base64',1,'PHN0cm9uZz5CQkMgVFYgTmV3czwvc3Ryb25nPg0KPGlmcmFtZSBzcmM9Imh0dHBzOi8vdy5zb3VuZGNsb3VkLmNvbS9wbGF5ZXIvP3VybD1odHRwcyUzQS8vYXBpLnNvdW5kY2xvdWQuY29tL3RyYWNrcy8xODc5MzgyNTMmYW1wO2F1dG9fcGxheT1mYWxzZSZhbXA7aGlkZV9yZWxhdGVkPWZhbHNlJmFtcDtzaG93X2NvbW1lbnRzPXRydWUmYW1wO3Nob3dfdXNlcj10cnVlJmFtcDtzaG93X3JlcG9zdHM9ZmFsc2UmYW1wO3Zpc3VhbD10cnVlIiB3aWR0aD0iMTAwJSIgaGVpZ2h0PSI0NTAiIGZyYW1lYm9yZGVyPSJubyIgc2Nyb2xsaW5nPSJubyI+PC9pZnJhbWU+','PHN0cm9uZz5CQkMgVFYgTmV3czwvc3Ryb25nPiA8aWZyYW1lIHNyYz0iaHR0cHM6Ly93LnNvdW5kY2xvdWQuY29tL3BsYXllci8/dXJsPWh0dHBzJTNBLy9hcGkuc291bmRjbG91ZC5jb20vdHJhY2tzLzE4NzkzODI1MyZhbXA7YXV0b19wbGF5PWZhbHNlJmFtcDtoaWRlX3JlbGF0ZWQ9ZmFsc2UmYW1wO3Nob3dfY29tbWVudHM9dHJ1ZSZhbXA7c2hvd191c2VyPXRydWUmYW1wO3Nob3dfcmVwb3N0cz1mYWxzZSZhbXA7dmlzdWFsPXRydWUiIHdpZHRoPSIxMDAlIiBoZWlnaHQ9IjQ1MCIgZnJhbWVib3JkZXI9Im5vIiBzY3JvbGxpbmc9Im5vIj48L2lmcmFtZT4=',1),
 (281,71,0,'2015-01-26 14:12:18','original_id','',0,'3216','',1),
 (282,71,0,'2015-01-26 14:12:18','categories','csv_base64',1,'\"TGF0ZXN0\"','',1),
 (283,71,0,'2015-01-26 14:12:18','category_ids','',0,'4','',1),
 (284,72,0,'2015-02-03 23:19:31','title','base64',1,'R3JlZWNlJ3MgcG93ZXIgd2hlbiBpdCBjb21lcyB0byBkZWJ0','R3JlZWNlJ3MgcG93ZXIgd2hlbiBpdCBjb21lcyB0byBkZWJ0',1),
 (285,72,0,'2015-02-03 23:19:31','body','base64',1,'PGRpdiBpZD0icmVsYXRpdmUtdGltZSI+TW9uZGF5LCAyIEZlYiAyMDE1IHwgMTE6MTAgQU0gRVQ8L2Rpdj4NCjxwIGlkPSJ2aWRlby1kZXNjIj5Ib3cgbXVjaCBwb3dlciBkb2VzIEdyZWVjZSBjdXJyZW50bHkgaGF2ZSBvdmVyIG5lZ290aWF0aW5nIGl0cyBkZWJ0PyBFbGVuYSBQYW5hcml0aXMsIGVjb25vbWlzdCBhdCBUaG91Z2h0IDQgQWN0aW9uLCBzYXlzIHRoZXJlIGFyZSBvbmx5IHR3byBvcHRpb25zOiAiZGVmYXVsdCB3aXRoaW4gZXVybywiIG9yICJwYXlpbmcgYmFjayB0aGUgZGVidC4iPC9wPg0KDQo8aWZyYW1lIHNyYz0iaHR0cDovL3BsYXllci50aGVwbGF0Zm9ybS5jb20vcC9nWldsUEMvY25iY19nbG9iYWw/cGxheWVydHlwZT1zeW5kJmFtcDtieUd1aWQ9MzAwMDM1MTY3MSZhbXA7c2l6ZT01MzBfMjk4IiB3aWR0aD0iNTMwIiBoZWlnaHQ9IjI5OCIgYWxsb3dmdWxsc2NyZWVuPSJhbGxvd2Z1bGxzY3JlZW4iPjwvaWZyYW1lPg==','PGRpdiBpZD0icmVsYXRpdmUtdGltZSI+TW9uZGF5LCAyIEZlYiAyMDE1IHwgMTE6MTAgQU0gRVQ8L2Rpdj4NCjxwIGlkPSJ2aWRlby1kZXNjIj5Ib3cgbXVjaCBwb3dlciBkb2VzIEdyZWVjZSBjdXJyZW50bHkgaGF2ZSBvdmVyIG5lZ290aWF0aW5nIGl0cyBkZWJ0PyBFbGVuYSBQYW5hcml0aXMsIGVjb25vbWlzdCBhdCBUaG91Z2h0IDQgQWN0aW9uLCBzYXlzIHRoZXJlIGFyZSBvbmx5IHR3byBvcHRpb25zOiAiZGVmYXVsdCB3aXRoaW4gZXVybywiIG9yICJwYXlpbmcgYmFjayB0aGUgZGVidC4iPC9wPg0KPGlmcmFtZSBzcmM9Imh0dHA6Ly9wbGF5ZXIudGhlcGxhdGZvcm0uY29tL3AvZ1pXbFBDL2NuYmNfZ2xvYmFsP3BsYXllcnR5cGU9c3luZCZhbXA7YnlHdWlkPTMwMDAzNTE2NzEmYW1wO3NpemU9NTMwXzI5OCIgd2lkdGg9IjUzMCIgaGVpZ2h0PSIyOTgiIGFsbG93ZnVsbHNjcmVlbj0iYWxsb3dmdWxsc2NyZWVuIj48L2lmcmFtZT4=',1),
 (286,72,0,'2015-02-03 23:19:31','original_id','',0,'3225','',1),
 (287,72,0,'2015-02-03 23:19:31','categories','csv_base64',1,'\"zpXPgM65zrrOsc65z4HPjM+EzrfPhM6x\"','',1),
 (288,72,0,'2015-02-03 23:19:31','category_ids','',0,'7','',1),
 (289,73,0,'2015-02-05 18:29:57','title','base64',1,'TWljaGFlbCBTYXJyaXM6IEEgY2FzZSBvZiB0YWtlIGl0IG9yIGxlYXZlIGl0Lg==','TWljaGFlbCBTYXJyaXM6IEEgY2FzZSBvZiB0YWtlIGl0IG9yIGxlYXZlIGl0Lg==',1),
 (290,73,0,'2015-02-05 18:29:57','body','base64',1,'Rm9ybWVyIEZpbmFuY2UgbWluaXN0ZXIgb2YgQ3lwcnVzIE0uIFNhcnJpcyBvbiBob3cgdGhlIEVVICZhbXA7IElNRiBidWxsaWVkIGhpbSBpbnRvIGFjY2VwdGluZyBhbiB1bnByZWNlZGVudGVkIGJhaWxvdXQgcHJvcG9zYWwuDQoNCg0KaHR0cDovL3d3dy5hbGphemVlcmEuY29tL3Byb2dyYW1tZXMvdGFsa3RvamF6ZWVyYS8yMDEzLzA3LzIwMTM3MjUxMTQxNDU1ODIxNDAuaHRtbA==','Rm9ybWVyIEZpbmFuY2UgbWluaXN0ZXIgb2YgQ3lwcnVzIE0uIFNhcnJpcyBvbiBob3cgdGhlIEVVICZhbXA7IElNRiBidWxsaWVkIGhpbSBpbnRvIGFjY2VwdGluZyBhbiB1bnByZWNlZGVudGVkIGJhaWxvdXQgcHJvcG9zYWwuDQoNCg0KaHR0cDovL3d3dy5hbGphemVlcmEuY29tL3Byb2dyYW1tZXMvdGFsa3RvamF6ZWVyYS8yMDEzLzA3LzIwMTM3MjUxMTQxNDU1ODIxNDAuaHRtbA==',1),
 (291,73,0,'2015-02-05 18:29:57','original_id','',0,'3237','',1),
 (292,74,0,'2015-02-05 18:30:17','title','base64',1,'TWljaGFlbCBTYXJyaXM6IEEgY2FzZSBvZiB0YWtlIGl0IG9yIGxlYXZlIGl0Lg==','TWljaGFlbCBTYXJyaXM6IEEgY2FzZSBvZiB0YWtlIGl0IG9yIGxlYXZlIGl0Lg==',1),
 (293,74,0,'2015-02-05 18:30:17','body','base64',1,'Rm9ybWVyIEZpbmFuY2UgbWluaXN0ZXIgb2YgQ3lwcnVzIE0uIFNhcnJpcyBvbiBob3cgdGhlIEVVICZhbXA7IElNRiBidWxsaWVkIGhpbSBpbnRvIGFjY2VwdGluZyBhbiB1bnByZWNlZGVudGVkIGJhaWxvdXQgcHJvcG9zYWwuDQoNCg0KaHR0cDovL3d3dy5hbGphemVlcmEuY29tL3Byb2dyYW1tZXMvdGFsa3RvamF6ZWVyYS8yMDEzLzA3LzIwMTM3MjUxMTQxNDU1ODIxNDAuaHRtbA==','Rm9ybWVyIEZpbmFuY2UgbWluaXN0ZXIgb2YgQ3lwcnVzIE0uIFNhcnJpcyBvbiBob3cgdGhlIEVVICZhbXA7IElNRiBidWxsaWVkIGhpbSBpbnRvIGFjY2VwdGluZyBhbiB1bnByZWNlZGVudGVkIGJhaWxvdXQgcHJvcG9zYWwuDQoNCg0KaHR0cDovL3d3dy5hbGphemVlcmEuY29tL3Byb2dyYW1tZXMvdGFsa3RvamF6ZWVyYS8yMDEzLzA3LzIwMTM3MjUxMTQxNDU1ODIxNDAuaHRtbA==',1),
 (294,74,0,'2015-02-05 18:30:17','original_id','',0,'3237','',1),
 (295,74,0,'2015-02-05 18:30:17','categories','csv_base64',1,'\"VW5jYXRlZ29yaXplZA==\"','',1),
 (296,74,0,'2015-02-05 18:30:17','category_ids','',0,'75','',1),
 (297,75,0,'2015-02-05 18:36:13','title','base64',1,'TWljaGFlbCBTYXJyaXM6IEEgY2FzZSBvZiB0YWtlIGl0IG9yIGxlYXZlIGl0Lg==','TWljaGFlbCBTYXJyaXM6IEEgY2FzZSBvZiB0YWtlIGl0IG9yIGxlYXZlIGl0Lg==',1),
 (298,75,0,'2015-02-05 18:36:13','body','base64',1,'Rm9ybWVyIEZpbmFuY2UgbWluaXN0ZXIgb2YgQ3lwcnVzIE0uIFNhcnJpcyBvbiBob3cgdGhlIEVVIHRoZSBJTUYgYnVsbGllZCBoaW0gaW50byBhY2NlcHRpbmcgYW4gdW5wcmVjZWRlbnRlZCBiYWlsb3V0IHByb3Bvc2FsLg0KDQoNCmhyZWY9Imh0dHA6Ly93d3cuYWxqYXplZXJhLmNvbS9wcm9ncmFtbWVzL3RhbGt0b2phemVlcmEvMjAxMy8wNy8yMDEzNzI1MTE0MTQ1NTgyMTQwLmh0bWwiPmh0dHA6Ly93d3cuYWxqYXplZXJhLmNvbS9wcm9ncmFtbWVzL3RhbGt0b2phemVlcmEvMjAxMy8wNy8yMDEzNzI1MTE0MTQ1NTgyMTQwLmh0bWw8L2E+','Rm9ybWVyIEZpbmFuY2UgbWluaXN0ZXIgb2YgQ3lwcnVzIE0uIFNhcnJpcyBvbiBob3cgdGhlIEVVIHRoZSBJTUYgYnVsbGllZCBoaW0gaW50byBhY2NlcHRpbmcgYW4gdW5wcmVjZWRlbnRlZCBiYWlsb3V0IHByb3Bvc2FsLg0KDQoNCmhyZWY9Imh0dHA6Ly93d3cuYWxqYXplZXJhLmNvbS9wcm9ncmFtbWVzL3RhbGt0b2phemVlcmEvMjAxMy8wNy8yMDEzNzI1MTE0MTQ1NTgyMTQwLmh0bWwiPmh0dHA6Ly93d3cuYWxqYXplZXJhLmNvbS9wcm9ncmFtbWVzL3RhbGt0b2phemVlcmEvMjAxMy8wNy8yMDEzNzI1MTE0MTQ1NTgyMTQwLmh0bWw8L2E+',1),
 (299,75,0,'2015-02-05 18:36:13','original_id','',0,'3237','',1),
 (300,75,0,'2015-02-05 18:36:13','categories','csv_base64',1,'\"VW5jYXRlZ29yaXplZA==\"','',1),
 (301,75,0,'2015-02-05 18:36:13','category_ids','',0,'75','',1),
 (302,76,0,'2015-02-05 19:14:21','title','base64',1,'TWljaGFlbCBTYXJyaXM6IEEgY2FzZSBvZiB0YWtlIGl0IG9yIGxlYXZlIGl0Lg==','TWljaGFlbCBTYXJyaXM6IEEgY2FzZSBvZiB0YWtlIGl0IG9yIGxlYXZlIGl0Lg==',1),
 (303,76,0,'2015-02-05 19:14:21','body','base64',1,'Rm9ybWVyIEZpbmFuY2UgbWluaXN0ZXIgb2YgQ3lwcnVzIE0uIFNhcnJpcyBvbiBob3cgdGhlIEVVIHRoZSBJTUYgYnVsbGllZCBoaW0gaW50byBhY2NlcHRpbmcgYW4gdW5wcmVjZWRlbnRlZCBiYWlsb3V0IHByb3Bvc2FsLg0KDQpGb3VyIG1vbnRocyBhZnRlciBDeXBydXMgd2FzIGJhaWxlZCBvdXQgYnkgdGhlIEV1cm9wZWFuIFVuaW9uIChFVSkgdGhlIGNvdW50cnkgaXMgYmFjayBpbiB0aGUgbmV3cy4gDQpJbnRlcm5hdGlvbmFsIGxlbmRlcnMgYXJlIG5vdyByZXZpZXdpbmcgaG93IHRoZSBpc2xhbmQgaXMgbWVldGluZyB0aGUgY29uZGl0aW9ucyBvZiBpdHMgJDEzYm4gYmFpbG91dC4gVGhlIGRlYWwgd2FzIHN0cnVjayB3aXRoIGludGVybmF0aW9uYWwgbGVuZGVycyBsYXN0IE1hcmNoIHRvIHB1bGwgQ3lwcnVzIGF3YXkgZnJvbSB0aGUgYnJpbmsgb2YgZmluYW5jaWFsIG1lbHRkb3duLCBidXQgaW4gcmV0dXJuIHRoZSBuYXRpb24gaGFkIHRvIHdpbmQgZG93biBhbiBpbnNvbHZlbnQgYmFuayBhbmQgaW1wb3NlIGxvc3NlcyBvbiBiaWcgZGVwb3NpdHMgaW4gYSBzZWNvbmQgYmFuay4NCllvdSBmZWVsIHZpb2xhdGVkLCB5b3UgZmVlbCBhIHRlcnJpYmxlIGluanVzdGljZSBiZWluZyBkb25lIHRvIHlvdSwgeW91IGZlZWwgYWJhbmRvbmVkIGJ5IHlvdXIgcGFydG5lcnMgd2l0aCBub25lIG9mIHRoZSBFdXJvcGVhbiBtaW5pc3RlcnMgc3BlYWtpbmcgdXAuIEJ1dCB0aGVuIHlvdSBzYXkgSSBzd2FsbG93IHRoYXQgdmVyeSBiaXR0ZXIgZmVlbGluZywgSSBnbyBob21lLCBJIHRha2UgYSBkZWFsIHRoYXQgaXMgbm90IGdvb2QgYnV0IGl0J3MgbXVjaCBiZXR0ZXIgdGhhbiB0aGUgYWx0ZXJuYXRpdmUgdGhhdCBjb3VsZCBoYXZlIHVucmF2ZWxsZWQuDQpNaWNoYWVsIFNhcnJpcywgZm9ybWVyIGZpbmFuY2UgbWluaXN0ZXIgb2YgQ3lwcnVzDQpUaGUgZ292ZXJubWVudCBob3BlcyB0byBnZXQgYSBnb29kIHJlcG9ydCBjYXJkIGFuZCB0aGVyZWJ5IHJlY2VpdmUgZXZlbiBtb3JlIG1vbmV5IGluIFNlcHRlbWJlci4NCkZpbmFuY2UgTWluaXN0ZXIgSGFycmlzIEdlb3JnaWFkZXMgaGFzIGV4cHJlc3NlZCBvcHRpbWlzbSB0aGF0IGludGVybmF0aW9uYWwgY3JlZGl0b3JzIHdpbGwgZ2l2ZSBoaXMgY291bnRyeSBhIHBvc2l0aXZlIGV2YWx1YXRpb24uIEhlIHNheXMgQ3lwcnVzIGlzIHRyeWluZyB0byByZXN0b3JlIGl0cyBiYW5raW5nIHNlY3RvciB0byBoZWFsdGguDQpIb3dldmVyLCBhY2NvcmRpbmcgdG8gQ3lwcnVzJyBQcmVzaWRlbnQgTmljb3MgQW5hc3Rhc2lhZGVzLCB0aGUgcmVzY3VlIGlzIG5vdCB3b3JraW5nLiBJbiBmYWN0LCBoZSBzYWlkLCB0aGUgYWdyZWVtZW50IGhhcyBlbmRlZCB1cCBodXJ0aW5nIG1vcmUgdGhhbiBleHBlY3RlZC4gU28gbXVjaCBzbyB0aGF0IHRoZSBjb3VudHJ5IGlzIGVudGVyaW5nIGEgbmV3IGNyaXNpcy4NCkluIHJldHVybiBmb3IgJDEzYm4gZnJvbSB0aGUgdHJvaWthIC0gRXVyb3BlYW4gQ29tbWlzc2lvbiAoRUMpLCB0aGUgRXVyb3BlYW4gQ2VudHJhbCBCYW5rIChFQ0IpIGFuZCB0aGUgSW50ZXJuYXRpb25hbCBNb25ldGFyeSBGdW5kIChJTUYpIC0gYmFuayBjdXN0b21lcnMgaGFkIHRvIGdpdmUgdXAgYSBwb3J0aW9uIG9mIHRoZWlyIG1vbmV5LiBJdCBoYWQgbmV2ZXIgYmVlbiBkb25lIGJlZm9yZSBhbmQgd2FzIGNhbGxlZCBhICdiYWlsIGluJy4NCg0KT24gdGhlIG5pZ2h0IHRoZSBhZ3JlZW1lbnQgd2FzIGNsaW5jaGVkIGluIE1hcmNoLCBNaWNoYWVsIFNhcnJpcywgdGhlIHRoZW4gZmluYW5jZSBtaW5pc3RlciwgdHJpZWQgdG8gcHV0IG9uIGEgaGFwcHkgZmFjZToNCg0KIlRvbmlnaHQgaXMgYSBnb29kIG5pZ2h0IGZvciBDeXBydXMgYW5kIGV1cm96b25lLiBBIGxvbmcgcGVyaW9kIG9mIHVuY2VydGFpbnR5IGFuZCBpbnNlY3VyaXR5IHN1cnJvdW5kaW5nIHRoZSBDeXBydXMgZWNvbm9teSBoYXMgZW5kZWQuIEkgYmVsaWV2ZSB3ZSBoYXZlIGF2ZXJ0ZWQgbGl0ZXJhbGx5IHRoZSBwb3NzaWJpbGl0eSBvZiBiYW5rcnVwdGN5IGFuZCB3ZSBoYXZlIGFzc3VyZWQgdGhlIHByb3NwZWN0cyBmb3IgZ2VuZXJhdGlvbnMgdG8gY29tZSwiIHNhaWQgU2FycmlzIGF0IHRoZSB0aW1lLg0KDQpCdXQgYmVoaW5kIHRoZSBmYWNhZGUsIE1pY2hhZWwgU2FycmlzIG5vdyB0ZWxscyBBbCBKYXplZXJhIHRoYXQgaGUgZmVsdCBhYnVzZWQgYW5kIGJ1bGxpZWQgYnkgdGhlIEV1cm9wZWFucy4NCiJJdCB3YXMgYSBjbGFzc2ljIGNhc2Ugb2YgdGFrZSBpdCBvciBsZWF2ZSBpdCAuLi4uIFdlIHdlcmUgcHV0IGluIGZyb250IG9mIGFuIGV4dHJlbWVseSBjcnVlbCBkaWxlbW1hLCBlaXRoZXIgeW91IGFjY2VwdCB3aGF0IHdlIGFyZSB0ZWxsaW5nIHlvdSBvciB3ZSBhcmUgZ29pbmcgdG8gcHVsbCB0aGUgcGx1ZyBhbmQgeW91IGFyZSBub3QgZ29pbmcgdG8gaGF2ZSBhbnkgYmFua3MgYW55aG93LCB5b3UgYXJlIG5vdCBnb2luZyB0byBoYXZlIGFueSBsaXF1aWRpdHkgYXNzaXN0YW5jZSBmcm9tIHRoZSBjZW50cmFsIGJhbmsgc28geW91IGFyZSBnb2luZyBpbnRvIGJhbmtydXB0Y3kgYmFzaWNhbGx5LuKAnQ0KU28gd2hhdCB3ZW50IHdyb25nIGluIEN5cHJ1cz8gV2FzIHRoZSBhZ3JlZW1lbnQgZmxhd2VkIGZyb20gdGhlIGJlZ2lubmluZz8gQW5kIHdobyBpcyByZWFsbHkgcHVsbGluZyB0aGUgc3RyaW5ncz8gV2hhdCBpcyBpdCByZWFsbHkgbGlrZSB0byBuZWdvdGlhdGUgd2hlbiB5b3VyIGNvdW50cnkgaXMgZmFjaW5nIHRoZSBhYnlzcz8NClRoZSBmb3JtZXIgZmluYW5jZSBtaW5pc3RlciBvZiBDeXBydXMgZXhwbGFpbnMgb24gVGFsayB0byBBbCBKYXplZXJhLg==','Rm9ybWVyIEZpbmFuY2UgbWluaXN0ZXIgb2YgQ3lwcnVzIE0uIFNhcnJpcyBvbiBob3cgdGhlIEVVIHRoZSBJTUYgYnVsbGllZCBoaW0gaW50byBhY2NlcHRpbmcgYW4gdW5wcmVjZWRlbnRlZCBiYWlsb3V0IHByb3Bvc2FsLg0KDQpGb3VyIG1vbnRocyBhZnRlciBDeXBydXMgd2FzIGJhaWxlZCBvdXQgYnkgdGhlIEV1cm9wZWFuIFVuaW9uIChFVSkgdGhlIGNvdW50cnkgaXMgYmFjayBpbiB0aGUgbmV3cy4gDQpJbnRlcm5hdGlvbmFsIGxlbmRlcnMgYXJlIG5vdyByZXZpZXdpbmcgaG93IHRoZSBpc2xhbmQgaXMgbWVldGluZyB0aGUgY29uZGl0aW9ucyBvZiBpdHMgJDEzYm4gYmFpbG91dC4gVGhlIGRlYWwgd2FzIHN0cnVjayB3aXRoIGludGVybmF0aW9uYWwgbGVuZGVycyBsYXN0IE1hcmNoIHRvIHB1bGwgQ3lwcnVzIGF3YXkgZnJvbSB0aGUgYnJpbmsgb2YgZmluYW5jaWFsIG1lbHRkb3duLCBidXQgaW4gcmV0dXJuIHRoZSBuYXRpb24gaGFkIHRvIHdpbmQgZG93biBhbiBpbnNvbHZlbnQgYmFuayBhbmQgaW1wb3NlIGxvc3NlcyBvbiBiaWcgZGVwb3NpdHMgaW4gYSBzZWNvbmQgYmFuay4NCllvdSBmZWVsIHZpb2xhdGVkLCB5b3UgZmVlbCBhIHRlcnJpYmxlIGluanVzdGljZSBiZWluZyBkb25lIHRvIHlvdSwgeW91IGZlZWwgYWJhbmRvbmVkIGJ5IHlvdXIgcGFydG5lcnMgd2l0aCBub25lIG9mIHRoZSBFdXJvcGVhbiBtaW5pc3RlcnMgc3BlYWtpbmcgdXAuIEJ1dCB0aGVuIHlvdSBzYXkgSSBzd2FsbG93IHRoYXQgdmVyeSBiaXR0ZXIgZmVlbGluZywgSSBnbyBob21lLCBJIHRha2UgYSBkZWFsIHRoYXQgaXMgbm90IGdvb2QgYnV0IGl0J3MgbXVjaCBiZXR0ZXIgdGhhbiB0aGUgYWx0ZXJuYXRpdmUgdGhhdCBjb3VsZCBoYXZlIHVucmF2ZWxsZWQuDQpNaWNoYWVsIFNhcnJpcywgZm9ybWVyIGZpbmFuY2UgbWluaXN0ZXIgb2YgQ3lwcnVzDQpUaGUgZ292ZXJubWVudCBob3BlcyB0byBnZXQgYSBnb29kIHJlcG9ydCBjYXJkIGFuZCB0aGVyZWJ5IHJlY2VpdmUgZXZlbiBtb3JlIG1vbmV5IGluIFNlcHRlbWJlci4NCkZpbmFuY2UgTWluaXN0ZXIgSGFycmlzIEdlb3JnaWFkZXMgaGFzIGV4cHJlc3NlZCBvcHRpbWlzbSB0aGF0IGludGVybmF0aW9uYWwgY3JlZGl0b3JzIHdpbGwgZ2l2ZSBoaXMgY291bnRyeSBhIHBvc2l0aXZlIGV2YWx1YXRpb24uIEhlIHNheXMgQ3lwcnVzIGlzIHRyeWluZyB0byByZXN0b3JlIGl0cyBiYW5raW5nIHNlY3RvciB0byBoZWFsdGguDQpIb3dldmVyLCBhY2NvcmRpbmcgdG8gQ3lwcnVzJyBQcmVzaWRlbnQgTmljb3MgQW5hc3Rhc2lhZGVzLCB0aGUgcmVzY3VlIGlzIG5vdCB3b3JraW5nLiBJbiBmYWN0LCBoZSBzYWlkLCB0aGUgYWdyZWVtZW50IGhhcyBlbmRlZCB1cCBodXJ0aW5nIG1vcmUgdGhhbiBleHBlY3RlZC4gU28gbXVjaCBzbyB0aGF0IHRoZSBjb3VudHJ5IGlzIGVudGVyaW5nIGEgbmV3IGNyaXNpcy4NCkluIHJldHVybiBmb3IgJDEzYm4gZnJvbSB0aGUgdHJvaWthIC0gRXVyb3BlYW4gQ29tbWlzc2lvbiAoRUMpLCB0aGUgRXVyb3BlYW4gQ2VudHJhbCBCYW5rIChFQ0IpIGFuZCB0aGUgSW50ZXJuYXRpb25hbCBNb25ldGFyeSBGdW5kIChJTUYpIC0gYmFuayBjdXN0b21lcnMgaGFkIHRvIGdpdmUgdXAgYSBwb3J0aW9uIG9mIHRoZWlyIG1vbmV5LiBJdCBoYWQgbmV2ZXIgYmVlbiBkb25lIGJlZm9yZSBhbmQgd2FzIGNhbGxlZCBhICdiYWlsIGluJy4NCg0KT24gdGhlIG5pZ2h0IHRoZSBhZ3JlZW1lbnQgd2FzIGNsaW5jaGVkIGluIE1hcmNoLCBNaWNoYWVsIFNhcnJpcywgdGhlIHRoZW4gZmluYW5jZSBtaW5pc3RlciwgdHJpZWQgdG8gcHV0IG9uIGEgaGFwcHkgZmFjZToNCg0KIlRvbmlnaHQgaXMgYSBnb29kIG5pZ2h0IGZvciBDeXBydXMgYW5kIGV1cm96b25lLiBBIGxvbmcgcGVyaW9kIG9mIHVuY2VydGFpbnR5IGFuZCBpbnNlY3VyaXR5IHN1cnJvdW5kaW5nIHRoZSBDeXBydXMgZWNvbm9teSBoYXMgZW5kZWQuIEkgYmVsaWV2ZSB3ZSBoYXZlIGF2ZXJ0ZWQgbGl0ZXJhbGx5IHRoZSBwb3NzaWJpbGl0eSBvZiBiYW5rcnVwdGN5IGFuZCB3ZSBoYXZlIGFzc3VyZWQgdGhlIHByb3NwZWN0cyBmb3IgZ2VuZXJhdGlvbnMgdG8gY29tZSwiIHNhaWQgU2FycmlzIGF0IHRoZSB0aW1lLg0KDQpCdXQgYmVoaW5kIHRoZSBmYWNhZGUsIE1pY2hhZWwgU2FycmlzIG5vdyB0ZWxscyBBbCBKYXplZXJhIHRoYXQgaGUgZmVsdCBhYnVzZWQgYW5kIGJ1bGxpZWQgYnkgdGhlIEV1cm9wZWFucy4NCiJJdCB3YXMgYSBjbGFzc2ljIGNhc2Ugb2YgdGFrZSBpdCBvciBsZWF2ZSBpdCAuLi4uIFdlIHdlcmUgcHV0IGluIGZyb250IG9mIGFuIGV4dHJlbWVseSBjcnVlbCBkaWxlbW1hLCBlaXRoZXIgeW91IGFjY2VwdCB3aGF0IHdlIGFyZSB0ZWxsaW5nIHlvdSBvciB3ZSBhcmUgZ29pbmcgdG8gcHVsbCB0aGUgcGx1ZyBhbmQgeW91IGFyZSBub3QgZ29pbmcgdG8gaGF2ZSBhbnkgYmFua3MgYW55aG93LCB5b3UgYXJlIG5vdCBnb2luZyB0byBoYXZlIGFueSBsaXF1aWRpdHkgYXNzaXN0YW5jZSBmcm9tIHRoZSBjZW50cmFsIGJhbmsgc28geW91IGFyZSBnb2luZyBpbnRvIGJhbmtydXB0Y3kgYmFzaWNhbGx5LuKAnQ0KU28gd2hhdCB3ZW50IHdyb25nIGluIEN5cHJ1cz8gV2FzIHRoZSBhZ3JlZW1lbnQgZmxhd2VkIGZyb20gdGhlIGJlZ2lubmluZz8gQW5kIHdobyBpcyByZWFsbHkgcHVsbGluZyB0aGUgc3RyaW5ncz8gV2hhdCBpcyBpdCByZWFsbHkgbGlrZSB0byBuZWdvdGlhdGUgd2hlbiB5b3VyIGNvdW50cnkgaXMgZmFjaW5nIHRoZSBhYnlzcz8NClRoZSBmb3JtZXIgZmluYW5jZSBtaW5pc3RlciBvZiBDeXBydXMgZXhwbGFpbnMgb24gVGFsayB0byBBbCBKYXplZXJhLg==',1),
 (304,76,0,'2015-02-05 19:14:21','original_id','',0,'3237','',1),
 (305,76,0,'2015-02-05 19:14:21','categories','csv_base64',1,'\"VW5jYXRlZ29yaXplZA==\"','',1),
 (306,76,0,'2015-02-05 19:14:21','category_ids','',0,'75','',1),
 (307,77,0,'2015-02-05 19:15:24','title','base64',1,'TWljaGFlbCBTYXJyaXM6IEEgY2FzZSBvZiB0YWtlIGl0IG9yIGxlYXZlIGl0Lg==','TWljaGFlbCBTYXJyaXM6IEEgY2FzZSBvZiB0YWtlIGl0IG9yIGxlYXZlIGl0Lg==',1),
 (308,77,0,'2015-02-05 19:15:24','body','base64',1,'PHN0cm9uZz5Gb3JtZXIgRmluYW5jZSBtaW5pc3RlciBvZiBDeXBydXMgTS4gU2FycmlzIG9uIGhvdyB0aGUgRVUgdGhlIElNRiBidWxsaWVkIGhpbSBpbnRvIGFjY2VwdGluZyBhbiB1bnByZWNlZGVudGVkIGJhaWxvdXQgcHJvcG9zYWwuDQo8L3N0cm9uZz4NCkZvdXIgbW9udGhzIGFmdGVyIEN5cHJ1cyB3YXMgYmFpbGVkIG91dCBieSB0aGUgRXVyb3BlYW4gVW5pb24gKEVVKSB0aGUgY291bnRyeSBpcyBiYWNrIGluIHRoZSBuZXdzLiANCkludGVybmF0aW9uYWwgbGVuZGVycyBhcmUgbm93IHJldmlld2luZyBob3cgdGhlIGlzbGFuZCBpcyBtZWV0aW5nIHRoZSBjb25kaXRpb25zIG9mIGl0cyAkMTNibiBiYWlsb3V0LiBUaGUgZGVhbCB3YXMgc3RydWNrIHdpdGggaW50ZXJuYXRpb25hbCBsZW5kZXJzIGxhc3QgTWFyY2ggdG8gcHVsbCBDeXBydXMgYXdheSBmcm9tIHRoZSBicmluayBvZiBmaW5hbmNpYWwgbWVsdGRvd24sIGJ1dCBpbiByZXR1cm4gdGhlIG5hdGlvbiBoYWQgdG8gd2luZCBkb3duIGFuIGluc29sdmVudCBiYW5rIGFuZCBpbXBvc2UgbG9zc2VzIG9uIGJpZyBkZXBvc2l0cyBpbiBhIHNlY29uZCBiYW5rLg0KWW91IGZlZWwgdmlvbGF0ZWQsIHlvdSBmZWVsIGEgdGVycmlibGUgaW5qdXN0aWNlIGJlaW5nIGRvbmUgdG8geW91LCB5b3UgZmVlbCBhYmFuZG9uZWQgYnkgeW91ciBwYXJ0bmVycyB3aXRoIG5vbmUgb2YgdGhlIEV1cm9wZWFuIG1pbmlzdGVycyBzcGVha2luZyB1cC4gQnV0IHRoZW4geW91IHNheSBJIHN3YWxsb3cgdGhhdCB2ZXJ5IGJpdHRlciBmZWVsaW5nLCBJIGdvIGhvbWUsIEkgdGFrZSBhIGRlYWwgdGhhdCBpcyBub3QgZ29vZCBidXQgaXQncyBtdWNoIGJldHRlciB0aGFuIHRoZSBhbHRlcm5hdGl2ZSB0aGF0IGNvdWxkIGhhdmUgdW5yYXZlbGxlZC4NCk1pY2hhZWwgU2FycmlzLCBmb3JtZXIgZmluYW5jZSBtaW5pc3RlciBvZiBDeXBydXMNClRoZSBnb3Zlcm5tZW50IGhvcGVzIHRvIGdldCBhIGdvb2QgcmVwb3J0IGNhcmQgYW5kIHRoZXJlYnkgcmVjZWl2ZSBldmVuIG1vcmUgbW9uZXkgaW4gU2VwdGVtYmVyLg0KRmluYW5jZSBNaW5pc3RlciBIYXJyaXMgR2VvcmdpYWRlcyBoYXMgZXhwcmVzc2VkIG9wdGltaXNtIHRoYXQgaW50ZXJuYXRpb25hbCBjcmVkaXRvcnMgd2lsbCBnaXZlIGhpcyBjb3VudHJ5IGEgcG9zaXRpdmUgZXZhbHVhdGlvbi4gSGUgc2F5cyBDeXBydXMgaXMgdHJ5aW5nIHRvIHJlc3RvcmUgaXRzIGJhbmtpbmcgc2VjdG9yIHRvIGhlYWx0aC4NCkhvd2V2ZXIsIGFjY29yZGluZyB0byBDeXBydXMnIFByZXNpZGVudCBOaWNvcyBBbmFzdGFzaWFkZXMsIHRoZSByZXNjdWUgaXMgbm90IHdvcmtpbmcuIEluIGZhY3QsIGhlIHNhaWQsIHRoZSBhZ3JlZW1lbnQgaGFzIGVuZGVkIHVwIGh1cnRpbmcgbW9yZSB0aGFuIGV4cGVjdGVkLiBTbyBtdWNoIHNvIHRoYXQgdGhlIGNvdW50cnkgaXMgZW50ZXJpbmcgYSBuZXcgY3Jpc2lzLg0KSW4gcmV0dXJuIGZvciAkMTNibiBmcm9tIHRoZSB0cm9pa2EgLSBFdXJvcGVhbiBDb21taXNzaW9uIChFQyksIHRoZSBFdXJvcGVhbiBDZW50cmFsIEJhbmsgKEVDQikgYW5kIHRoZSBJbnRlcm5hdGlvbmFsIE1vbmV0YXJ5IEZ1bmQgKElNRikgLSBiYW5rIGN1c3RvbWVycyBoYWQgdG8gZ2l2ZSB1cCBhIHBvcnRpb24gb2YgdGhlaXIgbW9uZXkuIEl0IGhhZCBuZXZlciBiZWVuIGRvbmUgYmVmb3JlIGFuZCB3YXMgY2FsbGVkIGEgJ2JhaWwgaW4nLg0KDQpPbiB0aGUgbmlnaHQgdGhlIGFncmVlbWVudCB3YXMgY2xpbmNoZWQgaW4gTWFyY2gsIE1pY2hhZWwgU2FycmlzLCB0aGUgdGhlbiBmaW5hbmNlIG1pbmlzdGVyLCB0cmllZCB0byBwdXQgb24gYSBoYXBweSBmYWNlOg0KDQoiVG9uaWdodCBpcyBhIGdvb2QgbmlnaHQgZm9yIEN5cHJ1cyBhbmQgZXVyb3pvbmUuIEEgbG9uZyBwZXJpb2Qgb2YgdW5jZXJ0YWludHkgYW5kIGluc2VjdXJpdHkgc3Vycm91bmRpbmcgdGhlIEN5cHJ1cyBlY29ub215IGhhcyBlbmRlZC4gSSBiZWxpZXZlIHdlIGhhdmUgYXZlcnRlZCBsaXRlcmFsbHkgdGhlIHBvc3NpYmlsaXR5IG9mIGJhbmtydXB0Y3kgYW5kIHdlIGhhdmUgYXNzdXJlZCB0aGUgcHJvc3BlY3RzIGZvciBnZW5lcmF0aW9ucyB0byBjb21lLCIgc2FpZCBTYXJyaXMgYXQgdGhlIHRpbWUuDQoNCkJ1dCBiZWhpbmQgdGhlIGZhY2FkZSwgTWljaGFlbCBTYXJyaXMgbm93IHRlbGxzIEFsIEphemVlcmEgdGhhdCBoZSBmZWx0IGFidXNlZCBhbmQgYnVsbGllZCBieSB0aGUgRXVyb3BlYW5zLg0KIkl0IHdhcyBhIGNsYXNzaWMgY2FzZSBvZiB0YWtlIGl0IG9yIGxlYXZlIGl0IC4uLi4gV2Ugd2VyZSBwdXQgaW4gZnJvbnQgb2YgYW4gZXh0cmVtZWx5IGNydWVsIGRpbGVtbWEsIGVpdGhlciB5b3UgYWNjZXB0IHdoYXQgd2UgYXJlIHRlbGxpbmcgeW91IG9yIHdlIGFyZSBnb2luZyB0byBwdWxsIHRoZSBwbHVnIGFuZCB5b3UgYXJlIG5vdCBnb2luZyB0byBoYXZlIGFueSBiYW5rcyBhbnlob3csIHlvdSBhcmUgbm90IGdvaW5nIHRvIGhhdmUgYW55IGxpcXVpZGl0eSBhc3Npc3RhbmNlIGZyb20gdGhlIGNlbnRyYWwgYmFuayBzbyB5b3UgYXJlIGdvaW5nIGludG8gYmFua3J1cHRjeSBiYXNpY2FsbHku4oCdDQpTbyB3aGF0IHdlbnQgd3JvbmcgaW4gQ3lwcnVzPyBXYXMgdGhlIGFncmVlbWVudCBmbGF3ZWQgZnJvbSB0aGUgYmVnaW5uaW5nPyBBbmQgd2hvIGlzIHJlYWxseSBwdWxsaW5nIHRoZSBzdHJpbmdzPyBXaGF0IGlzIGl0IHJlYWxseSBsaWtlIHRvIG5lZ290aWF0ZSB3aGVuIHlvdXIgY291bnRyeSBpcyBmYWNpbmcgdGhlIGFieXNzPw0KVGhlIGZvcm1lciBmaW5hbmNlIG1pbmlzdGVyIG9mIEN5cHJ1cyBleHBsYWlucyBvbiBUYWxrIHRvIEFsIEphemVlcmEu','PHN0cm9uZz5Gb3JtZXIgRmluYW5jZSBtaW5pc3RlciBvZiBDeXBydXMgTS4gU2FycmlzIG9uIGhvdyB0aGUgRVUgdGhlIElNRiBidWxsaWVkIGhpbSBpbnRvIGFjY2VwdGluZyBhbiB1bnByZWNlZGVudGVkIGJhaWxvdXQgcHJvcG9zYWwuDQo8L3N0cm9uZz4NCkZvdXIgbW9udGhzIGFmdGVyIEN5cHJ1cyB3YXMgYmFpbGVkIG91dCBieSB0aGUgRXVyb3BlYW4gVW5pb24gKEVVKSB0aGUgY291bnRyeSBpcyBiYWNrIGluIHRoZSBuZXdzLiANCkludGVybmF0aW9uYWwgbGVuZGVycyBhcmUgbm93IHJldmlld2luZyBob3cgdGhlIGlzbGFuZCBpcyBtZWV0aW5nIHRoZSBjb25kaXRpb25zIG9mIGl0cyAkMTNibiBiYWlsb3V0LiBUaGUgZGVhbCB3YXMgc3RydWNrIHdpdGggaW50ZXJuYXRpb25hbCBsZW5kZXJzIGxhc3QgTWFyY2ggdG8gcHVsbCBDeXBydXMgYXdheSBmcm9tIHRoZSBicmluayBvZiBmaW5hbmNpYWwgbWVsdGRvd24sIGJ1dCBpbiByZXR1cm4gdGhlIG5hdGlvbiBoYWQgdG8gd2luZCBkb3duIGFuIGluc29sdmVudCBiYW5rIGFuZCBpbXBvc2UgbG9zc2VzIG9uIGJpZyBkZXBvc2l0cyBpbiBhIHNlY29uZCBiYW5rLg0KWW91IGZlZWwgdmlvbGF0ZWQsIHlvdSBmZWVsIGEgdGVycmlibGUgaW5qdXN0aWNlIGJlaW5nIGRvbmUgdG8geW91LCB5b3UgZmVlbCBhYmFuZG9uZWQgYnkgeW91ciBwYXJ0bmVycyB3aXRoIG5vbmUgb2YgdGhlIEV1cm9wZWFuIG1pbmlzdGVycyBzcGVha2luZyB1cC4gQnV0IHRoZW4geW91IHNheSBJIHN3YWxsb3cgdGhhdCB2ZXJ5IGJpdHRlciBmZWVsaW5nLCBJIGdvIGhvbWUsIEkgdGFrZSBhIGRlYWwgdGhhdCBpcyBub3QgZ29vZCBidXQgaXQncyBtdWNoIGJldHRlciB0aGFuIHRoZSBhbHRlcm5hdGl2ZSB0aGF0IGNvdWxkIGhhdmUgdW5yYXZlbGxlZC4NCk1pY2hhZWwgU2FycmlzLCBmb3JtZXIgZmluYW5jZSBtaW5pc3RlciBvZiBDeXBydXMNClRoZSBnb3Zlcm5tZW50IGhvcGVzIHRvIGdldCBhIGdvb2QgcmVwb3J0IGNhcmQgYW5kIHRoZXJlYnkgcmVjZWl2ZSBldmVuIG1vcmUgbW9uZXkgaW4gU2VwdGVtYmVyLg0KRmluYW5jZSBNaW5pc3RlciBIYXJyaXMgR2VvcmdpYWRlcyBoYXMgZXhwcmVzc2VkIG9wdGltaXNtIHRoYXQgaW50ZXJuYXRpb25hbCBjcmVkaXRvcnMgd2lsbCBnaXZlIGhpcyBjb3VudHJ5IGEgcG9zaXRpdmUgZXZhbHVhdGlvbi4gSGUgc2F5cyBDeXBydXMgaXMgdHJ5aW5nIHRvIHJlc3RvcmUgaXRzIGJhbmtpbmcgc2VjdG9yIHRvIGhlYWx0aC4NCkhvd2V2ZXIsIGFjY29yZGluZyB0byBDeXBydXMnIFByZXNpZGVudCBOaWNvcyBBbmFzdGFzaWFkZXMsIHRoZSByZXNjdWUgaXMgbm90IHdvcmtpbmcuIEluIGZhY3QsIGhlIHNhaWQsIHRoZSBhZ3JlZW1lbnQgaGFzIGVuZGVkIHVwIGh1cnRpbmcgbW9yZSB0aGFuIGV4cGVjdGVkLiBTbyBtdWNoIHNvIHRoYXQgdGhlIGNvdW50cnkgaXMgZW50ZXJpbmcgYSBuZXcgY3Jpc2lzLg0KSW4gcmV0dXJuIGZvciAkMTNibiBmcm9tIHRoZSB0cm9pa2EgLSBFdXJvcGVhbiBDb21taXNzaW9uIChFQyksIHRoZSBFdXJvcGVhbiBDZW50cmFsIEJhbmsgKEVDQikgYW5kIHRoZSBJbnRlcm5hdGlvbmFsIE1vbmV0YXJ5IEZ1bmQgKElNRikgLSBiYW5rIGN1c3RvbWVycyBoYWQgdG8gZ2l2ZSB1cCBhIHBvcnRpb24gb2YgdGhlaXIgbW9uZXkuIEl0IGhhZCBuZXZlciBiZWVuIGRvbmUgYmVmb3JlIGFuZCB3YXMgY2FsbGVkIGEgJ2JhaWwgaW4nLg0KDQpPbiB0aGUgbmlnaHQgdGhlIGFncmVlbWVudCB3YXMgY2xpbmNoZWQgaW4gTWFyY2gsIE1pY2hhZWwgU2FycmlzLCB0aGUgdGhlbiBmaW5hbmNlIG1pbmlzdGVyLCB0cmllZCB0byBwdXQgb24gYSBoYXBweSBmYWNlOg0KDQoiVG9uaWdodCBpcyBhIGdvb2QgbmlnaHQgZm9yIEN5cHJ1cyBhbmQgZXVyb3pvbmUuIEEgbG9uZyBwZXJpb2Qgb2YgdW5jZXJ0YWludHkgYW5kIGluc2VjdXJpdHkgc3Vycm91bmRpbmcgdGhlIEN5cHJ1cyBlY29ub215IGhhcyBlbmRlZC4gSSBiZWxpZXZlIHdlIGhhdmUgYXZlcnRlZCBsaXRlcmFsbHkgdGhlIHBvc3NpYmlsaXR5IG9mIGJhbmtydXB0Y3kgYW5kIHdlIGhhdmUgYXNzdXJlZCB0aGUgcHJvc3BlY3RzIGZvciBnZW5lcmF0aW9ucyB0byBjb21lLCIgc2FpZCBTYXJyaXMgYXQgdGhlIHRpbWUuDQoNCkJ1dCBiZWhpbmQgdGhlIGZhY2FkZSwgTWljaGFlbCBTYXJyaXMgbm93IHRlbGxzIEFsIEphemVlcmEgdGhhdCBoZSBmZWx0IGFidXNlZCBhbmQgYnVsbGllZCBieSB0aGUgRXVyb3BlYW5zLg0KIkl0IHdhcyBhIGNsYXNzaWMgY2FzZSBvZiB0YWtlIGl0IG9yIGxlYXZlIGl0IC4uLi4gV2Ugd2VyZSBwdXQgaW4gZnJvbnQgb2YgYW4gZXh0cmVtZWx5IGNydWVsIGRpbGVtbWEsIGVpdGhlciB5b3UgYWNjZXB0IHdoYXQgd2UgYXJlIHRlbGxpbmcgeW91IG9yIHdlIGFyZSBnb2luZyB0byBwdWxsIHRoZSBwbHVnIGFuZCB5b3UgYXJlIG5vdCBnb2luZyB0byBoYXZlIGFueSBiYW5rcyBhbnlob3csIHlvdSBhcmUgbm90IGdvaW5nIHRvIGhhdmUgYW55IGxpcXVpZGl0eSBhc3Npc3RhbmNlIGZyb20gdGhlIGNlbnRyYWwgYmFuayBzbyB5b3UgYXJlIGdvaW5nIGludG8gYmFua3J1cHRjeSBiYXNpY2FsbHku4oCdDQpTbyB3aGF0IHdlbnQgd3JvbmcgaW4gQ3lwcnVzPyBXYXMgdGhlIGFncmVlbWVudCBmbGF3ZWQgZnJvbSB0aGUgYmVnaW5uaW5nPyBBbmQgd2hvIGlzIHJlYWxseSBwdWxsaW5nIHRoZSBzdHJpbmdzPyBXaGF0IGlzIGl0IHJlYWxseSBsaWtlIHRvIG5lZ290aWF0ZSB3aGVuIHlvdXIgY291bnRyeSBpcyBmYWNpbmcgdGhlIGFieXNzPw0KVGhlIGZvcm1lciBmaW5hbmNlIG1pbmlzdGVyIG9mIEN5cHJ1cyBleHBsYWlucyBvbiBUYWxrIHRvIEFsIEphemVlcmEu',1),
 (309,77,0,'2015-02-05 19:15:24','original_id','',0,'3237','',1),
 (310,77,0,'2015-02-05 19:15:24','categories','csv_base64',1,'\"VW5jYXRlZ29yaXplZA==\"','',1),
 (311,77,0,'2015-02-05 19:15:24','category_ids','',0,'75','',1),
 (312,78,0,'2015-07-01 16:53:47','title','base64',1,'SXMgaXQgc3RpbGwgcG9zc2libGUgdG8gZ2V0IHRvIGEgZGVhbCB0b2RheS4gSXJpc2ggUHVibGljIFJhZGlvIFJURSB3aXRoIFNlYW4gTydSb3Vya2U=','SXMgaXQgc3RpbGwgcG9zc2libGUgdG8gZ2V0IHRvIGEgZGVhbCB0b2RheS4gSXJpc2ggUHVibGljIFJhZGlvIFJURSB3aXRoIFNlYW4gTydSb3Vya2U=',1),
 (313,78,0,'2015-07-01 16:53:47','body','base64',1,'PGlmcmFtZSBzcmM9Imh0dHA6Ly93d3cucnRlLmllL3JhZGlvL3JhZGlvcGxheWVyL3J0ZXJhZGlvd2VicGFnZS5odG1sIyFyaWk9OSUzQTIwODA1ODc4JTNBMTUwMzYlM0EwMSUyRDA3JTJEMjAxNSUzQSIgd2lkdGg9IjMwMCIgaGVpZ2h0PSIxNTAwIj48L2lmcmFtZT4NCg0KJm5ic3A7DQoNCiZuYnNwOw==','PGlmcmFtZSBzcmM9Imh0dHA6Ly93d3cucnRlLmllL3JhZGlvL3JhZGlvcGxheWVyL3J0ZXJhZGlvd2VicGFnZS5odG1sIyFyaWk9OSUzQTIwODA1ODc4JTNBMTUwMzYlM0EwMSUyRDA3JTJEMjAxNSUzQSIgd2lkdGg9IjMwMCIgaGVpZ2h0PSIxNTAwIj48L2lmcmFtZT4NCg0KJm5ic3A7DQoNCiZuYnNwOw==',1),
 (314,78,0,'2015-07-01 16:53:47','original_id','',0,'3313','',1),
 (315,78,0,'2015-07-01 16:53:47','categories','csv_base64',1,'\"TGF0ZXN0\",\"zpXPgM65zrrOsc65z4HPjM+EzrfPhM6x\"','',1),
 (316,78,0,'2015-07-01 16:53:47','category_ids','',0,'4,7','',1),
 (317,79,0,'2015-07-07 16:23:20','title','base64',1,'zqTOvyDOoM61z4HOv8+NIM6gzqHOmc6dIM66zrHOuSDOnM6VzqTOkQ==','UGVydTogQmVmb3JlIGFuZCBBZnRlcg==',1),
 (318,79,0,'2015-07-07 16:23:20','body','base64',1,'PGlmcmFtZSBzcmM9Imh0dHBzOi8vd3d3LnlvdXR1YmUuY29tL2VtYmVkL1ZNNkJnT0o0SEVNIiB3aWR0aD0iNTYwIiBoZWlnaHQ9IjUxNSIgZnJhbWVib3JkZXI9IjAiIGFsbG93ZnVsbHNjcmVlbj0iYWxsb3dmdWxsc2NyZWVuIj48L2lmcmFtZT4=','PGlmcmFtZSBzcmM9Imh0dHBzOi8vd3d3LnlvdXR1YmUuY29tL2VtYmVkL1ZNNkJnT0o0SEVNIiB3aWR0aD0iNTYwIiBoZWlnaHQ9IjUxNSIgZnJhbWVib3JkZXI9IjAiIGFsbG93ZnVsbHNjcmVlbj0iYWxsb3dmdWxsc2NyZWVuIj48L2lmcmFtZT4=',1),
 (319,79,0,'2015-07-07 16:23:20','original_id','',0,'3325','',1),
 (320,79,0,'2015-07-07 16:23:20','categories','csv_base64',1,'\"zpTPgc6sz4POtc65z4I=\",\"zpXPgM65zrrOsc65z4HPjM+EzrfPhM6x\"','',1),
 (321,79,0,'2015-07-07 16:23:20','category_ids','',0,'130,7','',1),
 (322,80,0,'2015-07-07 17:21:35','title','base64',1,'zp3Olc6fzqMgzpTOmc6RzpTOoc6RzqPOpM6ZzprOn86jIM6UzpnOkc6bzp/Ok86fzqMgfCDOlyDOv865zrrOv869zr/OvM65zrrOriDOus+Bzq/Pg863IM66zrHOuSDPhM6/IM+AzrHPgc6szrTOtc65zrPOvM6xIM+Ezr/PhSDOoM61z4HOv8+N','TVlUSFMgQU5EIFRSVVRIIFdIRU4gVEhFIERSQU1BIE9GIEFOIEVDT05PTUlDIENSSVNJUw==',1),
 (323,80,0,'2015-07-07 17:21:35','body','base64',1,'[encoded data, 12408 characters]','[encoded data, 8808 characters]',1),
 (324,80,0,'2015-07-07 17:21:35','original_id','',0,'3332','',1),
 (325,80,0,'2015-07-07 17:21:35','categories','csv_base64',1,'\"zpTPgc6sz4POtc65z4I=\"','',1),
 (326,80,0,'2015-07-07 17:21:35','category_ids','',0,'130','',1),
 (327,81,0,'2015-08-11 22:47:05','title','base64',1,'V2l0aCBHcmVlY2UgaGF2aW5nIGFncmVlZCB0byBhIG11bHRpIGJpbGxpb24gZXVybyBiYWlsb3V0IGRlYWw=','V2l0aCBHcmVlY2UgaGF2aW5nIGFncmVlZCB0byBhIG11bHRpIGJpbGxpb24gZXVybyBiYWlsb3V0IGRlYWw=',1),
 (328,81,0,'2015-08-11 22:47:05','body','base64',1,'QGttaWNoYWxvcyBhbmQgQEVsZW5hX1BhbmFyaXRpcyBzcG9rZSB0byBLZWVsaW4NCg0KPGEgaHJlZj0iaHR0cDovL3QuY28vZWZMZGo5NUxTRSIgdGFyZ2V0PSJfYmxhbmsiPjxpbWcgY2xhc3M9ImFsaWduY2VudGVyIHdwLWltYWdlLTMzNDMgc2l6ZS1tZWRpdW0iIHNyYz0iaHR0cDovL3d3dy50aG91Z2h0Zm9yYWN0aW9uLm9yZy93cC1jb250ZW50L3VwbG9hZHMvMjAxNS8wOC9TY3JlZW4tU2hvdC0yMDE1LTA4LTExLWF0LTIyLjQ0LjM1LTMwMHgxNzcucG5nIiBhbHQ9IlNjcmVlbiBTaG90IDIwMTUtMDgtMTEgYXQgMjIuNDQuMzUiIHdpZHRoPSIzMDAiIGhlaWdodD0iMTc3IiAvPjwvYT4=','QGttaWNoYWxvcyBhbmQgQEVsZW5hX1BhbmFyaXRpcyBzcG9rZSB0byBLZWVsaW4NCg0KPGEgaHJlZj0iaHR0cDovL3QuY28vZWZMZGo5NUxTRSIgdGFyZ2V0PSJfYmxhbmsiPjxpbWcgY2xhc3M9ImFsaWduY2VudGVyIHdwLWltYWdlLTMzNDMgc2l6ZS1tZWRpdW0iIHNyYz0iaHR0cDovL3d3dy50aG91Z2h0Zm9yYWN0aW9uLm9yZy93cC1jb250ZW50L3VwbG9hZHMvMjAxNS8wOC9TY3JlZW4tU2hvdC0yMDE1LTA4LTExLWF0LTIyLjQ0LjM1LTMwMHgxNzcucG5nIiBhbHQ9IlNjcmVlbiBTaG90IDIwMTUtMDgtMTEgYXQgMjIuNDQuMzUiIHdpZHRoPSIzMDAiIGhlaWdodD0iMTc3IiAvPjwvYT4=',1),
 (329,81,0,'2015-08-11 22:47:05','original_id','',0,'3342','',1),
 (330,81,0,'2015-08-11 22:47:05','categories','csv_base64',1,'\"TGF0ZXN0\"','',1),
 (331,81,0,'2015-08-11 22:47:05','category_ids','',0,'4','',1);


--
-- Definition of table `wp_icl_translate_job`
--

CREATE TABLE `wp_icl_translate_job` (
  `job_id` bigint(20) unsigned NOT NULL AUTO_INCREMENT,
  `rid` bigint(20) unsigned NOT NULL,
  `translator_id` int(10) unsigned NOT NULL,
  `translated` tinyint(3) unsigned NOT NULL DEFAULT '0',
  `manager_id` int(10) unsigned NOT NULL,
  `revision` int(10) unsigned DEFAULT NULL,
  PRIMARY KEY (`job_id`),
  KEY `rid` (`rid`,`translator_id`)
) ENGINE=MyISAM AUTO_INCREMENT=82 DEFAULT CHARSET=utf8;

--
-- Dumping data for table `wp_icl_translate_job`
--

INSERT INTO `wp_icl_translate_job` (`job_id`,`rid`,`translator_id`,`translated`,`manager_id`,`revision`) VALUES 
 (1,1,1,1,1,1),
 (2,1,1,1,1,2),
 (3,2,1,1,1,1),
 (4,2,1,0,1,NULL),
 (5,3,0,1,1,1),
 (6,3,1,1,1,2),
 (7,3,1,1,1,NULL),
 (8,4,1,1,1,1),
 (9,5,1,1,1,1),
 (10,5,1,0,1,NULL),
 (11,6,0,1,1,1),
 (13,8,0,0,1,NULL),
 (46,23,1,1,1,NULL),
 (15,10,0,0,1,NULL),
 (43,4,1,0,1,NULL),
 (17,12,0,0,1,NULL),
 (18,4,1,1,1,2),
 (19,4,1,1,1,3),
 (20,13,1,1,1,NULL),
 (21,14,1,1,1,1),
 (22,14,1,1,1,NULL),
 (23,15,1,1,1,1),
 (24,15,1,1,1,NULL),
 (25,16,1,1,1,1),
 (26,16,1,1,1,NULL),
 (27,17,1,1,1,1),
 (28,17,1,1,1,NULL),
 (29,6,2,1,2,NULL),
 (30,18,0,1,2,NULL),
 (31,4,1,1,1,4),
 (32,19,1,1,1,1),
 (34,21,0,0,1,NULL),
 (35,19,1,1,1,2),
 (36,19,1,1,1,3),
 (37,4,1,1,1,5),
 (38,4,1,1,1,6),
 (39,19,1,1,1,4),
 (40,19,1,1,1,5),
 (41,19,1,1,1,6),
 (42,19,1,1,1,7),
 (44,22,1,1,1,1),
 (45,22,1,1,1,NULL),
 (47,24,1,1,1,1),
 (48,25,1,1,1,NULL),
 (49,26,1,1,1,1),
 (50,27,1,1,1,NULL),
 (51,28,1,1,1,NULL),
 (52,29,1,1,1,1),
 (53,30,1,1,1,1),
 (54,24,1,0,1,NULL),
 (55,29,1,0,1,NULL),
 (56,30,1,0,1,NULL),
 (57,26,1,0,1,NULL),
 (58,1,1,0,1,NULL),
 (59,31,1,1,1,1),
 (60,31,1,1,1,NULL),
 (61,32,1,1,1,NULL),
 (62,33,1,1,1,NULL),
 (63,34,1,1,1,NULL),
 (64,19,1,1,1,8),
 (65,35,1,1,1,1),
 (66,19,1,1,1,NULL),
 (67,35,1,0,1,NULL),
 (68,36,1,1,1,NULL),
 (69,37,1,1,1,1),
 (70,37,1,0,1,NULL),
 (71,38,1,1,1,NULL),
 (72,39,1,1,1,NULL),
 (73,40,1,1,1,1),
 (74,40,1,1,1,2),
 (75,40,1,1,1,3),
 (76,40,1,1,1,4),
 (77,40,1,1,1,NULL),
 (78,41,1,1,1,NULL),
 (79,42,1,1,1,NULL),
 (80,43,1,1,1,NULL),
 (81,44,1,1,1,NULL);


--
-- Definition of table `wp_icl_translation_batches`
--

CREATE TABLE `wp_icl_translation_batches` (
  `id` int(11) NOT NULL AUTO_INCREMENT,
  `batch_name` text COLLATE utf8mb4_unicode_ci NOT NULL,
  `tp_id` int(11) DEFAULT NULL,
  `ts_url` text COLLATE utf8mb4_unicode_ci,
  `last_update` datetime DEFAULT NULL,
  PRIMARY KEY (`id`)
) ENGINE=MyISAM DEFAULT CHARSET=utf8mb4 COLLATE=utf8mb4_unicode_ci;

--
-- Dumping data for table `wp_icl_translation_batches`
--



--
-- Definition of table `wp_icl_translation_status`
--

CREATE TABLE `wp_icl_translation_status` (
  `rid` bigint(20) NOT NULL AUTO_INCREMENT,
  `translation_id` bigint(20) NOT NULL,
  `status` tinyint(4) NOT NULL,
  `translator_id` bigint(20) NOT NULL,
  `needs_update` tinyint(4) NOT NULL,
  `md5` varchar(32) COLLATE utf8mb4_unicode_ci NOT NULL,
  `translation_service` varchar(16) COLLATE utf8mb4_unicode_ci NOT NULL,
  `translation_package` mediumtext COLLATE utf8mb4_unicode_ci NOT NULL,
  `timestamp` timestamp NOT NULL DEFAULT CURRENT_TIMESTAMP,
  `links_fixed` tinyint(4) NOT NULL DEFAULT '0',
  `_prevstate` longtext COLLATE utf8mb4_unicode_ci,
  `batch_id` int(11) NOT NULL DEFAULT '0',
  PRIMARY KEY (`rid`),
  UNIQUE KEY `translation_id` (`translation_id`)
) ENGINE=MyISAM AUTO_INCREMENT=46 DEFAULT CHARSET=utf8mb4 COLLATE=utf8mb4_unicode_ci;

--
-- Dumping data for table `wp_icl_translation_status`
--

INSERT INTO `wp_icl_translation_status` (`rid`,`translation_id`,`status`,`translator_id`,`needs_update`,`md5`,`translation_service`,`translation_package`,`timestamp`,`links_fixed`,`_prevstate`,`batch_id`) VALUES 
 (1,473,10,1,1,'102625edaf7d89f4b142f0fa2feb7be5','local','a:2:{s:3:\"url\";s:42:\"http://www.thoughtforaction.org?page_id=19\";s:8:\"contents\";a:3:{s:5:\"title\";a:3:{s:9:\"translate\";i:1;s:4:\"data\";s:32:\"zpXPgM65zrrOv865zr3Pic69zq/OsQ==\";s:6:\"format\";s:6:\"base64\";}s:4:\"body\";a:3:{s:9:\"translate\";i:1;s:4:\"data\";s:396:\"PGJsb2NrcXVvdGU+PHN0cm9uZz7Oo8+FzrzPgM67zq7Pgc+Jz4POtSDPhM6xIM+Dz4TOv865z4fOtc6vzrEgz4POv8+FIM66zrHOuSDOrc67zrEgz4POtSDOtc+AzrHPhs6uIM68zrUgzqzPhM6/zrzOsSDPgM6/z4Ugz4POus6tz4bPhM6/zr3PhM6xzrksIM6/z4HOs86xzr3Pjs69zr/Ovc+EzrHOuSDOus6xzrkgzrTPgc6/z4XOvSDOs865zrEgz4TOt869IM6xzr3OrM+Az4TPhc6+zrcgzrrOsc65IM+Ezr8gzrrOv865zr3PjCDPg8+FzrzPhs6tz4HOv869IM+Dz4TOtyDPh8+Oz4HOsS48L3N0cm9uZz48L2Jsb2NrcXVvdGU+\";s:6:\"format\";s:6:\"base64\";}s:11:\"original_id\";a:2:{s:9:\"translate\";i:0;s:4:\"data\";i:19;}}}','2014-10-23 00:13:07',0,NULL,0),
 (31,1208,10,1,0,'eec8602a00a5eb5e706a9cd1314e9007','local','a:2:{s:3:\"url\";s:38:\"http://www.thoughtforaction.org?p=3119\";s:8:\"contents\";a:5:{s:5:\"title\";a:3:{s:9:\"translate\";i:1;s:4:\"data\";s:28:\"SW5mb3JtYWxpdHkgaW4gQXRoZW5z\";s:6:\"format\";s:6:\"base64\";}s:4:\"body\";a:3:{s:9:\"translate\";i:1;s:4:\"data\";s:428:\"PGlmcmFtZSBzcmM9Ii8vcGxheWVyLnZpbWVvLmNvbS92aWRlby8xMTQ1MjUzNTUiIHdpZHRoPSI2MDAiIGhlaWdodD0iNDgxIiBmcmFtZWJvcmRlcj0iMCIgYWxsb3dmdWxsc2NyZWVuPSJhbGxvd2Z1bGxzY3JlZW4iPjwvaWZyYW1lPg0KDQo8YSBocmVmPSJodHRwOi8vdmltZW8uY29tLzExNDUyNTM1NSI+RWxlbmEgUGFuYXJpdGlzX0F0aGVucyBJbmZvcm1hbCBFY29ub215PC9hPiBmcm9tIDxhIGhyZWY9Imh0dHA6Ly92aW1lby5jb20vdXNlcjQ1MDEyNTkiPkFtaWUgV2lsbGlhbXM8L2E+IG9uIDxhIGhyZWY9Imh0dHBzOi8vdmltZW8uY29tIj5WaW1lbzwvYT4u\";s:6:\"format\";s:6:\"base64\";}s:11:\"original_id\";a:2:{s:9:\"translate\";i:0;s:4:\"data\";i:3119;}s:10:\"categories\";a:3:{s:9:\"translate\";i:1;s:4:\"data\";s:22:\"\"zpTPgc6sz4POtc65z4I=\"\";s:6:\"format\";s:10:\"csv_base64\";}s:12:\"category_ids\";a:2:{s:9:\"translate\";i:0;s:4:\"data\";s:3:\"130\";}}}','2014-12-15 16:46:10',0,NULL,0),
 (2,474,10,1,1,'5a50daba1826251af95496ea3ffefaf0','local','a:2:{s:3:\"url\";s:43:\"http://www.thoughtforaction.org?page_id=145\";s:8:\"contents\";a:3:{s:5:\"title\";a:3:{s:9:\"translate\";i:1;s:4:\"data\";s:76:\"zpzOv865z4HOrM+Dzr/PhSDOo866zq3PiM63IC0gzqDPgc+Mz4TOtc65zr3OtSDOlM+BzqzPg863\";s:6:\"format\";s:6:\"base64\";}s:4:\"body\";a:3:{s:9:\"translate\";i:1;s:4:\"data\";s:0:\"\";s:6:\"format\";s:6:\"base64\";}s:11:\"original_id\";a:2:{s:9:\"translate\";i:0;s:4:\"data\";i:145;}}}','2014-10-23 00:14:38',0,NULL,0),
 (3,475,10,1,0,'8c73c8b7dca2737867b35516fc97e867','local','a:2:{s:3:\"url\";s:44:\"http://www.thoughtforaction.org?page_id=1649\";s:8:\"contents\";a:3:{s:5:\"title\";a:3:{s:9:\"translate\";i:1;s:4:\"data\";s:28:\"VDRBIM+DzrHPgiDOus6xzrvOtc6v\";s:6:\"format\";s:6:\"base64\";}s:4:\"body\";a:3:{s:9:\"translate\";i:1;s:4:\"data\";s:18900:\"[encoded data, 18900 characters]\";s:6:\"format\";s:6:\"base64\";}s:11:\"original_id\";a:2:{s:9:\"translate\";i:0;s:4:\"data\";i:1649;}}}','2014-10-23 00:24:50',0,NULL,0),
 (4,476,10,1,1,'72655cbd693b808b4ad177393298b420','local','a:2:{s:3:\"url\";s:42:\"http://www.thoughtforaction.org?page_id=17\";s:8:\"contents\";a:3:{s:5:\"title\";a:3:{s:9:\"translate\";i:1;s:4:\"data\";s:36:\"zqDOv865zr/OryDOtc6vzrzOsc+Dz4TOtQ==\";s:6:\"format\";s:6:\"base64\";}s:4:\"body\";a:3:{s:9:\"translate\";i:1;s:4:\"data\";s:8612:\"[encoded data, 8612 characters]\";s:6:\"format\";s:6:\"base64\";}s:11:\"original_id\";a:2:{s:9:\"translate\";i:0;s:4:\"data\";i:17;}}}','2014-10-23 00:38:43',0,NULL,0),
 (19,1097,10,1,0,'71e7befcb9190226a709a9eac12e7cb8','local','a:2:{s:3:\"url\";s:44:\"http://www.thoughtforaction.org?page_id=2889\";s:8:\"contents\";a:3:{s:5:\"title\";a:3:{s:9:\"translate\";i:1;s:4:\"data\";s:184:\"zp3Olc6fzqMgzpTOmc6RzpTOoc6RzqPOpM6ZzprOn86jIM6UzpnOkc6bzp/Ok86fzqMgfCDOlyDOv865zrrOv869zr/OvM65zrrOriDOus+Bzq/Pg863IM66zrHOuSDPhM6/IM+AzrHPgc6szrTOtc65zrPOvM6xIM+Ezr/PhSDOoM61z4HOv8+N\";s:6:\"format\";s:6:\"base64\";}s:4:\"body\";a:3:{s:9:\"translate\";i:1;s:4:\"data\";s:12148:\"[encoded data, 12148 characters]\";s:6:\"format\";s:6:\"base64\";}s:11:\"original_id\";a:2:{s:9:\"translate\";i:0;s:4:\"data\";i:2889;}}}','2014-12-01 00:22:20',0,NULL,0),
 (35,1237,10,1,1,'f7b295c24f3a84d75a6332cde09c378b','local','a:2:{s:3:\"url\";s:38:\"http://www.thoughtforaction.org?p=3160\";s:8:\"contents\";a:5:{s:5:\"title\";a:3:{s:9:\"translate\";i:1;s:4:\"data\";s:96:\"U2FtYXJhcyBhY3RpbmcgbGlrZSBoZSBkb2Vzbid0IHdhbnQgZWxlY3Rpb24gd2luOiBFbGVuYSBQYW5hcml0aXMgKENOQkMp\";s:6:\"format\";s:6:\"base64\";}s:4:\"body\";a:3:{s:9:\"translate\";i:1;s:4:\"data\";s:580:\"RWxlbmEgUGFuYXJpdGlzLCBmb3VuZGVyIG9mIFRob3VnaHQgNCBBY3Rpb24gYW5kIGZvcm1lciBQQVNPSyBNUCwgc2F5cyB0aGF0IEdyZWVrIFByaW1lIE1pbmlzdGVyIEFudG9uaXMgU2FtYXJhcyBpcyBub3Qgc3Ryb25nbHkgc3VwcG9ydGluZyBoaXMgY2FuZGlkYXRlIGZvciB0aGUgcHJlc2lkZW50aWFsLi4uICg8YSBocmVmPSJodHRwOi8vdmlkZW8uY25iYy5jb20vZ2FsbGVyeS8/dmlkZW89MzAwMDMzOTcyOCIgdGFyZ2V0PSJfYmxhbmsiPkxpbms8L2E+KQ0KDQo8aWZyYW1lIHNyYz0iaHR0cDovL3BsYXllci50aGVwbGF0Zm9ybS5jb20vcC9nWldsUEMvdmNwc19pbmxpbmU/YnlHdWlkPTMwMDAzMzk3MjgmYW1wO3NpemU9NjQwXzM2MCIgd2lkdGg9IjY0MCIgaGVpZ2h0PSIzNjAiIGFsbG93ZnVsbHNjcmVlbj0iYWxsb3dmdWxsc2NyZWVuIj48L2lmcmFtZT4=\";s:6:\"format\";s:6:\"base64\";}s:11:\"original_id\";a:2:{s:9:\"translate\";i:0;s:4:\"data\";i:3160;}s:10:\"categories\";a:3:{s:9:\"translate\";i:1;s:4:\"data\";s:45:\"\"TGF0ZXN0\",\"zpXPgM65zrrOsc65z4HPjM+EzrfPhM6x\"\";s:6:\"format\";s:10:\"csv_base64\";}s:12:\"category_ids\";a:2:{s:9:\"translate\";i:0;s:4:\"data\";s:3:\"4,7\";}}}','2014-12-17 22:25:14',0,NULL,0),
 (13,563,10,1,0,'e6ad8ca95e22039e9e91d30eef9d31f0','local','a:2:{s:3:\"url\";s:38:\"http://www.thoughtforaction.org?p=1428\";s:8:\"contents\";a:3:{s:5:\"title\";a:3:{s:9:\"translate\";i:1;s:4:\"data\";s:360:\"UGFuLiBLYXJrYXRzb3VsaXM6IFByaW5jaXBhbCBhZ2VudHMsIHJlcHJlc2VudGF0aXZlcywgdHJhZGluZyBwcmFjdGljZXMgYW5kIGNsaWVudHMgaW4gdGhlIEdyZWVrIGVudmlyb25tZW50zqDOsc69LiDOms6xz4HOus6xz4TPg86/z43Ou863z4I6IM6Vzr3PhM6/zrvOtc6vz4IsIM61zr3PhM6/zrvOv860z4zPh86/zrksIM+Dz4XOvc6xzrvOu86xzrrPhM65zrrOrCDOrs64zrcgzrrOsc65IM+AzrXOu86sz4TOtc+CIM+DzrUgzrXOu867zrfOvc65zrrPjCDPhs+Mzr3PhM6/\";s:6:\"format\";s:6:\"base64\";}s:4:\"body\";a:3:{s:9:\"translate\";i:1;s:4:\"data\";s:56756:\"[encoded data, 56756 characters]\";s:6:\"format\";s:6:\"base64\";}s:11:\"original_id\";a:2:{s:9:\"translate\";i:0;s:4:\"data\";i:1428;}}}','2014-10-23 17:08:23',0,NULL,0),
 (5,477,10,1,1,'4d53f958e560c4d0d5518c38da9e6bab','local','a:2:{s:3:\"url\";s:43:\"http://www.thoughtforaction.org?page_id=440\";s:8:\"contents\";a:3:{s:5:\"title\";a:3:{s:9:\"translate\";i:1;s:4:\"data\";s:52:\"zqDPgc+Mz4POus67zrfPg863IM+DzrUgzpTOuc6szrvOv86zzr8=\";s:6:\"format\";s:6:\"base64\";}s:4:\"body\";a:3:{s:9:\"translate\";i:1;s:4:\"data\";s:7704:\"[encoded data, 7704 characters]\";s:6:\"format\";s:6:\"base64\";}s:11:\"original_id\";a:2:{s:9:\"translate\";i:0;s:4:\"data\";i:440;}}}','2014-10-23 00:42:56',0,NULL,0);
INSERT INTO `wp_icl_translation_status` (`rid`,`translation_id`,`status`,`translator_id`,`needs_update`,`md5`,`translation_service`,`translation_package`,`timestamp`,`links_fixed`,`_prevstate`,`batch_id`) VALUES 
 (6,478,10,1,0,'39954867f295a66f3e0f5257d3f36d17','local','a:2:{s:3:\"url\";s:44:\"http://www.thoughtforaction.org?page_id=2598\";s:8:\"contents\";a:3:{s:5:\"title\";a:3:{s:9:\"translate\";i:1;s:4:\"data\";s:40:\"zqPOus6tz4jOtyDOs865zrEgzpTPgc6sz4POtw==\";s:6:\"format\";s:6:\"base64\";}s:4:\"body\";a:3:{s:9:\"translate\";i:1;s:4:\"data\";s:0:\"\";s:6:\"format\";s:6:\"base64\";}s:11:\"original_id\";a:2:{s:9:\"translate\";i:0;s:4:\"data\";i:2598;}}}','2014-10-23 00:52:20',0,NULL,0),
 (8,494,0,0,1,'3a484d9c15148c8ca852c122dcc27f7f','','a:2:{s:3:\"url\";s:36:\"http://www.thoughtforaction.org?p=22\";s:8:\"contents\";a:3:{s:5:\"title\";a:3:{s:9:\"translate\";i:1;s:4:\"data\";s:32:\"zpPOnc6pzqHOmc6jzqTOlSDOnM6RzqM=\";s:6:\"format\";s:6:\"base64\";}s:4:\"body\";a:3:{s:9:\"translate\";i:1;s:4:\"data\";s:0:\"\";s:6:\"format\";s:6:\"base64\";}s:11:\"original_id\";a:2:{s:9:\"translate\";i:0;s:4:\"data\";i:22;}}}','2014-10-23 01:34:58',0,NULL,0),
 (23,1163,10,1,0,'41abac1ae3d611d84330794c5e4a78c6','local','a:2:{s:3:\"url\";s:38:\"http://www.thoughtforaction.org?p=1623\";s:8:\"contents\";a:8:{s:5:\"title\";a:3:{s:9:\"translate\";i:1;s:4:\"data\";s:76:\"zqcuIM6gzrnPg8+DzrHPgc6vzrTOt8+COiDOlM65zrHOu8+Nz4PPhM61IM+Ezr8gzrXPhc+Bz44=\";s:6:\"format\";s:6:\"base64\";}s:4:\"body\";a:3:{s:9:\"translate\";i:1;s:4:\"data\";s:4944:\"[encoded data, 4944 characters]\";s:6:\"format\";s:6:\"base64\";}s:7:\"excerpt\";a:3:{s:9:\"translate\";i:1;s:4:\"data\";s:128:\"zojOvc6xz4IgzrHPgM+MIM+Ezr/Phc+CIM66zr/Pgc+Fz4bOsc6vzr/Phc+CIM6/zrnOus6/zr3Ov868zr/Ou8+MzrPOv8+Fz4Igz4TOv8+FIM66z4zPg868zr/PhQ==\";s:6:\"format\";s:6:\"base64\";}s:11:\"original_id\";a:2:{s:9:\"translate\";i:0;s:4:\"data\";i:1623;}s:4:\"tags\";a:3:{s:9:\"translate\";i:1;s:4:\"data\";s:61:\"\"RWxlbmEgUGFuYXJpdGlz\",\"zojOu861zr3OsSDOoM6xzr3Osc+Bzq/PhM63\"\";s:6:\"format\";s:10:\"csv_base64\";}s:7:\"tag_ids\";a:2:{s:9:\"translate\";i:0;s:4:\"data\";s:5:\"10,13\";}s:10:\"categories\";a:3:{s:9:\"translate\";i:1;s:4:\"data\";s:126:\"\"TGF0ZXN0\",\"U3BlYWtlcnM=\",\"U3VwcG9ydGVycw==\",\"zpPOvc+OzrzOtc+CICZhbXA7IM6Rz4DPjM+IzrXOuc+C\",\"zpXPgM65zrrOsc65z4HPjM+EzrfPhM6x\"\";s:6:\"format\";s:10:\"csv_base64\";}s:12:\"category_ids\";a:2:{s:9:\"translate\";i:0;s:4:\"data\";s:9:\"4,8,9,5,7\";}}}','2014-12-09 16:50:02',0,NULL,0),
 (10,496,0,0,1,'45843e965da3024ba42733d3748f8b41','','a:2:{s:3:\"url\";s:38:\"http://www.thoughtforaction.org?p=1794\";s:8:\"contents\";a:3:{s:5:\"title\";a:3:{s:9:\"translate\";i:1;s:4:\"data\";s:48:\"zpXPgM65z4TPgc6/z4DOriDPg8+FzrzOss6/z43Ou8+Jzr0=\";s:6:\"format\";s:6:\"base64\";}s:4:\"body\";a:3:{s:9:\"translate\";i:1;s:4:\"data\";s:0:\"\";s:6:\"format\";s:6:\"base64\";}s:11:\"original_id\";a:2:{s:9:\"translate\";i:0;s:4:\"data\";i:1794;}}}','2014-10-23 01:34:58',0,NULL,0),
 (12,498,0,0,1,'94dc1b6a8b3290e9b7e5c8748c81b02e','','a:2:{s:3:\"url\";s:36:\"http://www.thoughtforaction.org?p=21\";s:8:\"contents\";a:3:{s:5:\"title\";a:3:{s:9:\"translate\";i:1;s:4:\"data\";s:32:\"zpXPgM65zrrOv865zr3Pic69zrnOsSA=\";s:6:\"format\";s:6:\"base64\";}s:4:\"body\";a:3:{s:9:\"translate\";i:1;s:4:\"data\";s:0:\"\";s:6:\"format\";s:6:\"base64\";}s:11:\"original_id\";a:2:{s:9:\"translate\";i:0;s:4:\"data\";i:21;}}}','2014-10-23 01:34:58',0,NULL,0),
 (14,565,10,1,0,'d60457dffc2f928a8440c58718872286','local','a:2:{s:3:\"url\";s:38:\"http://www.thoughtforaction.org?p=1387\";s:8:\"contents\";a:5:{s:5:\"title\";a:3:{s:9:\"translate\";i:1;s:4:\"data\";s:124:\"zplNRjogzpcgzpXOu867zrfOvc65zrrOriDOlM65zqzPg8+Jz4POtyDOrs+EzrHOvSDOs861zrzOrM+EzrcgzrvOrM64zrcgKM+Ezr/PhSBOZWlsIElyd2luKQ==\";s:6:\"format\";s:6:\"base64\";}s:4:\"body\";a:3:{s:9:\"translate\";i:1;s:4:\"data\";s:12488:\"[encoded data, 12488 characters]\";s:6:\"format\";s:6:\"base64\";}s:11:\"original_id\";a:2:{s:9:\"translate\";i:0;s:4:\"data\";i:1387;}s:10:\"categories\";a:3:{s:9:\"translate\";i:1;s:4:\"data\";s:45:\"\"TGF0ZXN0\",\"zpXPgM65z4PPhM63zrzPjM69z4nOvQ==\"\";s:6:\"format\";s:10:\"csv_base64\";}s:12:\"category_ids\";a:2:{s:9:\"translate\";i:0;s:4:\"data\";s:3:\"4,6\";}}}','2014-10-23 17:15:08',0,NULL,0),
 (15,566,10,1,0,'dea9f825857a47d76914653f045285d6','local','a:2:{s:3:\"url\";s:38:\"http://www.thoughtforaction.org?p=1227\";s:8:\"contents\";a:5:{s:5:\"title\";a:3:{s:9:\"translate\";i:1;s:4:\"data\";s:24:\"UkVNT1ZFRCBNQVRFUklBTA==\";s:6:\"format\";s:6:\"base64\";}s:4:\"body\";a:3:{s:9:\"translate\";i:1;s:4:\"data\";s:1080:\"PGEgaHJlZj0iaHR0cDovL3d3dy50aG91Z2h0Zm9yYWN0aW9uLm9yZy8lY2UlYjUlY2YlODElY2YlODklY2YlODQlY2UlYWUlY2YlODMlY2UlYjUlY2UlYjklY2YlODIvdDRhY3Rpb24tc21hbGwtYmFubmVyLyIgcmVsPSJhdHRhY2htZW50IHdwLWF0dC0xOTAiPjxpbWcgc3JjPSJodHRwOi8vd3d3LnRob3VnaHRmb3JhY3Rpb24ub3JnL3dwLWNvbnRlbnQvdXBsb2Fkcy8yMDEzLzAxL3Q0YWN0aW9uLXNtYWxsLWJhbm5lcjEuanBnIiBhbHQ9InQ0YWN0aW9uIHNtYWxsIGJhbm5lciIgd2lkdGg9IjQ2OCIgaGVpZ2h0PSI2MCIgLz48L2E+DQoNCs6Yzq3Pg861IM61z4HPic+Ezq7OvM6xz4TOsSDOtc+Bz4nPhM6uz4POtc65z4Igz4POv8+FIM+Dz4TOv8+Fz4LCoDxhIGhyZWY9Imh0dHA6Ly93d3cudGhvdWdodGZvcmFjdGlvbi5vcmcvc3BlYWtlcnMvIj7Ov868zrnOu863z4TOrc+CIM+Ezr/PhSBUNEEgTGl2ZSBFdmVudDwvYT7CoM66zrHOuSDOu86szrLOtSDOsc+AzrHOvc+Ezq7Pg861zrnPgiDOts+Jzr3PhM6xzr3OrCDOus6xz4TOrCDPhM63IM60zrnOrM+BzrrOtc65zrEgz4TOv8+FIM60zrnOsc60zrnOus+Ez4XOsc66zr/PjSDPg8+FzrzPgM6/z4POr86/z4Ugz4PPhM65z4IgNCDOps61zrLPgc6/z4XOsc+Bzq/Ov8+FIDIwMTMuwqDOlc+Azq3Ou861zr7OtSDOvM65zrEgzq4gz4DOtc+BzrnPg8+Dz4zPhM61z4HOtc+CIM6xz4DPjCDPhM65z4Igz4DOsc+BzrHOus6sz4TPiSDOus6xz4TOt86zzr/Pgc6vzrXPgiDOs865zrEgzr3OsSDPhc+Azr/Oss6szrvOtc65z4Igz4TOuc+CIM61z4HPic+Ezq7Pg861zrnPgiDPg86/z4Uu\";s:6:\"format\";s:6:\"base64\";}s:11:\"original_id\";a:2:{s:9:\"translate\";i:0;s:4:\"data\";i:1227;}s:10:\"categories\";a:3:{s:9:\"translate\";i:1;s:4:\"data\";s:22:\"\"VW5jYXRlZ29yaXplZA==\"\";s:6:\"format\";s:10:\"csv_base64\";}s:12:\"category_ids\";a:2:{s:9:\"translate\";i:0;s:4:\"data\";s:1:\"1\";}}}','2014-10-23 17:16:50',0,NULL,0),
 (16,567,10,2,0,'f4b2afb6e9c25981eaaadc75055a341b','local','a:2:{s:3:\"url\";s:38:\"http://www.thoughtforaction.org?p=1209\";s:8:\"contents\";a:5:{s:5:\"title\";a:3:{s:9:\"translate\";i:1;s:4:\"data\";s:224:\"zpcgzojOu861zr3OsSDOoM6xzr3Osc+Bzq/PhM63IM+Az4HOv8+DzrrOsc67zrXOr8+EzrHOuSDOs865zrEgzr3OsSDOtc68z4DOvc61z43Pg861zrkgzrHPgM6/z4bOv86vz4TOv8+Fz4Igz4TOv8+FIM6gzrHOvc61z4DOuc+Dz4TOt868zq/Ov8+FIElOU0VBRCDPg8+EzrcgzpPOsc67zrvOr86x\";s:6:\"format\";s:6:\"base64\";}s:4:\"body\";a:3:{s:9:\"translate\";i:1;s:4:\"data\";s:4504:\"[encoded data, 4504 characters]\";s:6:\"format\";s:6:\"base64\";}s:11:\"original_id\";a:2:{s:9:\"translate\";i:0;s:4:\"data\";i:1209;}s:10:\"categories\";a:3:{s:9:\"translate\";i:1;s:4:\"data\";s:45:\"\"TGF0ZXN0\",\"zpXPgM65zrrOsc65z4HPjM+EzrfPhM6x\"\";s:6:\"format\";s:10:\"csv_base64\";}s:12:\"category_ids\";a:2:{s:9:\"translate\";i:0;s:4:\"data\";s:3:\"4,7\";}}}','2014-10-23 17:26:21',0,NULL,0),
 (17,568,10,1,0,'c076e6bda08f91c7c55e35f346444e7a','local','a:2:{s:3:\"url\";s:44:\"http://www.thoughtforaction.org?page_id=2602\";s:8:\"contents\";a:3:{s:5:\"title\";a:3:{s:9:\"translate\";i:1;s:4:\"data\";s:24:\"zozOu86xIM+EzrEgzr3Orc6x\";s:6:\"format\";s:6:\"base64\";}s:4:\"body\";a:3:{s:9:\"translate\";i:1;s:4:\"data\";s:0:\"\";s:6:\"format\";s:6:\"base64\";}s:11:\"original_id\";a:2:{s:9:\"translate\";i:0;s:4:\"data\";i:2602;}}}','2014-10-23 17:36:43',0,NULL,0),
 (18,1000,10,1,0,'c076e6bda08f91c7c55e35f346444e7a','local','a:2:{s:3:\"url\";s:44:\"http://www.thoughtforaction.org?page_id=2773\";s:8:\"contents\";a:3:{s:5:\"title\";a:3:{s:9:\"translate\";i:1;s:4:\"data\";s:24:\"zozOu86xIM+EzrEgzr3Orc6x\";s:6:\"format\";s:6:\"base64\";}s:4:\"body\";a:3:{s:9:\"translate\";i:1;s:4:\"data\";s:0:\"\";s:6:\"format\";s:6:\"base64\";}s:11:\"original_id\";a:2:{s:9:\"translate\";i:0;s:4:\"data\";i:2773;}}}','2014-10-24 18:13:13',0,NULL,0),
 (21,1007,0,0,1,'3157822c2fc6bb3e903cad00a8f78a18','','a:2:{s:3:\"url\";s:38:\"http://www.thoughtforaction.org?p=2760\";s:8:\"contents\";a:3:{s:5:\"title\";a:3:{s:9:\"translate\";i:1;s:4:\"data\";s:16:\"UFJFU1MgTElORQ==\";s:6:\"format\";s:6:\"base64\";}s:4:\"body\";a:3:{s:9:\"translate\";i:1;s:4:\"data\";s:0:\"\";s:6:\"format\";s:6:\"base64\";}s:11:\"original_id\";a:2:{s:9:\"translate\";i:0;s:4:\"data\";i:2760;}}}','2014-12-01 02:19:14',0,NULL,0),
 (22,1129,10,1,0,'7bcd5e5291c41e3fd857fac59e73889f','local','a:2:{s:3:\"url\";s:37:\"http://www.thoughtforaction.org?p=783\";s:8:\"contents\";a:5:{s:5:\"title\";a:3:{s:9:\"translate\";i:1;s:4:\"data\";s:128:\"zpXPgM61zr3OtM+Nzr/Phc68zrUgz4PPhM6/zr0gzojOu867zrfOvc6xLSDOnM61z4TOsc+Bz4HPhc64zrzOr862zr/Phc68zrUgz4TOt869IM6VzrvOu86szrTOsQ==\";s:6:\"format\";s:6:\"base64\";}s:4:\"body\";a:3:{s:9:\"translate\";i:1;s:4:\"data\";s:3168:\"PHN0cm9uZz5UNEFjdGlvbiBJbnRyb2R1Y3Rvcnkgc2Vzc2lvbiAtIFdlbGNvbWluZyBieSBFbGVuYSBQYW5hcml0aXMgdG8gdGhlIDFzdCBPbmxpbmUgSW50ZXJuYXRpb25hbCBGb3J1bSBUaG91Z2h0IGZvciBBY3Rpb24uPC9zdHJvbmc+DQoNCjxpZnJhbWUgc3JjPSJodHRwOi8vd3d3LnlvdXR1YmUuY29tL2VtYmVkL09yQV8tSTZJaEVjIiB3aWR0aD0iNjQwIiBoZWlnaHQ9IjU2MCIgZnJhbWVib3JkZXI9IjAiIGFsbG93ZnVsbHNjcmVlbj0iYWxsb3dmdWxsc2NyZWVuIj48L2lmcmFtZT4NCg0KJm5ic3A7DQoNCjxzdHJvbmc+Tm9iZWxpc3QgaW4gRWNvbm9taWNzIENocmlzdG9waGVyIFBpc3NhcmlkZXMgdGFsa3MgYWJvdXQgdGhlIG5hdHVyZSBvZiB0aGUgY3Jpc2lzIGF0IHRoZSAxc3QgT25saW5lIEludGVyYWN0aXZlIEZvcnVtIGF0IHRoZSBUaG91Z2h0IDQgQWN0aW9uIEV2ZW50Ljwvc3Ryb25nPg0KDQo8aWZyYW1lIHNyYz0iaHR0cDovL3d3dy55b3V0dWJlLmNvbS9lbWJlZC95d281bmh4LUtUSSIgd2lkdGg9IjY0MCIgaGVpZ2h0PSI1NjAiIGZyYW1lYm9yZGVyPSIwIiBhbGxvd2Z1bGxzY3JlZW49ImFsbG93ZnVsbHNjcmVlbiI+PC9pZnJhbWU+DQoNCiZuYnNwOw0KDQo8c3Ryb25nPkVsZW5hIFBhbmFyaXRpcywgb24gdGhlIEluZm9ybWFsIEVjb25vbXkgaW4gR3JlZWNlOjwvc3Ryb25nPsKgPHN0cm9uZz4xLiBMYWJvdXIgTWFya2V0PC9zdHJvbmc+wqA8c3Ryb25nPjIuIFByb3BlcnR5IE1hcmtldDwvc3Ryb25nPg0KDQo8aWZyYW1lIHNyYz0iaHR0cDovL3d3dy55b3V0dWJlLmNvbS9lbWJlZC9jN0ZHVU42d0o3byIgd2lkdGg9IjY0MCIgaGVpZ2h0PSI1NjAiIGZyYW1lYm9yZGVyPSIwIiBhbGxvd2Z1bGxzY3JlZW49ImFsbG93ZnVsbHNjcmVlbiI+PC9pZnJhbWU+DQoNCiZuYnNwOw0KDQo8c3Ryb25nPlBhbmFnaW90aXMgS2Fya2F0c291bGlzIHNwZWFraW5nIGFib3V0IHJlYWxpdGllcyBpbiB0aGUgR3JlZWsgcHVibGljIHNlY3Rvcjwvc3Ryb25nPi4NCg0KPGlmcmFtZSBzcmM9Imh0dHA6Ly93d3cueW91dHViZS5jb20vZW1iZWQvY1FVc2pUcy10RW8iIHdpZHRoPSI2NDAiIGhlaWdodD0iNTYwIiBmcmFtZWJvcmRlcj0iMCIgYWxsb3dmdWxsc2NyZWVuPSJhbGxvd2Z1bGxzY3JlZW4iPjwvaWZyYW1lPg0KDQombmJzcDsNCg0KPHN0cm9uZz5Gb3JtZXIgTWluaXN0ZXIgb2YgTi4gWmVhbGFuZCBzcGVha2luZyBhYm91dCBsZXNzb25zIGxlYXJuZWQgdGhyb3VnaCB3b3JsZC1jbGFzcyBpbnN0aXR1dGlvbmFsIHJlZm9ybXMuPC9zdHJvbmc+DQo8aWZyYW1lIHNyYz0iaHR0cDovL3d3dy55b3V0dWJlLmNvbS9lbWJlZC9iNlpYbVVtZnRPTSIgd2lkdGg9IjY0MCIgaGVpZ2h0PSI1NjAiIGZyYW1lYm9yZGVyPSIwIiBhbGxvd2Z1bGxzY3JlZW49ImFsbG93ZnVsbHNjcmVlbiI+PC9pZnJhbWU+DQoNCiZuYnNwOw0KDQo8c3Ryb25nPkVjb25vbWlzdCBhbmQgUHVibGljIFNlY3RvciBTcGVjaWFsaXN0IEdhcnkgUmVpZCBzcGVha3MgYWJvdXQgdGhlIGxlc3NvbnMgbGVhcm5lZCBmcm9tIGNvdW50cmllcyB0aGF0IGFwcGxpZWQgc3RydWN0dXJhbCByZWZvcm1zLCBmcm9tIFNpZXJyYSBMZW9uZSB0byB0aGUgVVNBLjwvc3Ryb25nPg0KDQo8aWZyYW1lIHNyYz0iaHR0cDovL3d3dy55b3V0dWJlLmNvbS9lbWJlZC9WaDRtRDBBQUx1TSIgd2lkdGg9IjY0MCIgaGVpZ2h0PSI1NjAiIGZyYW1lYm9yZGVyPSIwIiBhbGxvd2Z1bGxzY3JlZW49ImFsbG93ZnVsbHNjcmVlbiI+PC9pZnJhbWU+DQoNCiZuYnNwOw0KDQo8c3Ryb25nPk1hbnVlbCBTb3RvbWF5b3IgKENFTy9Pd25lciBvZiBHRURFSU5DTykgYW5kIE1hcmlhIEdlb3JnYWxvcyAoRGlyZWN0b3IgYXQgV2FzaGluZ3RvbiBJbnRlcm5hdGlvbmFsIEFkdmlzb3JzKSBzaGFyZSB0aGVpciBleHBlcmllbmNlcyBkdXJpbmcgdGhlIGNyaXNlcyBvZiBQZXJ1IGFuZCBBcmdlbnRpbmEgcmVzcGVjdGl2ZWx5IGF0IHRoZSBUaG91Z2h0IDQgQWN0aW9uIGxpdmUgZXZlbnQuPC9zdHJvbmc+DQo8aWZyYW1lIHNyYz0iaHR0cDovL3d3dy55b3V0dWJlLmNvbS9lbWJlZC9kVkhpNTlZUU9HMCIgd2lkdGg9IjY0MCIgaGVpZ2h0PSI1NjAiIGZyYW1lYm9yZGVyPSIwIiBhbGxvd2Z1bGxzY3JlZW49ImFsbG93ZnVsbHNjcmVlbiI+PC9pZnJhbWU+DQoNCiZuYnNwOw0KDQo8c3Ryb25nPkNvbmNsdXNpb25zICZhbXA7IENsb3NpbmcgYWRkcmVzcyBieSBFbGVuYSBQYW5hcml0aXMuPC9zdHJvbmc+DQoNCjxpZnJhbWUgc3JjPSJodHRwOi8vd3d3LnlvdXR1YmUuY29tL2VtYmVkL2tPWlE5MmI1dlpjIiB3aWR0aD0iNjQwIiBoZWlnaHQ9IjU2MCIgZnJhbWVib3JkZXI9IjAiIGFsbG93ZnVsbHNjcmVlbj0iYWxsb3dmdWxsc2NyZWVuIj48L2lmcmFtZT4=\";s:6:\"format\";s:6:\"base64\";}s:11:\"original_id\";a:2:{s:9:\"translate\";i:0;s:4:\"data\";i:783;}s:10:\"categories\";a:3:{s:9:\"translate\";i:1;s:4:\"data\";s:115:\"\"TGF0ZXN0\",\"zpPOvc+OzrzOtc+CICZhbXA7IM6Rz4DPjM+IzrXOuc+C\",\"zpTPgc6sz4POtc65z4I=\",\"zpXPgM65zrrOsc65z4HPjM+EzrfPhM6x\"\";s:6:\"format\";s:10:\"csv_base64\";}s:12:\"category_ids\";a:2:{s:9:\"translate\";i:0;s:4:\"data\";s:9:\"4,5,130,7\";}}}','2014-12-06 23:50:12',0,NULL,0),
 (24,1168,10,1,1,'80a72a438799155b562e9356c4486f7e','local','a:2:{s:3:\"url\";s:37:\"http://www.thoughtforaction.org?p=586\";s:8:\"contents\";a:6:{s:5:\"title\";a:3:{s:9:\"translate\";i:1;s:4:\"data\";s:24:\"TWFyaWEgR2VvcmdhbG9zIA==\";s:6:\"format\";s:6:\"base64\";}s:4:\"body\";a:3:{s:9:\"translate\";i:1;s:4:\"data\";s:5032:\"[encoded data, 5032 characters]\";s:6:\"format\";s:6:\"base64\";}s:7:\"excerpt\";a:3:{s:9:\"translate\";i:1;s:4:\"data\";s:60:\"V2FzaGluZ3RvbiBJbnRlcm5hdGlvbmFsIEFkdmlzb3JzLCBEaXJlY3Rvci4=\";s:6:\"format\";s:6:\"base64\";}s:11:\"original_id\";a:2:{s:9:\"translate\";i:0;s:4:\"data\";i:586;}s:10:\"categories\";a:3:{s:9:\"translate\";i:1;s:4:\"data\";s:14:\"\"U3BlYWtlcnM=\"\";s:6:\"format\";s:10:\"csv_base64\";}s:12:\"category_ids\";a:2:{s:9:\"translate\";i:0;s:4:\"data\";s:1:\"8\";}}}','2014-12-09 16:52:41',0,NULL,0),
 (25,1170,10,1,0,'d3a249b77178e03572e09d8a9d8e7a71','local','a:2:{s:3:\"url\";s:37:\"http://www.thoughtforaction.org?p=301\";s:8:\"contents\";a:6:{s:5:\"title\";a:3:{s:9:\"translate\";i:1;s:4:\"data\";s:20:\"V2lsbGVtIEJ1aXRlcg==\";s:6:\"format\";s:6:\"base64\";}s:4:\"body\";a:3:{s:9:\"translate\";i:1;s:4:\"data\";s:1180:\"PGEgaHJlZj0iaHR0cDovL3d3dy50aG91Z2h0Zm9yYWN0aW9uLm9yZy93aWxsZW0tYnVpdGVyL3dpbGxlbS1idWl0ZXIvIiByZWw9ImF0dGFjaG1lbnQgd3AtYXR0LTMwMiI+PGltZyBjbGFzcz0iIHdwLWltYWdlLTMwMiBhbGlnbmxlZnQiIHNyYz0iaHR0cDovL3d3dy50aG91Z2h0Zm9yYWN0aW9uLm9yZy93cC1jb250ZW50L3VwbG9hZHMvMjAxMy8wMS9XaWxsZW0tQnVpdGVyLmpwZyIgYWx0PSJXaWxsZW0gQnVpdGVyIiB3aWR0aD0iMzYwIiBoZWlnaHQ9IjI1MCIgLz48L2E+zqDOsc6zzrrOv8+DzrzOr86/z4Ugz4bOrs68zrfPgiDOvM6xzrrPgc6/Lc6/zrnOus6/zr3Ov868zr/Ou8+MzrPOv8+CLiDOnc+Fzr0gzrXPgM65zrrOtc+GzrHOu86uz4Igzr/Ouc66zr/Ovc6/zrzOv867z4zOs86/z4Igz4TOt8+CIENpdGlncm91cCDPg8+Ezr8gzpvOv869zrTOr869zr8uIM6azrHOuM63zrPOt8+Ezq7PgiDOv865zrrOv869zr/OvM65zrrPjs69IM+Dz4TOvyBZYWxlIM66zrHOuSDPgM6/zrvOuc+EzrnOus6uz4Igzr/Ouc66zr/Ovc6/zrzOr86xz4Igz4PPhM6/IM6azq3Ovc+Ez4HOvyDOn865zrrOv869zr/OvM65zrrPjs69IM6Vz4DOuc60z4zPg861z4nOvSDPg8+Ezr8gTG9uZG9uIFNjaG9vbCBvZiBFY29ub21pY3MgJmFtcDsgUG9saXRpY2FsIFNjaWVuY2UuDQoNCldvcmxkIHJlbm93bmVkIG1hY3JvZWNvbm9taXN0LCBjdXJyZW50bHkgdGhlIENoaWVmIEVjb25vbWlzdCBhdCBDaXRpZ3JvdXAsIExvbmRvbiBVSy4gU2VydmVkIGFzIFByb2Zlc3NvciBvZiBQb2xpdGljYWwgRWNvbm9teSwgQ2VudHJlIGZvciBFY29ub21pYyBQZXJmb3JtYW5jZSwgTG9uZG9uIFNjaG9vbCBvZiBFY29ub21pY3MgYW5kIFBvbGl0aWNhbCBTY2llbmNlLCBMb25kb24sIFVLLg==\";s:6:\"format\";s:6:\"base64\";}s:7:\"excerpt\";a:3:{s:9:\"translate\";i:1;s:4:\"data\";s:512:\"zqDOsc6zzrrOv8+DzrzOr86/z4Ugz4bOrs68zrfPgiDOvM6xzrrPgc6/Lc6/zrnOus6/zr3Ov868zr/Ou8+MzrPOv8+CLiDOnc+Fzr0gzrXPgM65zrrOtc+GzrHOu86uz4Igzr/Ouc66zr/Ovc6/zrzOv867z4zOs86/z4Igz4TOt8+CIENpdGlncm91cCDPg8+Ezr8gzpvOv869zrTOr869zr8uIM6azrHOuM63zrPOt8+Ezq7PgiDOv865zrrOv869zr/OvM65zrrPjs69IM+Dz4TOvyBZYWxlIM66zrHOuSDPgM6/zrvOuc+EzrnOus6uz4Igzr/Ouc66zr/Ovc6/zrzOr86xz4Igz4PPhM6/IM6azq3Ovc+Ez4HOvyDOn865zrrOv869zr/OvM65zrrPjs69IM6Vz4DOuc60z4zPg861z4nOvSDPg8+Ezr8gTG9uZG9uIFNjaG9vbCBvZiBFY29ub21pY3MgJiBQb2xpdGljYWwgU2NpZW5jZS4=\";s:6:\"format\";s:6:\"base64\";}s:11:\"original_id\";a:2:{s:9:\"translate\";i:0;s:4:\"data\";i:301;}s:10:\"categories\";a:3:{s:9:\"translate\";i:1;s:4:\"data\";s:18:\"\"U3VwcG9ydGVycw==\"\";s:6:\"format\";s:10:\"csv_base64\";}s:12:\"category_ids\";a:2:{s:9:\"translate\";i:0;s:4:\"data\";s:1:\"9\";}}}','2014-12-09 16:58:33',0,NULL,0),
 (26,1173,10,1,1,'4432abfdfbf77625d4de2c230e7a7a2e','local','a:2:{s:3:\"url\";s:37:\"http://www.thoughtforaction.org?p=531\";s:8:\"contents\";a:6:{s:5:\"title\";a:3:{s:9:\"translate\";i:1;s:4:\"data\";s:60:\"UHJvZi4gzpXOvM68zrHOvc6/z4XOrs67IM6kz4POtc+DzrzOtc67zq7Pgg==\";s:6:\"format\";s:6:\"base64\";}s:4:\"body\";a:3:{s:9:\"translate\";i:1;s:4:\"data\";s:4504:\"[encoded data, 4504 characters]\";s:6:\"format\";s:6:\"base64\";}s:7:\"excerpt\";a:3:{s:9:\"translate\";i:1;s:4:\"data\";s:56:\"U2VuaW9yIFBoeXNpY2lzdCwgRGlyZWN0b3JhdGUgT2ZmaWNlLCBDRVJO\";s:6:\"format\";s:6:\"base64\";}s:11:\"original_id\";a:2:{s:9:\"translate\";i:0;s:4:\"data\";i:531;}s:10:\"categories\";a:3:{s:9:\"translate\";i:1;s:4:\"data\";s:18:\"\"U3VwcG9ydGVycw==\"\";s:6:\"format\";s:10:\"csv_base64\";}s:12:\"category_ids\";a:2:{s:9:\"translate\";i:0;s:4:\"data\";s:1:\"9\";}}}','2014-12-09 17:01:03',0,NULL,0),
 (27,1175,10,1,0,'cc094e68da30929d9fb4f11991d15b1a','local','a:2:{s:3:\"url\";s:37:\"http://www.thoughtforaction.org?p=286\";s:8:\"contents\";a:5:{s:5:\"title\";a:3:{s:9:\"translate\";i:1;s:4:\"data\";s:16:\"UGV0ZXIgWmVtc2t5\";s:6:\"format\";s:6:\"base64\";}s:4:\"body\";a:3:{s:9:\"translate\";i:1;s:4:\"data\";s:1472:\"PGEgaHJlZj0iaHR0cDovL3d3dy50aG91Z2h0Zm9yYWN0aW9uLm9yZy9wZXRlci16ZW1za3kvcGV0ZXItemVtc2t5LyIgcmVsPSJhdHRhY2htZW50IHdwLWF0dC0yOTMiPjxpbWcgY2xhc3M9IiB3cC1pbWFnZS0yOTMgYWxpZ25sZWZ0IiBhbHQ9IlBldGVyIFplbXNreSIgc3JjPSJodHRwOi8vd3d3LnRob3VnaHRmb3JhY3Rpb24ub3JnL3dwLWNvbnRlbnQvdXBsb2Fkcy8yMDEzLzAxL1BldGVyLVplbXNreS5qcGVnIiB3aWR0aD0iMjg1IiBoZWlnaHQ9IjE4OCIgLz48L2E+zpHOvc6xz4DOu863z4HPic+Ezq7PgiDOus6/z4POvM6uz4TOv8+BzrHPgiDOus6xzrkgzrrOsc64zrfOs863z4TOrs+CIM+Dz4TPgc6xz4TOt86zzrnOus6uz4Igz4PPhM6/IElOU0VBRCwgzrzOtSDOtM65zrTOsc66z4TOv8+BzrnOus+MIM6xz4DPjCDPhM6/IFN0YW5mb3JkIEdyYWR1YXRlIFNjaG9vbCBvZiBCdXNpbmVzcy4gzpXPgM65z4bOsc69zq7PgiDOtc+BzrXPhc69zrfPhM6uz4Igz4PPhM63IM6yzrnPic+DzrnOvM+Mz4TOt8+EzrEgzrHOvc+EzrHOs8+Jzr3Ouc+Dz4TOuc66zr/PjSDPgM67zrXOv869zrXOus+Ezq7OvM6xz4TOv8+CLCDPg8+EzrfOvSDOtc+AzrnOu86/zrPOriDOsc69zqzOvM61z4POsSDPg861IM6zzrXOvc65zrrOrc+CIM66zrHOuSDOtc+Dz4TOuc6xz4POvM6tzr3Otc+CIM+Dz4TPgc6xz4TOt86zzrnOus6tz4IgzrrOsc65IM+Ezr/Phc+CIM66zrHOuM6/z4HOuc+Dz4TOuc66zr/Pjc+CIM+AzrHPgc6szrPOv869z4TOtc+CIM61zr3Ov865zrrOr86xz4POt8+CIM+Az4zPgc+Jzr0uDQoNCkRlcHV0eSBEZWFuIGFuZCBQcm9mZXNzb3Igb2YgU3RyYXRlZ3kgYXQgSU5TRUFELiBIaXMgcmVzZWFyY2ggZm9jdXNlcyBvbiB0aGUgc3VzdGFpbmFiaWxpdHkgb2YgY29tcGV0aXRpdmUgYWR2YW50YWdlLCB0aW1lLWJhc2VkIGNvbXBldGl0aW9uLCB0aGUgY2hvaWNlIG9mIGdlbmVyYWxpc3QgdmVyc3VzIGZvY3VzZWQgc3RyYXRlZ2llcywgYW5kIHRoZSBkZXRlcm1pbmFudHMgb2YgcmVzb3VyY2UgcmVudHMuIEhlIHJlY2VpdmVkIGhpcyBkb2N0b3JhdGUgZnJvbSB0aGUgU3RhbmZvcmQgR3JhZHVhdGUgU2Nob29sIG9mIEJ1c2luZXNzIGluIDE5OTUu\";s:6:\"format\";s:6:\"base64\";}s:11:\"original_id\";a:2:{s:9:\"translate\";i:0;s:4:\"data\";i:286;}s:10:\"categories\";a:3:{s:9:\"translate\";i:1;s:4:\"data\";s:18:\"\"U3VwcG9ydGVycw==\"\";s:6:\"format\";s:10:\"csv_base64\";}s:12:\"category_ids\";a:2:{s:9:\"translate\";i:0;s:4:\"data\";s:1:\"9\";}}}','2014-12-09 17:02:54',0,NULL,0),
 (28,1176,10,1,0,'37f2f27577d9c428b6cd95e2512b1d4b','local','a:2:{s:3:\"url\";s:37:\"http://www.thoughtforaction.org?p=311\";s:8:\"contents\";a:5:{s:5:\"title\";a:3:{s:9:\"translate\";i:1;s:4:\"data\";s:36:\"zpzOuc+HzqzOu863z4IgzqPOsc+Bz4HOrs+C\";s:6:\"format\";s:6:\"base64\";}s:4:\"body\";a:3:{s:9:\"translate\";i:1;s:4:\"data\";s:1324:\"PGEgaHJlZj0iaHR0cDovL3d3dy50aG91Z2h0Zm9yYWN0aW9uLm9yZy8lY2UlYmMlY2UlYjklY2YlODclY2UlYWMlY2UlYmIlY2UlYjclY2YlODItJWNmJTgzJWNlJWIxJWNmJTgxJWNmJTgxJWNlJWFlJWNmJTgyL21pY2hhZWwtc2FycmlzLyIgcmVsPSJhdHRhY2htZW50IHdwLWF0dC0zMTIiPjxpbWcgY2xhc3M9IiB3cC1pbWFnZS0zMTIgYWxpZ25sZWZ0IiBhbHQ9Ik1pY2hhZWwgU2FycmlzIiBzcmM9Imh0dHA6Ly93d3cudGhvdWdodGZvcmFjdGlvbi5vcmcvd3AtY29udGVudC91cGxvYWRzLzIwMTMvMDEvTWljaGFlbC1TYXJyaXMuanBlZyIgd2lkdGg9IjI2NCIgaGVpZ2h0PSIyMDgiIC8+PC9hPs6fzrnOus6/zr3Ov868zr/Ou8+MzrPOv8+CIM66zrHOuSDPgM+Bz47Ot869IM+Azr/Ou865z4TOuc66z4zPgiwgzrzOtSDOtM65zrTOsc66z4TOv8+BzrnOus+MIM+Dz4TOsSDOv865zrrOv869zr/OvM65zrrOrCDOsc+Az4wgz4TOvyBXYXluZSBTdGF0ZSBVbml2ZXJzaXR5LiDOoM+Bz47Ot869IM+Dz4TOrc67zrXPh86/z4Igz4TOt8+CIM6gzrHOs866z4zPg868zrnOsc+CIM6kz4HOrM+AzrXOts6xz4IgzrrOsc65IM+Az4HPjs63zr0gzqXPgM6/z4XPgc6zz4zPgiDOn865zrrOv869zr/OvM65zrrPjs69IM6az43PgM+Bzr/PhS4NCg0KPHN0cm9uZz5NaWNoYWVsIFNhcnJpczwvc3Ryb25nPg0KDQpFY29ub21pc3QgYW5kIHBvbGl0aWNpYW4gd2l0aCBhIGRvY3RvcmF0ZSBpbiBlY29ub21pY3MgYXQgV2F5bmUgU3RhdGUgVW5pdmVyc2l0eS4gUmV0aXJlZCBmcm9tIFdvcmxkIEJhbmsgYXMgRGVwYXJ0bWVudCBEaXJlY3RvciBhbmQgc2VydmVkIGFzIEN5cHJ1cyBGaW5hbmNlIE1pbmlzdGVyIHVuZGVyLiBIaXMgd2lkZSByYW5nZSBvZiBleHBlcnRpc2UgaW5jbHVkZXMgZGV2ZWxvcG1lbnRhbCBwb2xpY3kgaXNzdWVzLCBzdHJ1Y3R1cmFsIGFkanVzdG1lbnRzIGFuZCB0aGUgY3VsdGl2YXRpb24gb2YgZWNvbm9taWMgcG9saWN5IGRpYWxvZ3VlLg==\";s:6:\"format\";s:6:\"base64\";}s:11:\"original_id\";a:2:{s:9:\"translate\";i:0;s:4:\"data\";i:311;}s:10:\"categories\";a:3:{s:9:\"translate\";i:1;s:4:\"data\";s:18:\"\"U3VwcG9ydGVycw==\"\";s:6:\"format\";s:10:\"csv_base64\";}s:12:\"category_ids\";a:2:{s:9:\"translate\";i:0;s:4:\"data\";s:1:\"9\";}}}','2014-12-09 17:06:04',0,NULL,0),
 (29,1178,10,1,1,'ad6211d65be8daa37447f21da1d1d018','local','a:2:{s:3:\"url\";s:37:\"http://www.thoughtforaction.org?p=305\";s:8:\"contents\";a:5:{s:5:\"title\";a:3:{s:9:\"translate\";i:1;s:4:\"data\";s:16:\"Q2FybCBNdcOxYW5h\";s:6:\"format\";s:6:\"base64\";}s:4:\"body\";a:3:{s:9:\"translate\";i:1;s:4:\"data\";s:792:\"PGEgaHJlZj0iaHR0cDovL3d3dy50aG91Z2h0Zm9yYWN0aW9uLm9yZy9jYXJsLW11bmFuYS9tdW5hbmEvIiByZWw9ImF0dGFjaG1lbnQgd3AtYXR0LTMwNiI+PGltZyBjbGFzcz0ic2l6ZS1mdWxsIHdwLWltYWdlLTMwNiBhbGlnbmxlZnQiIHNyYz0iaHR0cDovL3d3dy50aG91Z2h0Zm9yYWN0aW9uLm9yZy93cC1jb250ZW50L3VwbG9hZHMvMjAxMy8wMS9tdW5hbmEuanBlZyIgYWx0PSJDYXJsIE11w7FhbmEiIHdpZHRoPSIxMjAiIGhlaWdodD0iMTYwIiAvPjwvYT4NCg0KzqDPgc+MzrXOtM+Bzr/PgiDPhM6/z4UgQXNob2thIM+Dz4TOt869IM6Zz4PPgM6xzr3Or86xIM66zrHOuSDOtM65zrXOuM69zq7PgiDPg8+NzrzOss6/z4XOu86/z4Igz4TOv8+FIM+EzrHOvM61zq/Ov8+FIE1pY3JvVmVzdC4gzpTOuc61zrjOvc6uz4IgzrXPgM61zr3OtM+Fz4TOuc66z4zPgiDPhM+BzrHPgM61zrbOr8+EzrfPgiDOvM61IM61zrzPgM61zrnPgc6vzrEgz4PPhM6/zr0gz4TOv868zq3OsSDPhM+Jzr0gzrrOsc65zr3Ov8+Ez4zOvM+Jzr0gzrrOv865zr3Pic69zrnOus+Ozr0gzrXPgM61zr3OtM+Fz4TOuc66z47OvSDPg8+Ez4HOsc+EzrfOs865zrrPjs69Lg==\";s:6:\"format\";s:6:\"base64\";}s:11:\"original_id\";a:2:{s:9:\"translate\";i:0;s:4:\"data\";i:305;}s:10:\"categories\";a:3:{s:9:\"translate\";i:1;s:4:\"data\";s:18:\"\"U3VwcG9ydGVycw==\"\";s:6:\"format\";s:10:\"csv_base64\";}s:12:\"category_ids\";a:2:{s:9:\"translate\";i:0;s:4:\"data\";s:1:\"9\";}}}','2014-12-09 17:10:47',0,NULL,0),
 (30,1181,10,1,1,'f1eaf3d32e5528fb9b76f813ac6fc1b1','local','a:2:{s:3:\"url\";s:37:\"http://www.thoughtforaction.org?p=298\";s:8:\"contents\";a:5:{s:5:\"title\";a:3:{s:9:\"translate\";i:1;s:4:\"data\";s:20:\"Q3lydXMgQXJkYWxhbg==\";s:6:\"format\";s:6:\"base64\";}s:4:\"body\";a:3:{s:9:\"translate\";i:1;s:4:\"data\";s:740:\"PGltZyBjbGFzcz0iIHdwLWltYWdlLTI5OSBhbGlnbmxlZnQiIHNyYz0iaHR0cDovL3d3dy50aG91Z2h0Zm9yYWN0aW9uLm9yZy93cC1jb250ZW50L3VwbG9hZHMvMjAxMy8wMS9DeXJ1cy5qcGciIGFsdD0iQ3lydXMgQXJkYWxhbiIgd2lkdGg9IjMwNiIgaGVpZ2h0PSIyMDQiIC8+DQoNCs6Rzr3PhM65z4DPgc+MzrXOtM+Bzr/PgiDOus6xzrkgzrXPgM65zrrOtc+GzrHOu86uz4Igz4TOt8+CIM60zrfOvM+Mz4POuc6xz4Igz4DOv867zrnPhM65zrrOrs+CIM+EzrfPgiBCYXJjbGF5cyBDYXBpdGFsLiDOoM+Bz47Ot869IM61z4DOuc66zrXPhs6xzrvOrs+CIM+EzrfPgiDOpM+BzqzPgM61zrbOsc+CIM6Vz4DOtc69zrTPjc+DzrXPic69IM6zzrnOsSDPhM63IM6hz4nPg86vzrEsIM6czq3Pg863IM6Rzr3Osc+Ezr/Ou86uIM66zrHOuSDOkc+Gz4HOuc66zq4gzrrOsc64z47PgiDOus6xzrkgz4DOsc6zzrrPjM+DzrzOuc6/z4IgzrXPgM65zrrOtc+GzrHOu86uz4Igz4PPhM6xzrjOtc+Bzr/PjSDOtc65z4POv860zq7OvM6xz4TOv8+CIM+Dz4TOvyBNYXJrZXRpbmcgUGFyaWJhcy4=\";s:6:\"format\";s:6:\"base64\";}s:11:\"original_id\";a:2:{s:9:\"translate\";i:0;s:4:\"data\";i:298;}s:10:\"categories\";a:3:{s:9:\"translate\";i:1;s:4:\"data\";s:18:\"\"U3VwcG9ydGVycw==\"\";s:6:\"format\";s:10:\"csv_base64\";}s:12:\"category_ids\";a:2:{s:9:\"translate\";i:0;s:4:\"data\";s:1:\"9\";}}}','2014-12-09 17:12:25',0,NULL,0),
 (32,1213,10,1,0,'9d50a7d5f78a1efae3ca103ad0255708','local','a:2:{s:3:\"url\";s:38:\"http://www.thoughtforaction.org?p=3128\";s:8:\"contents\";a:5:{s:5:\"title\";a:3:{s:9:\"translate\";i:1;s:4:\"data\";s:48:\"zqPOus6tz4jOtyDOs865zrEgzpTPgc6sz4POtyBFdmVudA==\";s:6:\"format\";s:6:\"base64\";}s:4:\"body\";a:3:{s:9:\"translate\";i:1;s:4:\"data\";s:232:\"PGlmcmFtZSBzcmM9Ii8vd3d3LnlvdXR1YmUuY29tL2VtYmVkL0lqWkZVYnRINVhJP2xpc3Q9UEwyWU5qTW5ZZmRrX3NDYXhlV2d6NFg4emxOUzJ2eExwNiIgd2lkdGg9IjYwMCIgaGVpZ2h0PSI0MzgiIGZyYW1lYm9yZGVyPSIwIiBhbGxvd2Z1bGxzY3JlZW49ImFsbG93ZnVsbHNjcmVlbiI+PC9pZnJhbWU+\";s:6:\"format\";s:6:\"base64\";}s:11:\"original_id\";a:2:{s:9:\"translate\";i:0;s:4:\"data\";i:3128;}s:10:\"categories\";a:3:{s:9:\"translate\";i:1;s:4:\"data\";s:22:\"\"zpTPgc6sz4POtc65z4I=\"\";s:6:\"format\";s:10:\"csv_base64\";}s:12:\"category_ids\";a:2:{s:9:\"translate\";i:0;s:4:\"data\";s:3:\"130\";}}}','2014-12-15 16:57:46',0,NULL,0),
 (33,1218,10,1,0,'2732daa207f2fd10de2509c956b217c5','local','a:2:{s:3:\"url\";s:38:\"http://www.thoughtforaction.org?p=3135\";s:8:\"contents\";a:5:{s:5:\"title\";a:3:{s:9:\"translate\";i:1;s:4:\"data\";s:192:\"IkHPgiDOvM6szrjOv8+FzrzOtSDOsc+Az4wgzrHPhc+Ezr/Pjc+CIM+Azr/PhSDPgM6szrjOsc69zrUiIHwgzqPPhc69zq3Ovc+EzrXPhc6+zrcgzojOu861zr3Osc+CIM+AzrHOvc6xz4HOr8+Ezrcgz4PPhM6/IM6hzqYgz4TOv8+FIEFMUEhBIDk4OQ==\";s:6:\"format\";s:6:\"base64\";}s:4:\"body\";a:3:{s:9:\"translate\";i:1;s:4:\"data\";s:704:\"zqPPhc69zq3Ovc+EzrXPhc6+zrcgz4PPhM6/IM6hzqYgz4TOv8+FIEFMUEhBIDk4OSwgz4PPhM6/zr0gzpPOuc+Oz4HOs86/IM6jzrzPhc+Bzr3Org0KPGgyPiLOpM6/IHN1Y2Nlc3Mgc3Rvcnkgz4TOv8+FIM6gzrXPgc6/z40uIM6gz4nPgiDOus6xz4TOrM+GzrXPgc61IM68zrnOsSDPh8+Oz4HOsSDPgM6/z4Ugzq3Pg86yzrfOvc61IM69zrEgzrHOu867zqzOvs61zrkgz4TOtyDOvM6/zq/Pgc6xIM+EzrfPgiI8L2gyPg0KPGlmcmFtZSBzcmM9Imh0dHBzOi8vdy5zb3VuZGNsb3VkLmNvbS9wbGF5ZXIvP3VybD1odHRwcyUzQS8vYXBpLnNvdW5kY2xvdWQuY29tL3RyYWNrcy8xODE3NTE2OTImYW1wO2F1dG9fcGxheT1mYWxzZSZhbXA7aGlkZV9yZWxhdGVkPWZhbHNlJmFtcDtzaG93X2NvbW1lbnRzPXRydWUmYW1wO3Nob3dfdXNlcj10cnVlJmFtcDtzaG93X3JlcG9zdHM9ZmFsc2UmYW1wO3Zpc3VhbD10cnVlIiB3aWR0aD0iMTAwJSIgaGVpZ2h0PSI0NTAiIGZyYW1lYm9yZGVyPSJubyIgc2Nyb2xsaW5nPSJubyI+PC9pZnJhbWU+\";s:6:\"format\";s:6:\"base64\";}s:11:\"original_id\";a:2:{s:9:\"translate\";i:0;s:4:\"data\";i:3135;}s:10:\"categories\";a:3:{s:9:\"translate\";i:1;s:4:\"data\";s:34:\"\"zpXPgM65zrrOsc65z4HPjM+EzrfPhM6x\"\";s:6:\"format\";s:10:\"csv_base64\";}s:12:\"category_ids\";a:2:{s:9:\"translate\";i:0;s:4:\"data\";s:1:\"7\";}}}','2014-12-16 12:30:04',0,NULL,0),
 (34,1230,10,1,0,'3cec9c88b5feb318f5b3370581abf371','local','a:2:{s:3:\"url\";s:38:\"http://www.thoughtforaction.org?p=3147\";s:8:\"contents\";a:5:{s:5:\"title\";a:3:{s:9:\"translate\";i:1;s:4:\"data\";s:268:\"zpzOsc64zrHOr869zr/Ovc+EzrHPgiDOsc+Azr8gzrHPhc+Ezr/Pjc+CIM+Azr/PhSDPgM6tz4TPhc+HzrHOvSDOvc6xIM6zz4XPgc6vz4POv8+Fzr0gz4POtc67zq/OtM6xOiDOn865IM68zrXPhM6xz4HPgc+FzrjOvM6vz4POtc65z4Igz4DPgc6tz4DOtc65IM69zrEgzq3Ph86/z4XOvSDPgM+Bzr/Ov860zrXPhc+EzrnOus+MIM+Az4HPjM+DzrfOvM6/\";s:6:\"format\";s:6:\"base64\";}s:4:\"body\";a:3:{s:9:\"translate\";i:1;s:4:\"data\";s:12356:\"[encoded data, 12356 characters]\";s:6:\"format\";s:6:\"base64\";}s:11:\"original_id\";a:2:{s:9:\"translate\";i:0;s:4:\"data\";i:3147;}s:10:\"categories\";a:3:{s:9:\"translate\";i:1;s:4:\"data\";s:10:\"\"TGF0ZXN0\"\";s:6:\"format\";s:10:\"csv_base64\";}s:12:\"category_ids\";a:2:{s:9:\"translate\";i:0;s:4:\"data\";s:2:\"76\";}}}','2014-12-17 00:08:06',0,NULL,0),
 (36,1255,10,1,0,'4e8a2b8d66c8e1d533275a9739389d48','local','a:2:{s:3:\"url\";s:38:\"http://www.thoughtforaction.org?p=3183\";s:8:\"contents\";a:5:{s:5:\"title\";a:3:{s:9:\"translate\";i:1;s:4:\"data\";s:84:\"RWxlbmEgUGFuYXJpdGlzIGF0IEJCQyByYWRpbyBpbnRlcnZpZXcgMzAgRGVjZW1iZXIgYXQgTmV3c2RheQ==\";s:6:\"format\";s:6:\"base64\";}s:4:\"body\";a:3:{s:9:\"translate\";i:1;s:4:\"data\";s:848:\"PHN0cm9uZz5QQVJUIEE8L3N0cm9uZz4NCg0KPGlmcmFtZSBzcmM9Imh0dHBzOi8vdy5zb3VuZGNsb3VkLmNvbS9wbGF5ZXIvP3VybD1odHRwcyUzQS8vYXBpLnNvdW5kY2xvdWQuY29tL3RyYWNrcy8xODM3OTg2NDQmYW1wO2NvbG9yPWZmNTUwMCZhbXA7YXV0b19wbGF5PWZhbHNlJmFtcDtoaWRlX3JlbGF0ZWQ9ZmFsc2UmYW1wO3Nob3dfY29tbWVudHM9dHJ1ZSZhbXA7c2hvd191c2VyPXRydWUmYW1wO3Nob3dfcmVwb3N0cz1mYWxzZSIgd2lkdGg9IjEwMCUiIGhlaWdodD0iMTY2IiBmcmFtZWJvcmRlcj0ibm8iIHNjcm9sbGluZz0ibm8iPjwvaWZyYW1lPg0KDQo8c3Ryb25nPlBBUlQgQjwvc3Ryb25nPg0KDQo8aWZyYW1lIHNyYz0iaHR0cHM6Ly93LnNvdW5kY2xvdWQuY29tL3BsYXllci8/dXJsPWh0dHBzJTNBLy9hcGkuc291bmRjbG91ZC5jb20vdHJhY2tzLzE4NDQ4MzAxNSZhbXA7Y29sb3I9ZmY1NTAwJmFtcDthdXRvX3BsYXk9ZmFsc2UmYW1wO2hpZGVfcmVsYXRlZD1mYWxzZSZhbXA7c2hvd19jb21tZW50cz10cnVlJmFtcDtzaG93X3VzZXI9dHJ1ZSZhbXA7c2hvd19yZXBvc3RzPWZhbHNlIiB3aWR0aD0iMTAwJSIgaGVpZ2h0PSIxNjYiIGZyYW1lYm9yZGVyPSJubyIgc2Nyb2xsaW5nPSJubyI+PC9pZnJhbWU+\";s:6:\"format\";s:6:\"base64\";}s:11:\"original_id\";a:2:{s:9:\"translate\";i:0;s:4:\"data\";i:3183;}s:10:\"categories\";a:3:{s:9:\"translate\";i:1;s:4:\"data\";s:25:\"\"TGF0ZXN0\",\"TmV3cy1ub3c=\"\";s:6:\"format\";s:10:\"csv_base64\";}s:12:\"category_ids\";a:2:{s:9:\"translate\";i:0;s:4:\"data\";s:5:\"76,93\";}}}','2015-01-04 22:30:25',0,NULL,0);
INSERT INTO `wp_icl_translation_status` (`rid`,`translation_id`,`status`,`translator_id`,`needs_update`,`md5`,`translation_service`,`translation_package`,`timestamp`,`links_fixed`,`_prevstate`,`batch_id`) VALUES 
 (37,1260,10,1,1,'3e8a7289934d5e6bd48085618d070aec','local','a:2:{s:3:\"url\";s:38:\"http://www.thoughtforaction.org?p=3201\";s:8:\"contents\";a:5:{s:5:\"title\";a:3:{s:9:\"translate\";i:1;s:4:\"data\";s:40:\"wqtUaGUgZGVidCBjcmlzaXMgaXRzIGJhY2vCuw==\";s:6:\"format\";s:6:\"base64\";}s:4:\"body\";a:3:{s:9:\"translate\";i:1;s:4:\"data\";s:11068:\"[encoded data, 11068 characters]\";s:6:\"format\";s:6:\"base64\";}s:11:\"original_id\";a:2:{s:9:\"translate\";i:0;s:4:\"data\";i:3201;}s:10:\"categories\";a:3:{s:9:\"translate\";i:1;s:4:\"data\";s:34:\"\"zpXPgM65zrrOsc65z4HPjM+EzrfPhM6x\"\";s:6:\"format\";s:10:\"csv_base64\";}s:12:\"category_ids\";a:2:{s:9:\"translate\";i:0;s:4:\"data\";s:1:\"7\";}}}','2015-01-20 17:29:10',0,NULL,0),
 (38,1271,10,1,0,'ce98256f21b0283475c0f489248c5a9c','local','a:2:{s:3:\"url\";s:38:\"http://www.thoughtforaction.org?p=3216\";s:8:\"contents\";a:5:{s:5:\"title\";a:3:{s:9:\"translate\";i:1;s:4:\"data\";s:136:\"QkJDIFRWIE5ld3MgLSBFbGVuYSBleHBsYWlucyBXSFk/IFdIQVQ/IEhPVz8gU1lSSVpBIHdvbiAtIFRoZSBpbXBhY3QgZm9yIEdyZWVjZSBhbmQgdGhlIEV1cm9wZWFuIFVuaW9u\";s:6:\"format\";s:6:\"base64\";}s:4:\"body\";a:3:{s:9:\"translate\";i:1;s:4:\"data\";s:424:\"PHN0cm9uZz5CQkMgVFYgTmV3czwvc3Ryb25nPg0KPGlmcmFtZSBzcmM9Imh0dHBzOi8vdy5zb3VuZGNsb3VkLmNvbS9wbGF5ZXIvP3VybD1odHRwcyUzQS8vYXBpLnNvdW5kY2xvdWQuY29tL3RyYWNrcy8xODc5MzgyNTMmYW1wO2F1dG9fcGxheT1mYWxzZSZhbXA7aGlkZV9yZWxhdGVkPWZhbHNlJmFtcDtzaG93X2NvbW1lbnRzPXRydWUmYW1wO3Nob3dfdXNlcj10cnVlJmFtcDtzaG93X3JlcG9zdHM9ZmFsc2UmYW1wO3Zpc3VhbD10cnVlIiB3aWR0aD0iMTAwJSIgaGVpZ2h0PSI0NTAiIGZyYW1lYm9yZGVyPSJubyIgc2Nyb2xsaW5nPSJubyI+PC9pZnJhbWU+\";s:6:\"format\";s:6:\"base64\";}s:11:\"original_id\";a:2:{s:9:\"translate\";i:0;s:4:\"data\";i:3216;}s:10:\"categories\";a:3:{s:9:\"translate\";i:1;s:4:\"data\";s:10:\"\"TGF0ZXN0\"\";s:6:\"format\";s:10:\"csv_base64\";}s:12:\"category_ids\";a:2:{s:9:\"translate\";i:0;s:4:\"data\";s:1:\"4\";}}}','2015-01-26 14:12:18',0,NULL,0),
 (39,1277,10,1,0,'279368d3a4a3b86f7f027eb077a09273','local','a:2:{s:3:\"url\";s:38:\"http://www.thoughtforaction.org?p=3225\";s:8:\"contents\";a:5:{s:5:\"title\";a:3:{s:9:\"translate\";i:1;s:4:\"data\";s:48:\"R3JlZWNlJ3MgcG93ZXIgd2hlbiBpdCBjb21lcyB0byBkZWJ0\";s:6:\"format\";s:6:\"base64\";}s:4:\"body\";a:3:{s:9:\"translate\";i:1;s:4:\"data\";s:640:\"PGRpdiBpZD0icmVsYXRpdmUtdGltZSI+TW9uZGF5LCAyIEZlYiAyMDE1IHwgMTE6MTAgQU0gRVQ8L2Rpdj4NCjxwIGlkPSJ2aWRlby1kZXNjIj5Ib3cgbXVjaCBwb3dlciBkb2VzIEdyZWVjZSBjdXJyZW50bHkgaGF2ZSBvdmVyIG5lZ290aWF0aW5nIGl0cyBkZWJ0PyBFbGVuYSBQYW5hcml0aXMsIGVjb25vbWlzdCBhdCBUaG91Z2h0IDQgQWN0aW9uLCBzYXlzIHRoZXJlIGFyZSBvbmx5IHR3byBvcHRpb25zOiAiZGVmYXVsdCB3aXRoaW4gZXVybywiIG9yICJwYXlpbmcgYmFjayB0aGUgZGVidC4iPC9wPg0KDQo8aWZyYW1lIHNyYz0iaHR0cDovL3BsYXllci50aGVwbGF0Zm9ybS5jb20vcC9nWldsUEMvY25iY19nbG9iYWw/cGxheWVydHlwZT1zeW5kJmFtcDtieUd1aWQ9MzAwMDM1MTY3MSZhbXA7c2l6ZT01MzBfMjk4IiB3aWR0aD0iNTMwIiBoZWlnaHQ9IjI5OCIgYWxsb3dmdWxsc2NyZWVuPSJhbGxvd2Z1bGxzY3JlZW4iPjwvaWZyYW1lPg==\";s:6:\"format\";s:6:\"base64\";}s:11:\"original_id\";a:2:{s:9:\"translate\";i:0;s:4:\"data\";i:3225;}s:10:\"categories\";a:3:{s:9:\"translate\";i:1;s:4:\"data\";s:34:\"\"zpXPgM65zrrOsc65z4HPjM+EzrfPhM6x\"\";s:6:\"format\";s:10:\"csv_base64\";}s:12:\"category_ids\";a:2:{s:9:\"translate\";i:0;s:4:\"data\";s:1:\"7\";}}}','2015-02-03 23:19:31',0,NULL,0),
 (40,1283,9,1,0,'436e23fcc16f1c2fd2ca762d02022edd','local','a:2:{s:3:\"url\";s:38:\"http://www.thoughtforaction.org?p=3237\";s:8:\"contents\";a:5:{s:5:\"title\";a:3:{s:9:\"translate\";i:1;s:4:\"data\";s:64:\"TWljaGFlbCBTYXJyaXM6IEEgY2FzZSBvZiB0YWtlIGl0IG9yIGxlYXZlIGl0Lg==\";s:6:\"format\";s:6:\"base64\";}s:4:\"body\";a:3:{s:9:\"translate\";i:1;s:4:\"data\";s:3804:\"PHN0cm9uZz5Gb3JtZXIgRmluYW5jZSBtaW5pc3RlciBvZiBDeXBydXMgTS4gU2FycmlzIG9uIGhvdyB0aGUgRVUgdGhlIElNRiBidWxsaWVkIGhpbSBpbnRvIGFjY2VwdGluZyBhbiB1bnByZWNlZGVudGVkIGJhaWxvdXQgcHJvcG9zYWwuDQo8L3N0cm9uZz4NCkZvdXIgbW9udGhzIGFmdGVyIEN5cHJ1cyB3YXMgYmFpbGVkIG91dCBieSB0aGUgRXVyb3BlYW4gVW5pb24gKEVVKSB0aGUgY291bnRyeSBpcyBiYWNrIGluIHRoZSBuZXdzLiANCkludGVybmF0aW9uYWwgbGVuZGVycyBhcmUgbm93IHJldmlld2luZyBob3cgdGhlIGlzbGFuZCBpcyBtZWV0aW5nIHRoZSBjb25kaXRpb25zIG9mIGl0cyAkMTNibiBiYWlsb3V0LiBUaGUgZGVhbCB3YXMgc3RydWNrIHdpdGggaW50ZXJuYXRpb25hbCBsZW5kZXJzIGxhc3QgTWFyY2ggdG8gcHVsbCBDeXBydXMgYXdheSBmcm9tIHRoZSBicmluayBvZiBmaW5hbmNpYWwgbWVsdGRvd24sIGJ1dCBpbiByZXR1cm4gdGhlIG5hdGlvbiBoYWQgdG8gd2luZCBkb3duIGFuIGluc29sdmVudCBiYW5rIGFuZCBpbXBvc2UgbG9zc2VzIG9uIGJpZyBkZXBvc2l0cyBpbiBhIHNlY29uZCBiYW5rLg0KWW91IGZlZWwgdmlvbGF0ZWQsIHlvdSBmZWVsIGEgdGVycmlibGUgaW5qdXN0aWNlIGJlaW5nIGRvbmUgdG8geW91LCB5b3UgZmVlbCBhYmFuZG9uZWQgYnkgeW91ciBwYXJ0bmVycyB3aXRoIG5vbmUgb2YgdGhlIEV1cm9wZWFuIG1pbmlzdGVycyBzcGVha2luZyB1cC4gQnV0IHRoZW4geW91IHNheSBJIHN3YWxsb3cgdGhhdCB2ZXJ5IGJpdHRlciBmZWVsaW5nLCBJIGdvIGhvbWUsIEkgdGFrZSBhIGRlYWwgdGhhdCBpcyBub3QgZ29vZCBidXQgaXQncyBtdWNoIGJldHRlciB0aGFuIHRoZSBhbHRlcm5hdGl2ZSB0aGF0IGNvdWxkIGhhdmUgdW5yYXZlbGxlZC4NCk1pY2hhZWwgU2FycmlzLCBmb3JtZXIgZmluYW5jZSBtaW5pc3RlciBvZiBDeXBydXMNClRoZSBnb3Zlcm5tZW50IGhvcGVzIHRvIGdldCBhIGdvb2QgcmVwb3J0IGNhcmQgYW5kIHRoZXJlYnkgcmVjZWl2ZSBldmVuIG1vcmUgbW9uZXkgaW4gU2VwdGVtYmVyLg0KRmluYW5jZSBNaW5pc3RlciBIYXJyaXMgR2VvcmdpYWRlcyBoYXMgZXhwcmVzc2VkIG9wdGltaXNtIHRoYXQgaW50ZXJuYXRpb25hbCBjcmVkaXRvcnMgd2lsbCBnaXZlIGhpcyBjb3VudHJ5IGEgcG9zaXRpdmUgZXZhbHVhdGlvbi4gSGUgc2F5cyBDeXBydXMgaXMgdHJ5aW5nIHRvIHJlc3RvcmUgaXRzIGJhbmtpbmcgc2VjdG9yIHRvIGhlYWx0aC4NCkhvd2V2ZXIsIGFjY29yZGluZyB0byBDeXBydXMnIFByZXNpZGVudCBOaWNvcyBBbmFzdGFzaWFkZXMsIHRoZSByZXNjdWUgaXMgbm90IHdvcmtpbmcuIEluIGZhY3QsIGhlIHNhaWQsIHRoZSBhZ3JlZW1lbnQgaGFzIGVuZGVkIHVwIGh1cnRpbmcgbW9yZSB0aGFuIGV4cGVjdGVkLiBTbyBtdWNoIHNvIHRoYXQgdGhlIGNvdW50cnkgaXMgZW50ZXJpbmcgYSBuZXcgY3Jpc2lzLg0KSW4gcmV0dXJuIGZvciAkMTNibiBmcm9tIHRoZSB0cm9pa2EgLSBFdXJvcGVhbiBDb21taXNzaW9uIChFQyksIHRoZSBFdXJvcGVhbiBDZW50cmFsIEJhbmsgKEVDQikgYW5kIHRoZSBJbnRlcm5hdGlvbmFsIE1vbmV0YXJ5IEZ1bmQgKElNRikgLSBiYW5rIGN1c3RvbWVycyBoYWQgdG8gZ2l2ZSB1cCBhIHBvcnRpb24gb2YgdGhlaXIgbW9uZXkuIEl0IGhhZCBuZXZlciBiZWVuIGRvbmUgYmVmb3JlIGFuZCB3YXMgY2FsbGVkIGEgJ2JhaWwgaW4nLg0KDQpPbiB0aGUgbmlnaHQgdGhlIGFncmVlbWVudCB3YXMgY2xpbmNoZWQgaW4gTWFyY2gsIE1pY2hhZWwgU2FycmlzLCB0aGUgdGhlbiBmaW5hbmNlIG1pbmlzdGVyLCB0cmllZCB0byBwdXQgb24gYSBoYXBweSBmYWNlOg0KDQoiVG9uaWdodCBpcyBhIGdvb2QgbmlnaHQgZm9yIEN5cHJ1cyBhbmQgZXVyb3pvbmUuIEEgbG9uZyBwZXJpb2Qgb2YgdW5jZXJ0YWludHkgYW5kIGluc2VjdXJpdHkgc3Vycm91bmRpbmcgdGhlIEN5cHJ1cyBlY29ub215IGhhcyBlbmRlZC4gSSBiZWxpZXZlIHdlIGhhdmUgYXZlcnRlZCBsaXRlcmFsbHkgdGhlIHBvc3NpYmlsaXR5IG9mIGJhbmtydXB0Y3kgYW5kIHdlIGhhdmUgYXNzdXJlZCB0aGUgcHJvc3BlY3RzIGZvciBnZW5lcmF0aW9ucyB0byBjb21lLCIgc2FpZCBTYXJyaXMgYXQgdGhlIHRpbWUuDQoNCkJ1dCBiZWhpbmQgdGhlIGZhY2FkZSwgTWljaGFlbCBTYXJyaXMgbm93IHRlbGxzIEFsIEphemVlcmEgdGhhdCBoZSBmZWx0IGFidXNlZCBhbmQgYnVsbGllZCBieSB0aGUgRXVyb3BlYW5zLg0KIkl0IHdhcyBhIGNsYXNzaWMgY2FzZSBvZiB0YWtlIGl0IG9yIGxlYXZlIGl0IC4uLi4gV2Ugd2VyZSBwdXQgaW4gZnJvbnQgb2YgYW4gZXh0cmVtZWx5IGNydWVsIGRpbGVtbWEsIGVpdGhlciB5b3UgYWNjZXB0IHdoYXQgd2UgYXJlIHRlbGxpbmcgeW91IG9yIHdlIGFyZSBnb2luZyB0byBwdWxsIHRoZSBwbHVnIGFuZCB5b3UgYXJlIG5vdCBnb2luZyB0byBoYXZlIGFueSBiYW5rcyBhbnlob3csIHlvdSBhcmUgbm90IGdvaW5nIHRvIGhhdmUgYW55IGxpcXVpZGl0eSBhc3Npc3RhbmNlIGZyb20gdGhlIGNlbnRyYWwgYmFuayBzbyB5b3UgYXJlIGdvaW5nIGludG8gYmFua3J1cHRjeSBiYXNpY2FsbHku4oCdDQpTbyB3aGF0IHdlbnQgd3JvbmcgaW4gQ3lwcnVzPyBXYXMgdGhlIGFncmVlbWVudCBmbGF3ZWQgZnJvbSB0aGUgYmVnaW5uaW5nPyBBbmQgd2hvIGlzIHJlYWxseSBwdWxsaW5nIHRoZSBzdHJpbmdzPyBXaGF0IGlzIGl0IHJlYWxseSBsaWtlIHRvIG5lZ290aWF0ZSB3aGVuIHlvdXIgY291bnRyeSBpcyBmYWNpbmcgdGhlIGFieXNzPw0KVGhlIGZvcm1lciBmaW5hbmNlIG1pbmlzdGVyIG9mIEN5cHJ1cyBleHBsYWlucyBvbiBUYWxrIHRvIEFsIEphemVlcmEu\";s:6:\"format\";s:6:\"base64\";}s:11:\"original_id\";a:2:{s:9:\"translate\";i:0;s:4:\"data\";i:3237;}s:10:\"categories\";a:3:{s:9:\"translate\";i:1;s:4:\"data\";s:22:\"\"VW5jYXRlZ29yaXplZA==\"\";s:6:\"format\";s:10:\"csv_base64\";}s:12:\"category_ids\";a:2:{s:9:\"translate\";i:0;s:4:\"data\";s:2:\"75\";}}}','2015-02-05 18:29:57',0,NULL,0),
 (41,1341,10,1,0,'79a87f30f83613e4367a6a8309c00aa6','local','a:2:{s:3:\"url\";s:38:\"http://www.thoughtforaction.org?p=3313\";s:8:\"contents\";a:5:{s:5:\"title\";a:3:{s:9:\"translate\";i:1;s:4:\"data\";s:116:\"SXMgaXQgc3RpbGwgcG9zc2libGUgdG8gZ2V0IHRvIGEgZGVhbCB0b2RheS4gSXJpc2ggUHVibGljIFJhZGlvIFJURSB3aXRoIFNlYW4gTydSb3Vya2U=\";s:6:\"format\";s:6:\"base64\";}s:4:\"body\";a:3:{s:9:\"translate\";i:1;s:4:\"data\";s:232:\"PGlmcmFtZSBzcmM9Imh0dHA6Ly93d3cucnRlLmllL3JhZGlvL3JhZGlvcGxheWVyL3J0ZXJhZGlvd2VicGFnZS5odG1sIyFyaWk9OSUzQTIwODA1ODc4JTNBMTUwMzYlM0EwMSUyRDA3JTJEMjAxNSUzQSIgd2lkdGg9IjMwMCIgaGVpZ2h0PSIxNTAwIj48L2lmcmFtZT4NCg0KJm5ic3A7DQoNCiZuYnNwOw==\";s:6:\"format\";s:6:\"base64\";}s:11:\"original_id\";a:2:{s:9:\"translate\";i:0;s:4:\"data\";i:3313;}s:10:\"categories\";a:3:{s:9:\"translate\";i:1;s:4:\"data\";s:45:\"\"TGF0ZXN0\",\"zpXPgM65zrrOsc65z4HPjM+EzrfPhM6x\"\";s:6:\"format\";s:10:\"csv_base64\";}s:12:\"category_ids\";a:2:{s:9:\"translate\";i:0;s:4:\"data\";s:3:\"4,7\";}}}','2015-07-01 16:53:46',0,NULL,0),
 (42,1346,10,1,0,'7c0883cc8baa088ce53ee9be274bef0a','local','a:2:{s:3:\"url\";s:38:\"http://www.thoughtforaction.org?p=3325\";s:8:\"contents\";a:5:{s:5:\"title\";a:3:{s:9:\"translate\";i:1;s:4:\"data\";s:56:\"zqTOvyDOoM61z4HOv8+NIM6gzqHOmc6dIM66zrHOuSDOnM6VzqTOkQ==\";s:6:\"format\";s:6:\"base64\";}s:4:\"body\";a:3:{s:9:\"translate\";i:1;s:4:\"data\";s:188:\"PGlmcmFtZSBzcmM9Imh0dHBzOi8vd3d3LnlvdXR1YmUuY29tL2VtYmVkL1ZNNkJnT0o0SEVNIiB3aWR0aD0iNTYwIiBoZWlnaHQ9IjUxNSIgZnJhbWVib3JkZXI9IjAiIGFsbG93ZnVsbHNjcmVlbj0iYWxsb3dmdWxsc2NyZWVuIj48L2lmcmFtZT4=\";s:6:\"format\";s:6:\"base64\";}s:11:\"original_id\";a:2:{s:9:\"translate\";i:0;s:4:\"data\";i:3325;}s:10:\"categories\";a:3:{s:9:\"translate\";i:1;s:4:\"data\";s:57:\"\"zpTPgc6sz4POtc65z4I=\",\"zpXPgM65zrrOsc65z4HPjM+EzrfPhM6x\"\";s:6:\"format\";s:10:\"csv_base64\";}s:12:\"category_ids\";a:2:{s:9:\"translate\";i:0;s:4:\"data\";s:5:\"130,7\";}}}','2015-07-07 16:23:20',0,NULL,0),
 (43,1352,10,1,0,'f794cd81af53c27611da6c31aee55e89','local','a:2:{s:3:\"url\";s:38:\"http://www.thoughtforaction.org?p=3332\";s:8:\"contents\";a:5:{s:5:\"title\";a:3:{s:9:\"translate\";i:1;s:4:\"data\";s:184:\"zp3Olc6fzqMgzpTOmc6RzpTOoc6RzqPOpM6ZzprOn86jIM6UzpnOkc6bzp/Ok86fzqMgfCDOlyDOv865zrrOv869zr/OvM65zrrOriDOus+Bzq/Pg863IM66zrHOuSDPhM6/IM+AzrHPgc6szrTOtc65zrPOvM6xIM+Ezr/PhSDOoM61z4HOv8+N\";s:6:\"format\";s:6:\"base64\";}s:4:\"body\";a:3:{s:9:\"translate\";i:1;s:4:\"data\";s:12408:\"[encoded data, 12408 characters]\";s:6:\"format\";s:6:\"base64\";}s:11:\"original_id\";a:2:{s:9:\"translate\";i:0;s:4:\"data\";i:3332;}s:10:\"categories\";a:3:{s:9:\"translate\";i:1;s:4:\"data\";s:22:\"\"zpTPgc6sz4POtc65z4I=\"\";s:6:\"format\";s:10:\"csv_base64\";}s:12:\"category_ids\";a:2:{s:9:\"translate\";i:0;s:4:\"data\";s:3:\"130\";}}}','2015-07-07 17:21:35',0,NULL,0),
 (44,1358,10,1,0,'ddff784aed568ae80c44b763c7911b34','local','a:2:{s:3:\"url\";s:38:\"http://www.thoughtforaction.org?p=3342\";s:8:\"contents\";a:5:{s:5:\"title\";a:3:{s:9:\"translate\";i:1;s:4:\"data\";s:84:\"V2l0aCBHcmVlY2UgaGF2aW5nIGFncmVlZCB0byBhIG11bHRpIGJpbGxpb24gZXVybyBiYWlsb3V0IGRlYWw=\";s:6:\"format\";s:6:\"base64\";}s:4:\"body\";a:3:{s:9:\"translate\";i:1;s:4:\"data\";s:448:\"QGttaWNoYWxvcyBhbmQgQEVsZW5hX1BhbmFyaXRpcyBzcG9rZSB0byBLZWVsaW4NCg0KPGEgaHJlZj0iaHR0cDovL3QuY28vZWZMZGo5NUxTRSIgdGFyZ2V0PSJfYmxhbmsiPjxpbWcgY2xhc3M9ImFsaWduY2VudGVyIHdwLWltYWdlLTMzNDMgc2l6ZS1tZWRpdW0iIHNyYz0iaHR0cDovL3d3dy50aG91Z2h0Zm9yYWN0aW9uLm9yZy93cC1jb250ZW50L3VwbG9hZHMvMjAxNS8wOC9TY3JlZW4tU2hvdC0yMDE1LTA4LTExLWF0LTIyLjQ0LjM1LTMwMHgxNzcucG5nIiBhbHQ9IlNjcmVlbiBTaG90IDIwMTUtMDgtMTEgYXQgMjIuNDQuMzUiIHdpZHRoPSIzMDAiIGhlaWdodD0iMTc3IiAvPjwvYT4=\";s:6:\"format\";s:6:\"base64\";}s:11:\"original_id\";a:2:{s:9:\"translate\";i:0;s:4:\"data\";i:3342;}s:10:\"categories\";a:3:{s:9:\"translate\";i:1;s:4:\"data\";s:10:\"\"TGF0ZXN0\"\";s:6:\"format\";s:10:\"csv_base64\";}s:12:\"category_ids\";a:2:{s:9:\"translate\";i:0;s:4:\"data\";s:1:\"4\";}}}','2015-08-11 22:47:05',0,NULL,0),
 (45,1373,9,0,0,'','','','2015-10-29 04:05:37',0,NULL,0);


--
-- Definition of table `wp_icl_translations`
--

